{"id":9131,"date":"2023-03-06T19:58:27","date_gmt":"2023-03-06T18:58:27","guid":{"rendered":"http:\/\/www.gcaudron.com\/?page_id=9131"},"modified":"2024-02-06T19:27:18","modified_gmt":"2024-02-06T18:27:18","slug":"lisbonne-le-13-janvier-2000","status":"publish","type":"page","link":"http:\/\/www.gcaudron.com\/?page_id=9131","title":{"rendered":"Lisbonne, le 13 janvier 2000"},"content":{"rendered":"\n<p>Quand j&rsquo;\u00e9tais enfant, il y avait la France et autour \u00ab\u00a0l&rsquo;\u00e9tranger\u00a0\u00bb.<\/p>\n\n\n\n<p>Aujourd&rsquo;hui \u00e0 Lisbonne o\u00f9 je suis aujourd&rsquo;hui, mais aussi \u00e0 Rome, Ath\u00e8nes, Helsinki\u2026 je suis, nous sommes chez nous.<\/p>\n\n\n\n<p>Telle \u00e9tait ma r\u00e9flexion au moment d&rsquo;atterrir sur Lisbonne en plein c\u0153ur de la Ville (ce qui est toujours impressionnant) apr\u00e8s 2h45 de vol \u00e0 partir de Bruxelles .<\/p>\n\n\n\n<p class=\"has-text-align-center\"><strong>________________________________________________<\/strong><\/p>\n\n\n\n<p>Notre r\u00e9union du bureau du groupe socialiste se tient dans le magnifique \u00e9difice du \u00ab&nbsp;S\u00e9nat&nbsp;\u00bb de l&rsquo;Assembl\u00e9e de la R\u00e9publique (quel beau nom&nbsp;!).<\/p>\n\n\n\n<p><strong>\u00c0 15h30, nous recevons Monsieur SEIXA de COSTA,&nbsp;<\/strong>Secr\u00e9taire d&rsquo;\u00c9tat aux Affaires Europ\u00e9ennes qui vient nous parler du programme de la Pr\u00e9sidence portugaise, un programme tr\u00e8s europ\u00e9en.&nbsp;<\/p>\n\n\n\n<p>Il plaide pour des institutions europ\u00e9ennes solides, une politique ext\u00e9rieure commune , des fronti\u00e8res ext\u00e9rieures s\u00fbres et renforc\u00e9es, un \u00e9largissement r\u00e9ussi.<\/p>\n\n\n\n<p>Il plaide un ordre du jour de la Conf\u00e9rence Intergouvernementale&nbsp; ambitieux et r\u00e9aliste.<\/p>\n\n\n\n<p>Le syst\u00e8me actuel est hybride, ni plus intergouvernemental, ni f\u00e9d\u00e9ral.<\/p>\n\n\n\n<p>Il faut en sortir sous peine de rater l&rsquo;\u00e9largissement.<\/p>\n\n\n\n<p>Au mieux, et si tout va bien, l&rsquo;\u00e9largissement ne commencera qu&rsquo;au d\u00e9but 2003 avec donc d\u00e9j\u00e0 un an de retard par rapport \u00e0 l&rsquo;Agenda 2000.<\/p>\n\n\n\n<p>&nbsp;&nbsp;&nbsp;&nbsp;&nbsp;&nbsp;&nbsp;&nbsp;&nbsp;&nbsp;&nbsp; Pour lui, 5 points, 5 bo\u00eetes<\/p>\n\n\n\n<p><strong>1 \u2013 Le reliquat d&rsquo;Amsterdam<\/strong><\/p>\n\n\n\n<p><strong>2 \u2013 Questions institutionnelles li\u00e9es<\/strong><\/p>\n\n\n\n<p>\u00b7&nbsp;&nbsp;&nbsp;&nbsp;&nbsp;&nbsp;&nbsp;&nbsp;&nbsp;Majorit\u00e9 et cod\u00e9cision<\/p>\n\n\n\n<p>\u00b7&nbsp;&nbsp;&nbsp;&nbsp;&nbsp;&nbsp;&nbsp;&nbsp;&nbsp;Personnalit\u00e9 juridique de l&rsquo;Uni<\/p>\n\n\n\n<p><strong>3 \u2013 Taille du Parlement Europ\u00e9en apr\u00e8s l&rsquo;\u00e9largissement<\/strong><\/p>\n\n\n\n<p><strong>4 \u2013 Cour des Comptes et Cour de Justice europ\u00e9ennes<\/strong><\/p>\n\n\n\n<p><strong>5 \u2013 Souhaits des \u00c9tats Membres<\/strong><\/p>\n\n\n\n<p>&nbsp; &nbsp; &nbsp; &nbsp; &nbsp; &nbsp; &nbsp; &nbsp; &nbsp; &nbsp; &nbsp; L&rsquo;agenda de la conf\u00e9rence sera finalement arr\u00eat\u00e9 en Conseil Europ\u00e9en.<\/p>\n\n\n\n<p>&nbsp; &nbsp; &nbsp; &nbsp; &nbsp; &nbsp; &nbsp; &nbsp; &nbsp; &nbsp; &nbsp; &nbsp; &nbsp; &nbsp; &nbsp; &nbsp; &nbsp; &nbsp; &nbsp; &nbsp; &nbsp; &nbsp; &nbsp; &nbsp; &nbsp; &nbsp; &nbsp; &nbsp; &nbsp; &nbsp; &nbsp; &nbsp; &nbsp; &nbsp; &nbsp; &nbsp; &nbsp; &nbsp; &nbsp; &nbsp; &nbsp; &nbsp; &nbsp; &nbsp; &nbsp; &nbsp; &nbsp; &nbsp; &nbsp; &nbsp; &nbsp; &nbsp; &nbsp; &nbsp; &nbsp; &nbsp; &nbsp; &nbsp; &nbsp;&#8212;&#8212;&#8212;&#8212;&#8212;&#8212;&#8212;&#8211;<\/p>\n\n\n\n<p>Dans le d\u00e9bat, j&rsquo;interviendrai sur trois points.<\/p>\n\n\n\n<p><strong>1 \u2013 Pour dire qu&rsquo;il fallait un programme ambitieux pour la prochaine CIG.<\/strong><\/p>\n\n\n\n<p>La modestie n&rsquo;est pas un facteur de succ\u00e8s&nbsp;!<\/p>\n\n\n\n<p>Il faut que le Portugal en discute avec la France.<\/p>\n\n\n\n<p><strong>2 \u2013 Le social est une priorit\u00e9 \u00e0 double titre<\/strong><\/p>\n\n\n\n<p>\u00b7&nbsp;&nbsp;&nbsp;&nbsp;&nbsp;&nbsp;&nbsp;&nbsp;&nbsp;Pour nous socialistes en terme de progr\u00e8s<\/p>\n\n\n\n<p>\u00b7&nbsp;&nbsp;&nbsp;&nbsp;&nbsp;&nbsp;&nbsp;&nbsp;&nbsp;Mais aussi tout simplement pour que le grand march\u00e9 fonctionne et ne se bloque pas. Sans harmonisation sociale, il est condamn\u00e9<\/p>\n\n\n\n<p><strong>3 \u2013 La lutte contre le ch\u00f4mage reste primordiale&nbsp;!<\/strong><\/p>\n\n\n\n<p>La croissance seule ne suffira pas, mais il y a un risque que les \u00c9tats et leurs gouvernements , y compris socialistes , s&rsquo;en contentent\u2026<\/p>\n\n\n\n<p class=\"has-text-align-center\"><strong>________________________________________________<\/strong><\/p>\n\n\n\n<p>Avec une remarque finale sur l&rsquo;innovation \u00e9voqu\u00e9 par le Secr\u00e9taire d&rsquo;\u00c9tat en terme de technologie.<\/p>\n\n\n\n<p><strong>Pour moi, on le sait, l&rsquo;innovation n&rsquo;est pas que technologique. On la retrouve dans tous les domaines en particulier humains, sociaux e<\/strong>t&nbsp;<strong>sociologiques.<\/strong><\/p>\n\n\n\n<p>&nbsp; &nbsp; &nbsp; &nbsp; &nbsp; &nbsp; &nbsp; &nbsp; &nbsp; &nbsp; &nbsp; &nbsp; &nbsp; &nbsp; &nbsp; &nbsp; &nbsp; &nbsp; &nbsp; &nbsp; &nbsp; &nbsp; &nbsp; &nbsp; &nbsp; &nbsp; &nbsp; &nbsp; &nbsp; &nbsp; &nbsp; &nbsp; &nbsp; &nbsp; &nbsp; &nbsp; &nbsp; &nbsp; &nbsp; &nbsp; &nbsp; &nbsp; &nbsp; &nbsp; &nbsp; &nbsp; &nbsp; &nbsp; &#8212;&#8212;&#8212;&#8212;&#8212;&#8212;&#8212;&#8211;<\/p>\n\n\n\n<p>Le d\u00e9bat et les interventions sont particuli\u00e8rement int\u00e9ressants.<\/p>\n\n\n\n<p>On note en particulier une r\u00e9ticence croissante vis-\u00e0-vis d&rsquo;un \u00e9largissement, trop rapide, mal contr\u00f4l\u00e9, et sans r\u00e9forme institutionnelle profonde de l&rsquo;Europe.<\/p>\n\n\n\n<p>&nbsp; &nbsp; &nbsp; &nbsp; &nbsp; &nbsp; &nbsp; &nbsp; &nbsp; &nbsp; &nbsp; &nbsp; &nbsp; &nbsp; &nbsp; &nbsp; &nbsp; &nbsp; &nbsp; &nbsp; &nbsp; &nbsp; &nbsp; &nbsp; &nbsp; &nbsp; &nbsp; &nbsp; &nbsp; &nbsp; &nbsp;&nbsp;<strong>LISBONNE LE 13 JANVIER 2000 \u2013 17h30<\/strong><\/p>\n\n\n\n<p><strong>Nous recevons maintenant le Ministre Feno RODRIGUES,&nbsp;<\/strong>Ministre du Travail du Travail et de la Solidarit\u00e9, pour la pr\u00e9paration du Sommet de l&rsquo;Emploi des 23 et 24 mars \u00e0 Lisbonne.<\/p>\n\n\n\n<p>L&rsquo;\u00e9conomie va bien.<\/p>\n\n\n\n<p>Raison de plus pour faire davantage pour l&#8217;emploi qui lui ne va pas aussi bien que l&rsquo;\u00e9conomie.<\/p>\n\n\n\n<p>Le taux de ch\u00f4mage reste \u00e9lev\u00e9 de l&rsquo;ordre de 10 %.<\/p>\n\n\n\n<p>Le taux d&#8217;emploi est lui plus faible.<\/p>\n\n\n\n<p>Il y a trop d&rsquo;exclusion sociale et trop de pauvret\u00e9 (ex. en Europe on compte pr\u00e8s de 3 millions de sans-abris), sans oublier le probl\u00e8me futur du financement des retraites.<\/p>\n\n\n\n<p>Avec 3 % de croissance, on cr\u00e9e des emplois mais pas encore suffisamment.<\/p>\n\n\n\n<p>Il faut donc autre chose\u2026<\/p>\n\n\n\n<p>Le Ministre n&rsquo;ira pour autant pas jusqu&rsquo;aux 35 heures\u2026<\/p>\n\n\n\n<p>Au demeurant , le discours et le projet sont ambitieux\u2026 La volont\u00e9 et la d\u00e9termination sont l\u00e0.<\/p>\n\n\n\n<p class=\"has-text-align-center\"><strong>________________________________________________<\/strong><\/p>\n\n\n\n<p>En marge, ce matin, j&rsquo;ai appris l&rsquo;annulation du d\u00e9placement pr\u00e9vu au Moyen-Orient.&nbsp;Vu ma charge de travail, cela m&rsquo;arrange plut\u00f4t\u2026<\/p>\n\n\n\n<p>Sur le fond, c&rsquo;est un nouvel \u00e9chec europ\u00e9en&nbsp;!<\/p>\n\n\n\n<p>Au fur et \u00e0 mesure de l&rsquo;organisation, on a vu le niveau de nos interlocuteurs propos\u00e9s , diminuer voire dispara\u00eetre\u2026 et ce n&rsquo;est pas la premi\u00e8re fois.<\/p>\n\n\n\n<p>&nbsp;Si on veut s&rsquo;en sortir, je propose&nbsp;<strong>une solution&nbsp;<\/strong>: une rencontre au plus haut niveau avec les isra\u00e9liens et bien leur dire que l&rsquo;on est avec eux\u2026 (ce sont eux qui ont en mains les clefs de la Paix).<\/p>\n\n\n\n<p>&nbsp; &nbsp;C&rsquo;est d&rsquo;ailleurs la technique de CLINTON qui soutient ISRA\u00cbL et qui, \u00e0 partir de l\u00e0, a la confiance des palestiniens qui savent que les USA peuvent contraindre ISRA\u00cbL \u00e0 faire des efforts&nbsp;!<\/p>\n\n\n\n<p>Les europ\u00e9ens \u00ab&nbsp;virevoltent&nbsp;\u00bb des uns aux autres, critiquent ISRA\u00cbL, ce qui fait plaisir aux palestiniens mais qui ne leur apporte rien de concret.<\/p>\n\n\n\n<p>&nbsp;Les r\u00e9sultats sont l\u00e0. Les premiers ne veulent pas nous voir et donc les seconds ne nous prennent pas au s\u00e9rieux.<\/p>\n\n\n\n<p>&nbsp;J&rsquo;entends essayer d&rsquo;en convaincre Enrique BARON CRESPO.<\/p>\n\n\n\n<p class=\"has-text-align-center\"><strong>________________________________________________<\/strong><\/p>\n\n\n\n<p><strong>LISBONNE LE 14 JANVIER 2000<\/strong><\/p>\n\n\n\n<p>Une belle soir\u00e9e typique et dense \u00e0 la fois dans un restaurant pr\u00e8s de la mer avec des tables bien compos\u00e9es.<\/p>\n\n\n\n<p>\u00c0 la mienne, le Ministre de la Recherche et de la Technologie, un homme, ouvert, aimable et comp\u00e9tent\u2026 et le Vice-Pr\u00e9sident du groupe socialiste portugais.<\/p>\n\n\n\n<p>On a beaucoup parl\u00e9 technologie et surtout d&rsquo;internet et de son r\u00f4le dans la soci\u00e9t\u00e9 et la vie publique\u2026 ce qui nous a permis d&rsquo;\u00e9changer nos exp\u00e9riences.<\/p>\n\n\n\n<p>\u00c0 suivre\u2026<\/p>\n\n\n\n<p class=\"has-text-align-center\"><strong>________________________________________________<\/strong><\/p>\n\n\n\n<p><strong>14 janvier 2000 \u2013 9h10 \u2013 Nous recevons le Commissaire Europ\u00e9en portugais et socialiste Antonio VITORINO, ancien d\u00e9put\u00e9 europ\u00e9en.<\/strong><\/p>\n\n\n\n<p>Il dit les difficult\u00e9s de mise en \u0153uvre d&rsquo;un espace europ\u00e9en de libert\u00e9 et de justice suite \u00e0 Temper\u00e9 .<\/p>\n\n\n\n<p>Il faut de la volont\u00e9 et surtout de la transparence, ce qui est souvent un peu contradictoire avec \u00ab&nbsp;la tradition&nbsp;\u00bb de la plupart des \u00c9tats.<\/p>\n\n\n\n<p>Il faut faire reposer le dispositif sur trois valeurs&nbsp;: Libert\u00e9, s\u00e9curit\u00e9, stabilit\u00e9.<\/p>\n\n\n\n<p>Pour lui aussi en cons\u00e9quence, \u00ab&nbsp;c&rsquo;est une grave erreur que d&rsquo;aborder la prochaine conf\u00e9rence intergouvernementale de mani\u00e8re minimaliste&nbsp;\u00bb&nbsp;!<\/p>\n\n\n\n<p>Voil\u00e0 qui est dit avec force&nbsp;!<\/p>\n\n\n\n<p>Autre difficult\u00e9&nbsp;: l&rsquo;adoption d&rsquo;une politique coh\u00e9rente en mati\u00e8re d&rsquo;immigration.<\/p>\n\n\n\n<p>Inutile d&rsquo;insister quand on connait l&rsquo;\u00e9tat des opinions publiques dans bon nombre d&rsquo;\u00c9tats de l&rsquo;Union, l&rsquo;Autriche bien s\u00fbr\u2026 mais pas seulement .<\/p>\n\n\n\n<p><strong>Ouvrant la discussion, Pervenche BERES dit le soutien du groupe socialiste et insiste sur l&rsquo;importance de la Charte des Droits fondamentaux.<\/strong><\/p>\n\n\n\n<p><strong>Il est 10h15 quand interviennent Fernando GOMES, Ministre de l&rsquo;Int\u00e9rieur, lui<\/strong>&nbsp;<strong>aussi ancien d\u00e9put\u00e9 europ\u00e9en et Maire de Porto, et E. CABRITA, Secr\u00e9taire d&rsquo;\u00c9tat \u00e0 la Justice.<\/strong><\/p>\n\n\n\n<p><strong>Rien de tr\u00e8s nouveau au regard de ce que vient de nous d\u00e9clarer le commissaire sinon la confirmation de la difficult\u00e9 de l&rsquo;exercice.<\/strong><\/p>\n\n\n\n<p><strong>Le Portugal, qui rappelons-le, a fait une superbe r\u00e9volution en 1974, la r\u00e9volution des \u0152illets, une r\u00e9volution non sanglante, soixante huitarde, apr\u00e8s un Salazar populiste et \u00a0\u00bb intelligent \u00a0\u00bb dans sa fa\u00e7on d&rsquo;imposer sa dictature.<\/strong><\/p>\n\n\n\n<p><strong>Ce Portugal qui a d\u00e9colonis\u00e9 sans drame et accueilli plus de 500.000 colons sans avoir aujourd&rsquo;hui de \u00ab&nbsp;pieds noirs&nbsp;\u00bb.<\/strong><\/p>\n\n\n\n<p><strong>&nbsp;<\/strong><strong>Oui, ce Portugal est bien plac\u00e9 pour parler des probl\u00e8mes de circulation et d&rsquo;immigration.<\/strong><\/p>\n\n\n\n<p><strong>&nbsp;<\/strong><strong>La Pr\u00e9sidence esp\u00e8re aboutir.<\/strong><\/p>\n\n\n\n<p>Autre dossier\u2026&nbsp;la lutte contre l&rsquo;immigration clandestine\u2026<\/p>\n\n\n\n<p><strong>&nbsp;<\/strong><strong>Difficile question&nbsp; !.<\/strong><\/p>\n\n\n\n<p class=\"has-text-align-center\"><strong>________________________________________________<\/strong><\/p>\n\n\n\n<p><strong>11h15 \u2013 C&rsquo;est le Premier Ministre, Antonio GUTERRES, par ailleurs, Pr\u00e9sident de l&rsquo;Internationale socialiste<\/strong><strong>, qui nous rejoint, un Premier Ministre victorieux et bien d\u00e9termin\u00e9.<\/strong><\/p>\n\n\n\n<p><strong>E. BARON CRESPO lui demande \u00e0 son tour de l&rsquo;ambition pour la prochaine CIG.<\/strong><\/p>\n\n\n\n<p><strong>Antonio GUTERRES dit l&rsquo;investissement europ\u00e9en du Portugal y compris en terme de personnalit\u00e9s portugaises envoy\u00e9es au Parlement Europ\u00e9en.<\/strong><\/p>\n\n\n\n<p><strong>Il plaide pour l&rsquo;Europe politique contre les \u00e9go\u00efsmes nationaux et se dit m\u00eame frustr\u00e9.<\/strong><\/p>\n\n\n\n<p><strong>Il veut donc \u00ab&nbsp;faire bouger&nbsp;\u00bb par petits pas \u00e0 l&rsquo;int\u00e9rieur d&rsquo;une grande strat\u00e9gie&nbsp;: doter l&rsquo;Europe d&rsquo;outil de d\u00e9cision efficace pour assurer la place en Europe dans le monde.<\/strong><\/p>\n\n\n\n<p><strong>Le Premier Ministre veut pour le futur une Europe int\u00e9gr\u00e9e, forte et puissante m\u00eame s&rsquo;il reconna\u00eet qu&rsquo;elle devra longtemps encore respecter les \u00c9tats.<\/strong><\/p>\n\n\n\n<p><strong>Enfin, il redit l&rsquo;importance de l&rsquo;\u00e9largissement pour la Paix et la D\u00e9mocratie.<\/strong><\/p>\n\n\n\n<p><strong>C&rsquo;est la condition \u00e0 long terme de notre s\u00e9curit\u00e9 \u00e0 condition d&rsquo;avoir les institutions solides qui le permettent.<\/strong><\/p>\n\n\n\n<p><strong>Je suis d&rsquo;accord.<\/strong><\/p>\n\n\n\n<p><strong>Bien entendu, en tant que Portugal, il plaide pour les liens \u00e9troits avec l&rsquo;Am\u00e9rique du Sud et l&rsquo;Am\u00e9rique Centrale.<\/strong><\/p>\n\n\n\n<p><strong>En tant que Pays du Sud, il plaide pour une coop\u00e9ration solidaire avec l&rsquo;Afrique, y compris par une ouverture plus grande de nos march\u00e9s \u00e0 leurs produits&nbsp;!<\/strong><\/p>\n\n\n\n<p><strong>Sur la CIG, le Premier Ministre conclut en disant son ambition mais en rappelant les contraintes lourdes qui s&rsquo;imposent \u00e0 lui.<\/strong><\/p>\n","protected":false},"excerpt":{"rendered":"<p>Quand j&rsquo;\u00e9tais enfant, il y avait la France et autour \u00ab\u00a0l&rsquo;\u00e9tranger\u00a0\u00bb. Aujourd&rsquo;hui \u00e0 Lisbonne o\u00f9 je suis aujourd&rsquo;hui, mais aussi \u00e0 Rome, Ath\u00e8nes, Helsinki\u2026 je suis, nous sommes chez nous. Telle \u00e9tait ma r\u00e9flexion au moment d&rsquo;atterrir sur Lisbonne en plein c\u0153ur de la Ville (ce qui est toujours impressionnant) apr\u00e8s 2h45 de vol \u00e0 &hellip; <\/p>\n<p><a class=\"more-link btn\" href=\"http:\/\/www.gcaudron.com\/?page_id=9131\">Continue reading<\/a><\/p>\n","protected":false},"author":3,"featured_media":0,"parent":8926,"menu_order":-84,"comment_status":"closed","ping_status":"closed","template":"template-onecolumn.php","meta":{"footnotes":""},"class_list":["post-9131","page","type-page","status-publish","hentry","nodate","item-wrap"],"_links":{"self":[{"href":"http:\/\/www.gcaudron.com\/index.php?rest_route=\/wp\/v2\/pages\/9131","targetHints":{"allow":["GET"]}}],"collection":[{"href":"http:\/\/www.gcaudron.com\/index.php?rest_route=\/wp\/v2\/pages"}],"about":[{"href":"http:\/\/www.gcaudron.com\/index.php?rest_route=\/wp\/v2\/types\/page"}],"author":[{"embeddable":true,"href":"http:\/\/www.gcaudron.com\/index.php?rest_route=\/wp\/v2\/users\/3"}],"replies":[{"embeddable":true,"href":"http:\/\/www.gcaudron.com\/index.php?rest_route=%2Fwp%2Fv2%2Fcomments&post=9131"}],"version-history":[{"count":1,"href":"http:\/\/www.gcaudron.com\/index.php?rest_route=\/wp\/v2\/pages\/9131\/revisions"}],"predecessor-version":[{"id":9132,"href":"http:\/\/www.gcaudron.com\/index.php?rest_route=\/wp\/v2\/pages\/9131\/revisions\/9132"}],"up":[{"embeddable":true,"href":"http:\/\/www.gcaudron.com\/index.php?rest_route=\/wp\/v2\/pages\/8926"}],"wp:attachment":[{"href":"http:\/\/www.gcaudron.com\/index.php?rest_route=%2Fwp%2Fv2%2Fmedia&parent=9131"}],"curies":[{"name":"wp","href":"https:\/\/api.w.org\/{rel}","templated":true}]}}