{"id":9107,"date":"2023-02-23T13:37:46","date_gmt":"2023-02-23T12:37:46","guid":{"rendered":"http:\/\/www.gcaudron.com\/?page_id=9107"},"modified":"2024-02-06T20:08:00","modified_gmt":"2024-02-06T19:08:00","slug":"4-fevrier-1977-ceci-nest-pas-un-carnet-retrouve","status":"publish","type":"page","link":"http:\/\/www.gcaudron.com\/?page_id=9107","title":{"rendered":"4 f\u00e9vrier 1977 : ceci n&rsquo;est pas un \u00ab\u00a0carnet retrouv\u00e9\u00a0\u00bb"},"content":{"rendered":"\n<p><strong>Ce n\u2019est pas, en effet, un \u00abcarnet retrouv\u00e9\u00bb mais le dernier paragraphe d\u2019un article de Nord \u00c9clair&nbsp;<\/strong>sign\u00e9 Pascal PERCQ qui \u00ab\u00a0me pr\u00e9sente\u00a0\u00bb aux villeneuvois(e)s un mois avant le premier tour des \u00c9lections Municipales de 1977 qui&nbsp; \u00abme feront Maire de Villeneuve d\u2019Ascq\u00bb pour la premi\u00e8re fois, un dernier paragraphe avec comme sous-titre \u00ab\u00c0 propos d\u2019une fusion avec Lille\u00bb.<\/p>\n\n\n\n<hr class=\"wp-block-separator has-alpha-channel-opacity\"\/>\n\n\n\n<p class=\"has-text-align-center\"><strong>\u00c0 propos d\u2019une fusion avec Lille<\/strong><\/p>\n\n\n\n<p>Il y a un sujet auquel on ne manquera pas de faire allusion au cours de cette campagne. Le fameux dossier de la \u00abfusion avec Lille\u00bb Pouvez-vous nous repr\u00e9ciser votre pens\u00e9e sur cette question&nbsp;?<\/p>\n\n\n\n<p><strong>\u00abJ\u2019ai dit tout \u00e0 l\u2019heure qu\u2019une des faiblesses de la Ville c\u2019est sa diversit\u00e9. Qu\u2019il faut que cela devienne sa richesse, son atout. Pour cela, il faut se battre contre une id\u00e9e :<\/strong><\/p>\n\n\n\n<p><strong>\u00abVilleneuve d\u2019Ascq&nbsp;<\/strong><strong>dans la banlieue lilloise\u00bb. Mais il ne suffit pas de le dire. Il faut que cela transparaisse dans une politique ,dans une pratique quotidienne et que cela soit reconnu par la population elle-m\u00eame.<\/strong><\/p>\n\n\n\n<p><strong>On ne r\u00e9ussira cette ville que si les gens ont envie de la r\u00e9ussir. Sur le th\u00e8me de la fusion en lui-m\u00eame d\u00e8s qu\u2019il en fut question, j\u2019ai \u00e9t\u00e9 tr\u00e8s net dans mes d\u00e9clarations. (C&rsquo;est NON!)<\/strong><\/p>\n\n\n\n<p><strong>&#8230;..<\/strong><\/p>\n\n\n\n<p><strong>Lille par ailleurs ne sortira pas de ses probl\u00e8mes en fusionnant. Et je dis \u00e7a, sans aucune agressivit\u00e9 \u00e0 l\u2019\u00e9gard de quiconque\u2026 il y a sans doute un nouvel \u00e9quilibre \u00e0 trouver. Nous sommes entre Lille et Roubaix\u2026<\/strong><\/p>\n\n\n\n<p><strong>\u00c0 Villeneuve d\u2019Ascq on peut inventer une nouvelle vie municipale \u00e0 partir des quartiers \u2013 pourquoi pas autonomes &#8211;&nbsp;? Face \u00e0 cela, encore une fois, pourquoi fusionner&nbsp;?<\/strong><\/p>\n\n\n\n<p>Propos recueillis par Pascal PERCQ<\/p>\n\n\n\n<p>4 f\u00e9vrier 1977<\/p>\n\n\n<div class=\"wp-block-image\">\n<figure class=\"aligncenter size-full\"><img loading=\"lazy\" decoding=\"async\" width=\"480\" height=\"640\" src=\"http:\/\/www.gcaudron.com\/wp-content\/uploads\/2023\/02\/IMG_6405-rotated.jpg\" alt=\"\" class=\"wp-image-9108\" srcset=\"http:\/\/www.gcaudron.com\/wp-content\/uploads\/2023\/02\/IMG_6405-rotated.jpg 480w, http:\/\/www.gcaudron.com\/wp-content\/uploads\/2023\/02\/IMG_6405-225x300.jpg 225w\" sizes=\"auto, (max-width: 480px) 100vw, 480px\" \/><\/figure>\n<\/div>","protected":false},"excerpt":{"rendered":"<p>Ce n\u2019est pas, en effet, un \u00abcarnet retrouv\u00e9\u00bb mais le dernier paragraphe d\u2019un article de Nord \u00c9clair&nbsp;sign\u00e9 Pascal PERCQ qui \u00ab\u00a0me pr\u00e9sente\u00a0\u00bb aux villeneuvois(e)s un mois avant le premier tour des \u00c9lections Municipales de 1977 qui&nbsp; \u00abme feront Maire de Villeneuve d\u2019Ascq\u00bb pour la premi\u00e8re fois, un dernier paragraphe avec comme sous-titre \u00ab\u00c0 propos d\u2019une &hellip; <\/p>\n<p><a class=\"more-link btn\" href=\"http:\/\/www.gcaudron.com\/?page_id=9107\">Continue reading<\/a><\/p>\n","protected":false},"author":3,"featured_media":0,"parent":8926,"menu_order":-56,"comment_status":"closed","ping_status":"closed","template":"template-onecolumn.php","meta":{"footnotes":""},"class_list":["post-9107","page","type-page","status-publish","hentry","nodate","item-wrap"],"_links":{"self":[{"href":"http:\/\/www.gcaudron.com\/index.php?rest_route=\/wp\/v2\/pages\/9107","targetHints":{"allow":["GET"]}}],"collection":[{"href":"http:\/\/www.gcaudron.com\/index.php?rest_route=\/wp\/v2\/pages"}],"about":[{"href":"http:\/\/www.gcaudron.com\/index.php?rest_route=\/wp\/v2\/types\/page"}],"author":[{"embeddable":true,"href":"http:\/\/www.gcaudron.com\/index.php?rest_route=\/wp\/v2\/users\/3"}],"replies":[{"embeddable":true,"href":"http:\/\/www.gcaudron.com\/index.php?rest_route=%2Fwp%2Fv2%2Fcomments&post=9107"}],"version-history":[{"count":2,"href":"http:\/\/www.gcaudron.com\/index.php?rest_route=\/wp\/v2\/pages\/9107\/revisions"}],"predecessor-version":[{"id":9110,"href":"http:\/\/www.gcaudron.com\/index.php?rest_route=\/wp\/v2\/pages\/9107\/revisions\/9110"}],"up":[{"embeddable":true,"href":"http:\/\/www.gcaudron.com\/index.php?rest_route=\/wp\/v2\/pages\/8926"}],"wp:attachment":[{"href":"http:\/\/www.gcaudron.com\/index.php?rest_route=%2Fwp%2Fv2%2Fmedia&parent=9107"}],"curies":[{"name":"wp","href":"https:\/\/api.w.org\/{rel}","templated":true}]}}