{"id":9103,"date":"2023-02-22T18:23:47","date_gmt":"2023-02-22T17:23:47","guid":{"rendered":"http:\/\/www.gcaudron.com\/?page_id=9103"},"modified":"2024-02-06T19:30:52","modified_gmt":"2024-02-06T18:30:52","slug":"dimanche-4-mai-2003-souvenirs-souvenirs","status":"publish","type":"page","link":"http:\/\/www.gcaudron.com\/?page_id=9103","title":{"rendered":"Dimanche 4 mai 2003: \u00ab\u00a0Souvenirs&#8230; souvenirs\u2026\u00a0\u00bb"},"content":{"rendered":"\n<p>Il y a 10 ans\u2026 et 2 jours\u2026 1<sup>er<\/sup>&nbsp;mai 1993, Pierre BEREGOVOY se donnait la mort&nbsp;: \u00ab\u00a0bouc \u00e9missaire\u00a0\u00bb de 12 ans d\u2019insatisfactions diverses, l\u00e2ch\u00e9 par ses \u00abamis politiques\u00bb, \u00ab\u00a0oubli\u00e9\u00a0\u00bb par le Pr\u00e9sident\u2026, il a pr\u00e9f\u00e9r\u00e9 \u00ab\u00a0tirer un trait\u00a0\u00bb . Je le comprends&nbsp;!<\/p>\n\n\n\n<p>Demain, lundi 5 mai, ce sera le premier anniversaire de l\u2019\u00c9lection triomphale d\u2019un Jacques CHIRAC d\u00e9barrass\u00e9 (comme par magie) de \u00ab\u00a0tous ses p\u00each\u00e9s \u00ab\u00a0\u2026 parce que les socialistes n\u2019ont pas su \u00eatre au deuxi\u00e8me tour des pr\u00e9sidentielles.<\/p>\n\n\n\n<p>&nbsp;C\u2019est tout un syst\u00e8me politique qui a fait faillite mais, l\u00e0 encore, on pr\u00e9f\u00e8rera chercher et pi\u00e9tiner des \u00a0\u00bb boucs \u00e9missaires \u00ab\u00a0\u2026dont je fus..;<\/p>\n\n\n\n<p>Demain toujours, je rencontre, en Assembl\u00e9e G\u00e9n\u00e9rale, les militants de \u00ab&nbsp;Rassemblement Citoyen&nbsp;\u00bb pour inscrire dans la dur\u00e9e un Mouvement conscient de la limite de ses moyens dans un syst\u00e8me qui privil\u00e9gie la loi du plus fort, une loi face \u00e0 laquelle la justesse des id\u00e9es et l\u2019honn\u00eatet\u00e9 \u00ab\u00a0p\u00e8sent de peu de poids\u00a0\u00bb\u2026<\/p>\n\n\n\n<p>Cette nuit, j\u2019ai \u00e9crit une chronique dans le cadre de la rubrique \u00ab&nbsp;Souvenir-Souvenir&nbsp;\u00bb\u2026<\/p>\n\n\n\n<p>(\u00abmon mai 68 \u00e0 moi&nbsp;!\u00bb)<\/p>\n\n\n\n<p>Cette ann\u00e9e marque en effet le 35<sup>\u00e8me<\/sup>&nbsp;anniversaire de \u00ab\u00a0ce mois mythique\u00a0\u00bb au 20<sup>\u00e8me<\/sup>&nbsp;si\u00e8cle\u2026<\/p>\n","protected":false},"excerpt":{"rendered":"<p>Il y a 10 ans\u2026 et 2 jours\u2026 1er&nbsp;mai 1993, Pierre BEREGOVOY se donnait la mort&nbsp;: \u00ab\u00a0bouc \u00e9missaire\u00a0\u00bb de 12 ans d\u2019insatisfactions diverses, l\u00e2ch\u00e9 par ses \u00abamis politiques\u00bb, \u00ab\u00a0oubli\u00e9\u00a0\u00bb par le Pr\u00e9sident\u2026, il a pr\u00e9f\u00e9r\u00e9 \u00ab\u00a0tirer un trait\u00a0\u00bb . Je le comprends&nbsp;! Demain, lundi 5 mai, ce sera le premier anniversaire de l\u2019\u00c9lection triomphale d\u2019un &hellip; <\/p>\n<p><a class=\"more-link btn\" href=\"http:\/\/www.gcaudron.com\/?page_id=9103\">Continue reading<\/a><\/p>\n","protected":false},"author":3,"featured_media":0,"parent":8926,"menu_order":-91,"comment_status":"closed","ping_status":"closed","template":"template-onecolumn.php","meta":{"footnotes":""},"class_list":["post-9103","page","type-page","status-publish","hentry","nodate","item-wrap"],"_links":{"self":[{"href":"http:\/\/www.gcaudron.com\/index.php?rest_route=\/wp\/v2\/pages\/9103","targetHints":{"allow":["GET"]}}],"collection":[{"href":"http:\/\/www.gcaudron.com\/index.php?rest_route=\/wp\/v2\/pages"}],"about":[{"href":"http:\/\/www.gcaudron.com\/index.php?rest_route=\/wp\/v2\/types\/page"}],"author":[{"embeddable":true,"href":"http:\/\/www.gcaudron.com\/index.php?rest_route=\/wp\/v2\/users\/3"}],"replies":[{"embeddable":true,"href":"http:\/\/www.gcaudron.com\/index.php?rest_route=%2Fwp%2Fv2%2Fcomments&post=9103"}],"version-history":[{"count":2,"href":"http:\/\/www.gcaudron.com\/index.php?rest_route=\/wp\/v2\/pages\/9103\/revisions"}],"predecessor-version":[{"id":9624,"href":"http:\/\/www.gcaudron.com\/index.php?rest_route=\/wp\/v2\/pages\/9103\/revisions\/9624"}],"up":[{"embeddable":true,"href":"http:\/\/www.gcaudron.com\/index.php?rest_route=\/wp\/v2\/pages\/8926"}],"wp:attachment":[{"href":"http:\/\/www.gcaudron.com\/index.php?rest_route=%2Fwp%2Fv2%2Fmedia&parent=9103"}],"curies":[{"name":"wp","href":"https:\/\/api.w.org\/{rel}","templated":true}]}}