{"id":9099,"date":"2023-02-21T19:28:16","date_gmt":"2023-02-21T18:28:16","guid":{"rendered":"http:\/\/www.gcaudron.com\/?page_id=9099"},"modified":"2024-02-06T19:36:33","modified_gmt":"2024-02-06T18:36:33","slug":"strasbourg-septembre-2003-une-semaine-de-session-pleniere-du-parlement-europeen","status":"publish","type":"page","link":"http:\/\/www.gcaudron.com\/?page_id=9099","title":{"rendered":"Strasbourg,\u00a0 Septembre 2003 &#8211; Une semaine de session pl\u00e9ni\u00e8re du Parlement Europ\u00e9en"},"content":{"rendered":"\n<p>A la t\u00e9l\u00e9vision, ce matin, une \u00ab\u00a0nouvelle\u00a0\u00bb : le gouvernement fran\u00e7ais plaide, \u00e0 sont tour, le \u00ab\u00a0principe de pr\u00e9caution\u00a0\u00bb pour les t\u00e9l\u00e9phones portables\u2026 en imposant l&rsquo;utilisation de \u00ab\u00a0l&rsquo;oreillette\u00a0\u00bb. (Dixit Nicole Fontaine)<\/p>\n\n\n\n<p>Voil\u00e0 qui valide, aujourd&rsquo;hui, les demandes r\u00e9p\u00e9t\u00e9es de celles et ceux qui, comme moi, ont d\u00e9nonc\u00e9 les risques pour la sant\u00e9 de cette technologie nouvelle.<\/p>\n\n\n\n<p>On nous disait alors m\u00e9chamment que nos craintes \u00e9taient hors de propos\u2026<\/p>\n\n\n\n<p><br>Aujourd&rsquo;hui, on nous donne raison\u2026 mais que de temps perdu ! \u2026 et quand les risques seront av\u00e9r\u00e9s\u2026 que de cons\u00e9quences graves en terme de sant\u00e9 !<\/p>\n\n\n\n<p>&nbsp; &nbsp; &nbsp; &nbsp; &nbsp; &nbsp; &nbsp; &nbsp; &nbsp; &nbsp; &nbsp; &nbsp; &nbsp; &nbsp;____________________________________________________________<\/p>\n\n\n\n<p>Autre nouvelle, cette fois-ci au niveau europ\u00e9en, concernant ITER et le projet de fusion thermo nucl\u00e9aire, le Conseil Comp\u00e9titivit\u00e9 du 22 septembre a report\u00e9 en novembre 2003 la d\u00e9cision quant au choix de la candidature europ\u00e9enne en terme de site d&rsquo;accueil entre Cadarache (en France) et Vandellos (en Espagne) (en n&rsquo;oubliant pas les candidatures de Clarington, au Canada, et Rokkasho, au Japon)\u2026 je continuerai bien s\u00fbr \u00e0 d\u00e9fendre le site de Cadarache en France comme je le fais depuis 2 ans que je travaille sur ce dossier<\/p>\n\n\n\n<p><br>Le Conseil a, par ailleurs, repr\u00e9cis\u00e9 le co\u00fbt d&rsquo;ITER : 4,570 milliards d&rsquo;euros pour la construction et un co\u00fbt total de l&rsquo;op\u00e9ration de 10,3 milliards d&rsquo;euros pour les 3 phases.<\/p>\n\n\n\n<p>_____________________________________________________<\/p>\n\n\n\n<p>En pl\u00e9ni\u00e8re, ce matin, on d\u00e9bat de l&rsquo;ouverture de la Conf\u00e9rence Inter &#8211; Gouvernementale sur le projet de Constitution Europ\u00e9enne&nbsp; \u00e9labor\u00e9 par la Convention.<\/p>\n\n\n\n<p><br>L&rsquo;ambiance est tr\u00e8s largement favorable et peu critique.<\/p>\n\n\n\n<p><br>Personnellement, on le sait :&nbsp;je suis, par principe, pour une Constitution mais&nbsp; je suis tr\u00e8s r\u00e9serv\u00e9 vis-\u00e0-vis du projet de Val\u00e9ry Giscard d&rsquo;Estaing, en particulier dans les domaines du social et de la citoyennet\u00e9<\/p>\n\n\n\n<p>&nbsp;Je souhaite donc que le Conf\u00e9rence Inter Gouvernementale modifie notablement ce projet<\/p>\n\n\n\n<p><br>Pour la petite histoire, la plupart des orateurs de droite plaideront pour une r\u00e9f\u00e9rence au caract\u00e8re jud\u00e9o-chr\u00e9tien de l&rsquo;Europe\u2026<\/p>\n\n\n\n<p><br>Vive la la\u00efcit\u00e9 ! (SIC)&nbsp;<\/p>\n\n\n\n<p>Apr\u00e8s le d\u00e9bat sur la CIG, on passe \u00e0 des votes importants parmi lesquels :&nbsp;<\/p>\n\n\n\n<ul class=\"wp-block-list\">\n<li>une r\u00e9solution sur l&rsquo;Irak que je voterai<\/li>\n<\/ul>\n\n\n\n<ul class=\"wp-block-list\">\n<li>un rapport sur la brevetabilit\u00e9 des logiciels contre lequel je voterai<\/li>\n<\/ul>\n\n\n\n<ul class=\"wp-block-list\">\n<li>une r\u00e9solution sur la Constitution Europ\u00e9enne et la CIG o\u00f9 je r\u00e9explique pourquoi donc j&rsquo;attends de la CIG des modifications \u00ab\u00a0notables\u00a0\u00bb<\/li>\n<\/ul>\n\n\n\n<p>Apr\u00e8s les votes, qui se termineront vers 13h45, nous avons une rencontre avec le Directeur G\u00e9n\u00e9ral de la Postes fran\u00e7aise.&nbsp;Les informations donn\u00e9es sont int\u00e9ressantes&nbsp;Les objectifs fix\u00e9s sont soutenables\u2026&nbsp;Pour autant, au sortir de ce d\u00e9bat, je reste un peu sur ma faim quant \u00e0 l&rsquo;avenir du service public dans ce domaine.<\/p>\n\n\n\n<p>A 16 heures, dans l&rsquo;Intergroupe \u00ab\u00a0Handicap\u00e9s\u00a0\u00bb, je continue un travail engag\u00e9 sur Villeneuve d&rsquo;Ascq il y a 27 ans.<\/p>\n\n\n\n<p>A 17 heures, dans l&rsquo;intergroupe \u00ab\u00a0Francophonie\u00a0\u00bb dont je suis membre, nous recevons et \u00e9coutons un \u00ab\u00a0grand homme\u00a0\u00bb : le Pr\u00e9sident Abdou Diouf, aujourd&rsquo;hui Secr\u00e9taire g\u00e9n\u00e9ral de la francophonie que j&rsquo;avais rencontr\u00e9, il y a 19 ans, \u00e0 Dakar quand il \u00e9tait Pr\u00e9sident du S\u00e9n\u00e9gal, lors d&rsquo;un grand rassemblement sur l&rsquo;Ile de Gor\u00e9e contre l&rsquo;apartheid.<\/p>\n\n\n\n<p><br><strong>Strasbourg, le 25 septembre 2003<\/strong><\/p>\n\n\n\n<p>Ce matin, en pl\u00e9ni\u00e8re, apr\u00e8s un petit d\u00e9jeuner de travail avec Madame la Maire de Strasbourg organis\u00e9 pour les d\u00e9put\u00e9s fran\u00e7ais sur le th\u00e8me de la place de Strasbourg en Europe, nous \u00e9coutons le nouveau m\u00e9diateur europ\u00e9en, M. Diamandouros, avant deux d\u00e9bats \u00ab\u00a0de routine\u00a0\u00bb sur des p\u00e9titions et sur la commissions des p\u00e9titions.<\/p>\n\n\n\n<p>A midi, on vote les derniers rapports de la semaine parmi lesquels une r\u00e9solution sur les r\u00e9sultats du Sommet de Cancun, ce qui me permet, en votant \u00ab\u00a0contre\u00a0\u00bb, d&rsquo;expliquer bri\u00e8vement pourquoi je me f\u00e9licite de cet \u00e9chec<\/p>\n\n\n\n<p>______________________________<\/p>\n\n\n\n<p>A 15 heures, on m&rsquo;a demand\u00e9 d&rsquo;intervenir pour 5 minutes au nom de la GUE\/NGL lors d&rsquo;une r\u00e9union conjointe du Parlement europ\u00e9en et du Conseil de l&rsquo;Europe sur le th\u00e8me : \u00ab\u00a0Incidence de la \u00ab\u00a0future\u00a0\u00bb Constitution Europ\u00e9enne sur la coop\u00e9ration entre l&rsquo;Union europ\u00e9enne et le Conseil de l&rsquo;Europe\u00a0\u00bb<\/p>\n","protected":false},"excerpt":{"rendered":"<p>A la t\u00e9l\u00e9vision, ce matin, une \u00ab\u00a0nouvelle\u00a0\u00bb : le gouvernement fran\u00e7ais plaide, \u00e0 sont tour, le \u00ab\u00a0principe de pr\u00e9caution\u00a0\u00bb pour les t\u00e9l\u00e9phones portables\u2026 en imposant l&rsquo;utilisation de \u00ab\u00a0l&rsquo;oreillette\u00a0\u00bb. (Dixit Nicole Fontaine) Voil\u00e0 qui valide, aujourd&rsquo;hui, les demandes r\u00e9p\u00e9t\u00e9es de celles et ceux qui, comme moi, ont d\u00e9nonc\u00e9 les risques pour la sant\u00e9 de cette technologie &hellip; <\/p>\n<p><a class=\"more-link btn\" href=\"http:\/\/www.gcaudron.com\/?page_id=9099\">Continue reading<\/a><\/p>\n","protected":false},"author":3,"featured_media":0,"parent":8926,"menu_order":-92,"comment_status":"closed","ping_status":"closed","template":"template-onecolumn.php","meta":{"footnotes":""},"class_list":["post-9099","page","type-page","status-publish","hentry","nodate","item-wrap"],"_links":{"self":[{"href":"http:\/\/www.gcaudron.com\/index.php?rest_route=\/wp\/v2\/pages\/9099","targetHints":{"allow":["GET"]}}],"collection":[{"href":"http:\/\/www.gcaudron.com\/index.php?rest_route=\/wp\/v2\/pages"}],"about":[{"href":"http:\/\/www.gcaudron.com\/index.php?rest_route=\/wp\/v2\/types\/page"}],"author":[{"embeddable":true,"href":"http:\/\/www.gcaudron.com\/index.php?rest_route=\/wp\/v2\/users\/3"}],"replies":[{"embeddable":true,"href":"http:\/\/www.gcaudron.com\/index.php?rest_route=%2Fwp%2Fv2%2Fcomments&post=9099"}],"version-history":[{"count":2,"href":"http:\/\/www.gcaudron.com\/index.php?rest_route=\/wp\/v2\/pages\/9099\/revisions"}],"predecessor-version":[{"id":9629,"href":"http:\/\/www.gcaudron.com\/index.php?rest_route=\/wp\/v2\/pages\/9099\/revisions\/9629"}],"up":[{"embeddable":true,"href":"http:\/\/www.gcaudron.com\/index.php?rest_route=\/wp\/v2\/pages\/8926"}],"wp:attachment":[{"href":"http:\/\/www.gcaudron.com\/index.php?rest_route=%2Fwp%2Fv2%2Fmedia&parent=9099"}],"curies":[{"name":"wp","href":"https:\/\/api.w.org\/{rel}","templated":true}]}}