{"id":9081,"date":"2023-02-17T13:52:40","date_gmt":"2023-02-17T12:52:40","guid":{"rendered":"http:\/\/www.gcaudron.com\/?page_id=9081"},"modified":"2024-02-06T19:51:24","modified_gmt":"2024-02-06T18:51:24","slug":"carnet-du-18-novembre-1991-sur-la-tvhd-television-haute-definition","status":"publish","type":"page","link":"http:\/\/www.gcaudron.com\/?page_id=9081","title":{"rendered":"Carnet du 18 novembre 1991 sur la TVHD (T\u00e9l\u00e9vision Haute D\u00e9finition)"},"content":{"rendered":"\n<p><strong>STRASBOURG ce 18 novembre :<\/strong><\/p>\n\n\n\n<p>Rapport TVHD oblige, je dois quitter Villeneuve d&rsquo;Ascq \u00e0 9 heures le matin pour \u00eatre \u00e0 Strasbourg \u00e0 14h<strong>.<\/strong><\/p>\n\n\n\n<p>Je passe sur les multiples r\u00e9unions et rencontres pour faire face \u00e0 toutes les man\u0153uvres et chausse-trapes destin\u00e9es \u00e0 faire \u00e9chouer mon rapport.<\/p>\n\n\n\n<p>Chaque minute apporte son lot de difficult\u00e9s nouvelles m\u00eame si le groupe socialiste de 15 h sera muet sur ce point et s&rsquo;enlisera dans les r\u00e9formes de son fonctionnement interne.<\/p>\n\n\n\n<p>17 h : la pl\u00e9ni\u00e8re commence avec un appel du Pr\u00e9sident en faveur de la lib\u00e9ration de Madame AUNG SAN SUU KYI.<\/p>\n\n\n\n<p>On nous annonce aussi la venue du Pr\u00e9sident MOUBARAK mercredi \u00e0 12h30.<\/p>\n\n\n\n<p>En ce qui concerne la Yougoslavie, le Parlement soutient la d\u00e9nonciation de l&rsquo;accord de coop\u00e9ration CEE-Yougoslavie d\u00e9cid\u00e9e par le Conseil le 8 Novembre dernier.<\/p>\n\n\n\n<p>21 h : nous ne sommes pas tr\u00e8s nombreux en s\u00e9ance quand je prends la parole pour 5 minutes en tant que rapporteur sur la TVHD.<\/p>\n\n\n\n<p><strong>&nbsp; &nbsp; &nbsp; &nbsp; &nbsp; &nbsp; &nbsp; &nbsp; &nbsp; &nbsp; &nbsp; &nbsp; &nbsp; &nbsp; &nbsp; &nbsp; &nbsp; &nbsp; &nbsp; &nbsp; &nbsp; &nbsp; &nbsp; &nbsp; &nbsp; &nbsp; &nbsp; &nbsp; &nbsp; &nbsp; &nbsp;Ci-apr\u00e8s, mon intervention<\/strong>&nbsp;:<\/p>\n\n\n\n<p><em>Monsieur le Pr\u00e9sident,&nbsp;<\/em><em><\/em><\/p>\n\n\n\n<p><em>Mes Chers Coll\u00e8gues,&nbsp;<\/em><em><\/em><\/p>\n\n\n\n<p><em>Quand j&rsquo;ai \u00e9t\u00e9 saisi en juillet dernier du projet de directive portant sur les \u00ab\u00a0normes pour la diffusion par satellite de signaux de t\u00e9l\u00e9vision\u00a0\u00bb, c&rsquo;est \u00e0 dire sur l&rsquo;Avenir du HDMAC et du D2MAC, j&rsquo;avais quatre convictions fortes :&nbsp;<\/em><em><\/em><\/p>\n\n\n\n<p><em><u>1<sup>\u00e8re<\/sup>&nbsp;conviction<\/u><\/em><em>&nbsp;:&nbsp;<\/em><em><\/em><\/p>\n\n\n\n<p><em>L&rsquo;Europe a fait le choix en 1986 d&rsquo;une norme europ\u00e9enne de t\u00e9l\u00e9vision haute d\u00e9finition \u00ab\u00a0HDMAC\u00a0\u00bb et d&rsquo;une norme interm\u00e9diaire D2MAC face et contre la norme japonaise MUSE<\/em><em><\/em><\/p>\n\n\n\n<p><em><u>2<sup>\u00e8me<\/sup>&nbsp;conviction<\/u><\/em><em>&nbsp;:&nbsp;<\/em><em><\/em><\/p>\n\n\n\n<p><em>5 ans apr\u00e8s, l&rsquo;Europe garde dans ce domaine une avance certaine sur les japonais et sur les am\u00e9ricains<\/em><em><\/em><\/p>\n\n\n\n<p><em><u>3<sup>\u00e8me<\/sup>&nbsp;conviction<\/u><\/em><em>&nbsp;:&nbsp;<\/em><em><\/em><\/p>\n\n\n\n<p><em>L&rsquo;Europe doit vite et fort confirmer sa d\u00e9termination avec une nouvelle directive qui tienne compte de l&rsquo;exp\u00e9rience acquise<\/em><em><\/em><\/p>\n\n\n\n<p><em><u>4<sup>\u00e8me<\/sup>&nbsp;conviction<\/u><\/em><em>&nbsp;:&nbsp;<\/em><em><\/em><\/p>\n\n\n\n<p><em>L&rsquo;Europe peut et doit avec ce dossier confirmer :&nbsp;<\/em><em><\/em><\/p>\n\n\n\n<ul class=\"wp-block-list\">\n<li><em>Sa volont\u00e9 industrielle,&nbsp;<\/em><em><\/em><\/li>\n\n\n\n<li><em>Sa volont\u00e9 culturelle,&nbsp;<\/em><em><\/em><\/li>\n\n\n\n<li><em>Sa volont\u00e9 politique.<\/em><em><\/em><\/li>\n<\/ul>\n\n\n\n<p><strong><em>&nbsp; &nbsp; &nbsp; &nbsp; &nbsp; &nbsp; &nbsp; &nbsp; &nbsp; &nbsp; &nbsp;C&rsquo;est sur ces bases et dans cet esprit<\/em><\/strong><em><strong>&nbsp;que j&rsquo;ai travaill\u00e9<\/strong>.<\/em><\/p>\n\n\n\n<p><em>Je me suis employ\u00e9 \u00e0 d\u00e9velopper le d\u00e9bat et la discussion par tous les moyens avec une dizaine de longues r\u00e9unions et une grande audition publique de toutes les parties et partenaires concern\u00e9s.<\/em><\/p>\n\n\n\n<p><em>Ce soir<\/em><em>, 5 mois apr\u00e8s, je pense que le niveau d&rsquo;information de chacun a progress\u00e9 et que bien des id\u00e9es \u00a0\u00bb toutes faites\u00a0\u00bb de part et d&rsquo;autre se sont vues ramener \u00e0 un plus juste niveau m\u00eame si nous avons pu mesurer et<strong>&nbsp;c<\/strong>onstater le d\u00e9cha\u00eenement des lobbys, les man\u0153uvres de toutes natures, le poids des int\u00e9r\u00eats nationaux, les rapports complexes avec les m\u00e9dias.<\/em><\/p>\n\n\n\n<p><em>Aujourd&rsquo;hui, tout le monde ou presque se dit pour \u00ab\u00a0la t\u00e9l\u00e9vision haute d\u00e9finition\u00a0\u00bb m\u00eame si derri\u00e8re ces d\u00e9clarations, il y a des arri\u00e8res pens\u00e9es contraires \u00e0 ce discours et beaucoup de difficult\u00e9s \u00e0 r\u00e9soudre encore.<\/em><\/p>\n\n\n\n<p><em>L&rsquo;aspect financier du dossier a \u00e9t\u00e9 aussi d\u00e9battu : c&rsquo;est vrai que les cr\u00e9dits n\u00e9cessaires ne sont pas n\u00e9gligeables, mais ils sont bien modestes au regard d&rsquo;autres d\u00e9penses europ\u00e9ennes, mais surtout au regard des emplois concern\u00e9s et de l&rsquo;int\u00e9r\u00eat des consommateurs qui n\u00e9cessitent tous des financements publics.<\/em><\/p>\n\n\n\n<p><em>Le Parlement va se prononcer sur le projet de directive, sur mon rapport et sur les amendements.<\/em><\/p>\n\n\n\n<p><em>J&rsquo;esp\u00e8re que les perspectives claires seront trac\u00e9es avec un calendrier.<\/em><\/p>\n\n\n\n<p><em>Il faudra ensuite une volont\u00e9 politique europ\u00e9enne forte pour garder notre avance et pour \u00e9viter que les japonais ne r\u00e9alisent \u00e0 notre place nos id\u00e9es et projets.<\/em><\/p>\n\n\n\n<p><em>Je suis de ceux qui refusent une Europe qui se contente de n\u00e9gocier \u00e0 coups de quotas les conditions de sa capitulation\u2026&nbsp;comme pour l&rsquo;Automobile.<\/em><\/p>\n\n\n\n<p><em>La T\u00e9l\u00e9vision Haute D\u00e9finition et sa norme interm\u00e9diaire D2MAC qui permettent un passage progressif du t\u00e9l\u00e9viseur 4\/3 en PAL ou SECAM au t\u00e9l\u00e9viseur 16\/9 avec une image haute d\u00e9finition sont des enjeux culturels, industriels et politiques majeurs.<\/em><\/p>\n\n\n\n<p><em>C&rsquo;est un domaine o\u00f9 nous sommes en pointe<\/em><em>.<\/em><\/p>\n\n\n\n<p><em>Des milliers d&#8217;emplois et des centaines de milliards d&rsquo;\u00e9cus de chiffre d&rsquo;affaires tout comme notre industrie \u00e9lectronique, sont en jeu.<\/em><\/p>\n\n\n\n<p><strong><em>La T\u00e9l\u00e9vision Haute D\u00e9finition (TVHD)<\/em><\/strong><\/p>\n\n\n\n<p><em>C&rsquo;est une nouvelle TV pour les particuliers,&nbsp; c<\/em><em>&lsquo;est un nouveau rapport avec le cin\u00e9ma,<\/em><\/p>\n\n\n\n<p><em>mais c&rsquo;est aussi une nouvelle forme d&rsquo;expression culturelle et sportive collective gr\u00e2ce aux retransmissions simultan\u00e9es sur grand \u00e9cran.<\/em><\/p>\n\n\n\n<p><em>Apr\u00e8s 5 mois de d\u00e9bats difficiles, la Commission \u00c9conomique, Mon\u00e9taire et Politique Industrielle a adopt\u00e9 par 20 voix contre 7, un texte plus ferme sur les objectifs que le projet de la commission m<\/em><em>ais plus souple dans son application, p<\/em><em>lus \u00e9tal\u00e9 dans le temps, r\u00e9visable en cas de besoin compte-tenu des \u00e9volutions technologiques et financi\u00e8res,<\/em><\/p>\n\n\n\n<p><em>C&rsquo;est un compromis<\/em><em>&nbsp;qui a n\u00e9cessit\u00e9 beaucoup de bonne volont\u00e9.<\/em><\/p>\n\n\n\n<p><em>Sur ce dossier complexe, le Parlement a, \u00e0 ce jour, bien travaill\u00e9 et si&nbsp; n<\/em><em>otre texte n&rsquo;est certes pas parfait ,<\/em><\/p>\n\n\n\n<p><em>il a le m\u00e9rite d&rsquo;exister.<\/em><\/p>\n\n\n\n<p><strong><em>J&rsquo;esp\u00e8re donc qu&rsquo;il sera vot\u00e9.&nbsp;<\/em><\/strong><\/p>\n\n\n\n<p><em>C&rsquo;est un compromis qui a sa coh\u00e9rence<\/em><em>&nbsp;et c&rsquo;est pourquoi je ne pourrai accepter les amendements qui le videraient de sa substance.<\/em><\/p>\n\n\n\n<p><em>Si nous voulons une Europe puissante industriellement et donc socialement, il faut nous en donner les moyens l\u00e9gislatifs et financiers.<\/em><\/p>\n\n\n\n<p><em>Merci par avance \u00e0 mes coll\u00e8gues dans le d\u00e9bat et par leurs votes de montrer que nous savons mettre en coh\u00e9rence nos discours, nos principes et nos d\u00e9cisions.<\/em><\/p>\n\n\n\n<p><em>Le 19 novembre 1991,<\/em><\/p>\n\n\n\n<p><em>G\u00e9rard CAUDRON<\/em><\/p>\n","protected":false},"excerpt":{"rendered":"<p>STRASBOURG ce 18 novembre : Rapport TVHD oblige, je dois quitter Villeneuve d&rsquo;Ascq \u00e0 9 heures le matin pour \u00eatre \u00e0 Strasbourg \u00e0 14h. Je passe sur les multiples r\u00e9unions et rencontres pour faire face \u00e0 toutes les man\u0153uvres et chausse-trapes destin\u00e9es \u00e0 faire \u00e9chouer mon rapport. Chaque minute apporte son lot de difficult\u00e9s nouvelles &hellip; <\/p>\n<p><a class=\"more-link btn\" href=\"http:\/\/www.gcaudron.com\/?page_id=9081\">Continue reading<\/a><\/p>\n","protected":false},"author":3,"featured_media":0,"parent":8926,"menu_order":-72,"comment_status":"closed","ping_status":"closed","template":"template-onecolumn.php","meta":{"footnotes":""},"class_list":["post-9081","page","type-page","status-publish","hentry","nodate","item-wrap"],"_links":{"self":[{"href":"http:\/\/www.gcaudron.com\/index.php?rest_route=\/wp\/v2\/pages\/9081","targetHints":{"allow":["GET"]}}],"collection":[{"href":"http:\/\/www.gcaudron.com\/index.php?rest_route=\/wp\/v2\/pages"}],"about":[{"href":"http:\/\/www.gcaudron.com\/index.php?rest_route=\/wp\/v2\/types\/page"}],"author":[{"embeddable":true,"href":"http:\/\/www.gcaudron.com\/index.php?rest_route=\/wp\/v2\/users\/3"}],"replies":[{"embeddable":true,"href":"http:\/\/www.gcaudron.com\/index.php?rest_route=%2Fwp%2Fv2%2Fcomments&post=9081"}],"version-history":[{"count":1,"href":"http:\/\/www.gcaudron.com\/index.php?rest_route=\/wp\/v2\/pages\/9081\/revisions"}],"predecessor-version":[{"id":9082,"href":"http:\/\/www.gcaudron.com\/index.php?rest_route=\/wp\/v2\/pages\/9081\/revisions\/9082"}],"up":[{"embeddable":true,"href":"http:\/\/www.gcaudron.com\/index.php?rest_route=\/wp\/v2\/pages\/8926"}],"wp:attachment":[{"href":"http:\/\/www.gcaudron.com\/index.php?rest_route=%2Fwp%2Fv2%2Fmedia&parent=9081"}],"curies":[{"name":"wp","href":"https:\/\/api.w.org\/{rel}","templated":true}]}}

Carnet du 18 novembre 1991 sur la TVHD (Télévision Haute Définition)

<p><strong>STRASBOURG ce 18 novembre :</strong></p>



<p>Rapport TVHD oblige, je dois quitter Villeneuve d&rsquo;Ascq à 9 heures le matin pour être à Strasbourg à 14h<strong>.</strong></p>



<p>Je passe sur les multiples réunions et rencontres pour faire face à toutes les manœuvres et chausse-trapes destinées à faire échouer mon rapport.</p>



<p>Chaque minute apporte son lot de difficultés nouvelles même si le groupe socialiste de 15 h sera muet sur ce point et s&rsquo;enlisera dans les réformes de son fonctionnement interne.</p>



<p>17 h : la plénière commence avec un appel du Président en faveur de la libération de Madame AUNG SAN SUU KYI.</p>



<p>On nous annonce aussi la venue du Président MOUBARAK mercredi à 12h30.</p>



<p>En ce qui concerne la Yougoslavie, le Parlement soutient la dénonciation de l&rsquo;accord de coopération CEE-Yougoslavie décidée par le Conseil le 8 Novembre dernier.</p>



<p>21 h : nous ne sommes pas très nombreux en séance quand je prends la parole pour 5 minutes en tant que rapporteur sur la TVHD.</p>



<p><strong>&nbsp; &nbsp; &nbsp; &nbsp; &nbsp; &nbsp; &nbsp; &nbsp; &nbsp; &nbsp; &nbsp; &nbsp; &nbsp; &nbsp; &nbsp; &nbsp; &nbsp; &nbsp; &nbsp; &nbsp; &nbsp; &nbsp; &nbsp; &nbsp; &nbsp; &nbsp; &nbsp; &nbsp; &nbsp; &nbsp; &nbsp;Ci-après, mon intervention</strong>&nbsp;:</p>



<p><em>Monsieur le Président,&nbsp;</em><em></em></p>



<p><em>Mes Chers Collègues,&nbsp;</em><em></em></p>



<p><em>Quand j&rsquo;ai été saisi en juillet dernier du projet de directive portant sur les « normes pour la diffusion par satellite de signaux de télévision », c&rsquo;est à dire sur l&rsquo;Avenir du HDMAC et du D2MAC, j&rsquo;avais quatre convictions fortes :&nbsp;</em><em></em></p>



<p><em><u>1<sup>ère</sup>&nbsp;conviction</u></em><em>&nbsp;:&nbsp;</em><em></em></p>



<p><em>L&rsquo;Europe a fait le choix en 1986 d&rsquo;une norme européenne de télévision haute définition « HDMAC » et d&rsquo;une norme intermédiaire D2MAC face et contre la norme japonaise MUSE</em><em></em></p>



<p><em><u>2<sup>ème</sup>&nbsp;conviction</u></em><em>&nbsp;:&nbsp;</em><em></em></p>



<p><em>5 ans après, l&rsquo;Europe garde dans ce domaine une avance certaine sur les japonais et sur les américains</em><em></em></p>



<p><em><u>3<sup>ème</sup>&nbsp;conviction</u></em><em>&nbsp;:&nbsp;</em><em></em></p>



<p><em>L&rsquo;Europe doit vite et fort confirmer sa détermination avec une nouvelle directive qui tienne compte de l&rsquo;expérience acquise</em><em></em></p>



<p><em><u>4<sup>ème</sup>&nbsp;conviction</u></em><em>&nbsp;:&nbsp;</em><em></em></p>



<p><em>L&rsquo;Europe peut et doit avec ce dossier confirmer :&nbsp;</em><em></em></p>



<ul class="wp-block-list">
<li><em>Sa volonté industrielle,&nbsp;</em><em></em></li>



<li><em>Sa volonté culturelle,&nbsp;</em><em></em></li>



<li><em>Sa volonté politique.</em><em></em></li>
</ul>



<p><strong><em>&nbsp; &nbsp; &nbsp; &nbsp; &nbsp; &nbsp; &nbsp; &nbsp; &nbsp; &nbsp; &nbsp;C&rsquo;est sur ces bases et dans cet esprit</em></strong><em><strong>&nbsp;que j&rsquo;ai travaillé</strong>.</em></p>



<p><em>Je me suis employé à développer le débat et la discussion par tous les moyens avec une dizaine de longues réunions et une grande audition publique de toutes les parties et partenaires concernés.</em></p>



<p><em>Ce soir</em><em>, 5 mois après, je pense que le niveau d&rsquo;information de chacun a progressé et que bien des idées  » toutes faites » de part et d&rsquo;autre se sont vues ramener à un plus juste niveau même si nous avons pu mesurer et<strong>&nbsp;c</strong>onstater le déchaînement des lobbys, les manœuvres de toutes natures, le poids des intérêts nationaux, les rapports complexes avec les médias.</em></p>



<p><em>Aujourd&rsquo;hui, tout le monde ou presque se dit pour « la télévision haute définition » même si derrière ces déclarations, il y a des arrières pensées contraires à ce discours et beaucoup de difficultés à résoudre encore.</em></p>



<p><em>L&rsquo;aspect financier du dossier a été aussi débattu : c&rsquo;est vrai que les crédits nécessaires ne sont pas négligeables, mais ils sont bien modestes au regard d&rsquo;autres dépenses européennes, mais surtout au regard des emplois concernés et de l&rsquo;intérêt des consommateurs qui nécessitent tous des financements publics.</em></p>



<p><em>Le Parlement va se prononcer sur le projet de directive, sur mon rapport et sur les amendements.</em></p>



<p><em>J&rsquo;espère que les perspectives claires seront tracées avec un calendrier.</em></p>



<p><em>Il faudra ensuite une volonté politique européenne forte pour garder notre avance et pour éviter que les japonais ne réalisent à notre place nos idées et projets.</em></p>



<p><em>Je suis de ceux qui refusent une Europe qui se contente de négocier à coups de quotas les conditions de sa capitulation…&nbsp;comme pour l&rsquo;Automobile.</em></p>



<p><em>La Télévision Haute Définition et sa norme intermédiaire D2MAC qui permettent un passage progressif du téléviseur 4/3 en PAL ou SECAM au téléviseur 16/9 avec une image haute définition sont des enjeux culturels, industriels et politiques majeurs.</em></p>



<p><em>C&rsquo;est un domaine où nous sommes en pointe</em><em>.</em></p>



<p><em>Des milliers d&#8217;emplois et des centaines de milliards d&rsquo;écus de chiffre d&rsquo;affaires tout comme notre industrie électronique, sont en jeu.</em></p>



<p><strong><em>La Télévision Haute Définition (TVHD)</em></strong></p>



<p><em>C&rsquo;est une nouvelle TV pour les particuliers,&nbsp; c</em><em>&lsquo;est un nouveau rapport avec le cinéma,</em></p>



<p><em>mais c&rsquo;est aussi une nouvelle forme d&rsquo;expression culturelle et sportive collective grâce aux retransmissions simultanées sur grand écran.</em></p>



<p><em>Après 5 mois de débats difficiles, la Commission Économique, Monétaire et Politique Industrielle a adopté par 20 voix contre 7, un texte plus ferme sur les objectifs que le projet de la commission m</em><em>ais plus souple dans son application, p</em><em>lus étalé dans le temps, révisable en cas de besoin compte-tenu des évolutions technologiques et financières,</em></p>



<p><em>C&rsquo;est un compromis</em><em>&nbsp;qui a nécessité beaucoup de bonne volonté.</em></p>



<p><em>Sur ce dossier complexe, le Parlement a, à ce jour, bien travaillé et si&nbsp; n</em><em>otre texte n&rsquo;est certes pas parfait ,</em></p>



<p><em>il a le mérite d&rsquo;exister.</em></p>



<p><strong><em>J&rsquo;espère donc qu&rsquo;il sera voté.&nbsp;</em></strong></p>



<p><em>C&rsquo;est un compromis qui a sa cohérence</em><em>&nbsp;et c&rsquo;est pourquoi je ne pourrai accepter les amendements qui le videraient de sa substance.</em></p>



<p><em>Si nous voulons une Europe puissante industriellement et donc socialement, il faut nous en donner les moyens législatifs et financiers.</em></p>



<p><em>Merci par avance à mes collègues dans le débat et par leurs votes de montrer que nous savons mettre en cohérence nos discours, nos principes et nos décisions.</em></p>



<p><em>Le 19 novembre 1991,</em></p>



<p><em>Gérard CAUDRON</em></p>

<p>STRASBOURG ce 18 novembre : Rapport TVHD oblige, je dois quitter Villeneuve d&rsquo;Ascq à 9 heures le matin pour être à Strasbourg à 14h. Je passe sur les multiples réunions et rencontres pour faire face à toutes les manœuvres et chausse-trapes destinées à faire échouer mon rapport. Chaque minute apporte son lot de difficultés nouvelles &hellip; </p>
<p><a class="more-link btn" href="http://www.gcaudron.com/?page_id=9081">Continue reading</a></p>
