{"id":9063,"date":"2023-02-15T19:05:05","date_gmt":"2023-02-15T18:05:05","guid":{"rendered":"http:\/\/www.gcaudron.com\/?page_id=9063"},"modified":"2024-02-06T20:04:43","modified_gmt":"2024-02-06T19:04:43","slug":"strasbourg-le-12-septembre-1989-au-parlement-europeen-3-mois-donc-apres-mon-election","status":"publish","type":"page","link":"http:\/\/www.gcaudron.com\/?page_id=9063","title":{"rendered":"Strasbourg &#8211; Le 12 Septembre 1989 au Parlement Europ\u00e9en 3 mois donc apr\u00e8s mon \u00e9lection"},"content":{"rendered":"\n<p>Lourde journ\u00e9e que ce mardi 12 septembre 1989, 3 mois apr\u00e8s mon \u00e9lection au Parlement Europ\u00e9en.<\/p>\n\n\n\n<p>Un vrai parcours du combattant. Des r\u00e9unions qui s&rsquo;entrecroisent, des rencontres impromptues, des s\u00e9ances pl\u00e9ni\u00e8res que l&rsquo;on voudrait suivre, des r\u00e9unions de commissions, des commissions interparlementaires qui s&rsquo;installent.<\/p>\n\n\n\n<p>Difficile de faire les bons choix pour le nouveau d\u00e9put\u00e9 qui apprend son m\u00e9tier.<\/p>\n\n\n\n<p>Quelques moments forts parmi d&rsquo;autres&nbsp;:&nbsp;<\/p>\n\n\n\n<p><br>1.&nbsp;&nbsp;&nbsp;La venue et l&rsquo;intervention&nbsp;du Ministre Michel CHARASSE pr\u00e9sentant les esquisses du budget 1990.&nbsp; &nbsp; &nbsp;Dans son style, il r\u00e9pond, il affronte, il \u00e9vite.<\/p>\n\n\n\n<p>Un bel exercice parlementaire mais au niveau des informations concr\u00e8tes quant \u00e0 la mani\u00e8re de donner plus de poids financier \u00e0 l&rsquo;Europe, je reste sur ma faim et je n&rsquo;ai pas appris grand-chose.<\/p>\n\n\n\n<p>Mr PANNELA, radical italien, \u00ab\u00a0grand amateur de spectacles et grand acteur\u00a0\u00bb, a tenu \u00e0 f\u00e9liciter le Ministre pour sa prestation.<\/p>\n\n\n\n<p><br>2.&nbsp;&nbsp;&nbsp;Mon \u00ab\u00a0d\u00e9bat\u00a0\u00bb tr\u00e8s pointu avec Edith CRESSON, Ministre des Affaires Europ\u00e9ennes.&nbsp;Elle maitrise bien son sujet, r\u00e9pond avec pr\u00e9cision. C&rsquo;est une europ\u00e9enne convaincue et souvent convaincante.<\/p>\n\n\n\n<p>&nbsp;3.&nbsp;&nbsp;&nbsp;Des d\u00e9bats sur plusieurs directives devant des auditoires clairsem\u00e9s du fait des autres r\u00e9unions en parall\u00e8le:&nbsp;mesures en mati\u00e8re d&rsquo;hygi\u00e8ne et de s\u00e9curit\u00e9 du travail,&nbsp;indemnisation des victimes de la violence, et m\u00eame&nbsp; \u00ab\u00a0le statut des transsexuels\u00a0\u00bb.<\/p>\n\n\n\n<p>&nbsp;Chacun y va de sa formule, de son id\u00e9ologie, de ses int\u00e9r\u00eats ou de ses&nbsp; pr\u00e9occupations politiques nationales.<\/p>\n\n\n\n<p>Un exemple parmi d&rsquo;autre&nbsp;: pour l&rsquo;extr\u00eame-droite&nbsp;: \u00ab&nbsp;la d\u00e9marche des transsexuels est subversive&nbsp;\u00bb.(fermez le ban!)<\/p>\n\n\n\n<p>En marge de ces d\u00e9bats&nbsp;:&nbsp;<\/p>\n\n\n\n<p>&nbsp;a)&nbsp;&nbsp;&nbsp;<strong>Une discussion<\/strong>&nbsp;de fond avec Claude CHEYSSON sur les th\u00e8mes d&rsquo;\u00e9largissement de la CEE et \u00ab\u00a0les dangers&nbsp; des demandes autrichiennes et turques pour la coh\u00e9rence de l&rsquo;Europe \u00a0\u00bb&nbsp; (Charg\u00e9 du dossier de la Turquie, ma t\u00e2che ne sera pas facile).<\/p>\n\n\n\n<p>b)&nbsp;&nbsp;&nbsp;<strong>Une conf\u00e9rence de presse<\/strong>&nbsp;de Jean-Pierre COT Pr\u00e9sident du Groupe Socialiste Europ\u00e9en ,o\u00f9 il a d\u00e9voil\u00e9 symboliquement une charte des droits sociaux.<\/p>\n\n\n\n<p>L&rsquo;Europe aussi, avance \u00e0 coup de symboles<\/p>\n\n\n\n<p>c)&nbsp;&nbsp;&nbsp;<strong>Une r\u00e9union<\/strong>&nbsp;dans le bureau d&rsquo;Edith CRESSON de parlementaires fran\u00e7ais comme moi membres de la commission Recherche-Energie-Technologie, qui nous rappelle qu&rsquo;il y a des int\u00e9r\u00eats fran\u00e7ais \u00e0 d\u00e9fendre pour relier les r\u00e9seaux d&rsquo;\u00e9nergie.<\/p>\n\n\n\n<p>(Difficile de d\u00e9passer les antagonismes franco-fran\u00e7ais.)<\/p>\n\n\n\n<p>d)&nbsp; &nbsp;En Mairie de Strasbourg, genre \u00ab\u00a0vieux palais de la R\u00e9publique\u00a0\u00bb, tout dor\u00e9\u2026 mais ayant besoin d&rsquo;un coup de peinture ,<\/p>\n\n\n\n<p>un appariteur \u00ab\u00a0tout encha\u00een\u00e9\u00a0\u00bb qui annonce&nbsp;: \u00ab\u00a0Le repas de Madame le Maire est servi\u00a0\u00bb (C&rsquo;est Catherine TRAUTMAN, \u00ab\u00a0le Maire\u00a0\u00bb&#8230; et c&rsquo;est l&rsquo;Alsace\u2026)<\/p>\n\n\n\n<p>Mais plus s\u00e9rieusement, une bonne discussion sur la n\u00e9cessit\u00e9 pour Strasbourg de conserver le Parlement Europ\u00e9en car elle est une ville phare et le symbole de l&rsquo;Europe.<\/p>\n","protected":false},"excerpt":{"rendered":"<p>Lourde journ\u00e9e que ce mardi 12 septembre 1989, 3 mois apr\u00e8s mon \u00e9lection au Parlement Europ\u00e9en. Un vrai parcours du combattant. Des r\u00e9unions qui s&rsquo;entrecroisent, des rencontres impromptues, des s\u00e9ances pl\u00e9ni\u00e8res que l&rsquo;on voudrait suivre, des r\u00e9unions de commissions, des commissions interparlementaires qui s&rsquo;installent. Difficile de faire les bons choix pour le nouveau d\u00e9put\u00e9 qui &hellip; <\/p>\n<p><a class=\"more-link btn\" href=\"http:\/\/www.gcaudron.com\/?page_id=9063\">Continue reading<\/a><\/p>\n","protected":false},"author":3,"featured_media":0,"parent":8926,"menu_order":-64,"comment_status":"closed","ping_status":"closed","template":"template-onecolumn.php","meta":{"footnotes":""},"class_list":["post-9063","page","type-page","status-publish","hentry","nodate","item-wrap"],"_links":{"self":[{"href":"http:\/\/www.gcaudron.com\/index.php?rest_route=\/wp\/v2\/pages\/9063","targetHints":{"allow":["GET"]}}],"collection":[{"href":"http:\/\/www.gcaudron.com\/index.php?rest_route=\/wp\/v2\/pages"}],"about":[{"href":"http:\/\/www.gcaudron.com\/index.php?rest_route=\/wp\/v2\/types\/page"}],"author":[{"embeddable":true,"href":"http:\/\/www.gcaudron.com\/index.php?rest_route=\/wp\/v2\/users\/3"}],"replies":[{"embeddable":true,"href":"http:\/\/www.gcaudron.com\/index.php?rest_route=%2Fwp%2Fv2%2Fcomments&post=9063"}],"version-history":[{"count":2,"href":"http:\/\/www.gcaudron.com\/index.php?rest_route=\/wp\/v2\/pages\/9063\/revisions"}],"predecessor-version":[{"id":9067,"href":"http:\/\/www.gcaudron.com\/index.php?rest_route=\/wp\/v2\/pages\/9063\/revisions\/9067"}],"up":[{"embeddable":true,"href":"http:\/\/www.gcaudron.com\/index.php?rest_route=\/wp\/v2\/pages\/8926"}],"wp:attachment":[{"href":"http:\/\/www.gcaudron.com\/index.php?rest_route=%2Fwp%2Fv2%2Fmedia&parent=9063"}],"curies":[{"name":"wp","href":"https:\/\/api.w.org\/{rel}","templated":true}]}}