{"id":9061,"date":"2023-02-15T19:00:40","date_gmt":"2023-02-15T18:00:40","guid":{"rendered":"http:\/\/www.gcaudron.com\/?page_id=9061"},"modified":"2024-02-06T19:52:57","modified_gmt":"2024-02-06T18:52:57","slug":"athenes-le-4-novembre-1990","status":"publish","type":"page","link":"http:\/\/www.gcaudron.com\/?page_id=9061","title":{"rendered":"Ath\u00e8nes &#8211; Le 4 Novembre 1990"},"content":{"rendered":"\n<p>La Gr\u00e8ce, c\u2019est un peu moins de10 millions d\u2019habitants sur 132&nbsp;000 km\u00b2,&nbsp; un produit int\u00e9rieur brut par habitant de 4&nbsp;800 dollars (16&nbsp;500 en France), 15 % de ch\u00f4meurs, 220&nbsp;000 soldats, 8 % d\u2019analphab\u00e8tes, 13 % d\u2019inflation, 0,8 % de croissance.<\/p>\n\n\n\n<p>La Gr\u00e8ce, c\u2019est aussi un pays marqu\u00e9 par&nbsp; une tr\u00e8s longue Histoire \u2026 et&nbsp;particuli\u00e8rement mouvement\u00e9e durant la premi\u00e8re moiti\u00e9 du 20 -\u00e8me si\u00e8cle o\u00f9 elle connue une dictature, une 2 -\u00e8me guerre mondiale cruelle suivie d&rsquo;une guerre civile jusqu&rsquo;en 1949 et enfin la dictature des colonels de 1967 \u00e0 1977.<\/p>\n\n\n\n<p>Pour autant la Gr\u00e8ce fut aussi sinon surtout \u00ab\u00a0le berceau de la D\u00e9mocratie\u00a0\u00bb.<\/p>\n\n\n\n<p>Elle est rentr\u00e9e dans la C.E.E. ( communaut\u00e9 \u00e9conomique europ\u00e9enne) en 1981 constituant ainsi le flanc oriental de notre Europe.<\/p>\n\n\n\n<p>Pour mes divers interlocuteurs socialistes aujourd&rsquo;hui, militants ou \u00e9lus, la Gr\u00e8ce d\u2019aujourd\u2019hui, un an et demi apr\u00e8s leur d\u00e9faite aux l\u00e9gislatives, est l\u2019exemple d\u2019une fantastique r\u00e9gression sociale avec un salaire minimum \u00e0 2&nbsp;000 F, des loyers qui ont doubl\u00e9, une inflation qui s\u2019est acc\u00e9l\u00e9r\u00e9e, des licenciements par centaines de milliers, une remise en cause des acquis sociaux et de la gratuit\u00e9 de l\u2019enseignement.<\/p>\n\n\n\n<p>Ils ont, nous disent ils, bien espoir de revenir au pouvoir avec Andr\u00e9as PAPANDREOU apr\u00e8s des municipales victorieuses et ce ,malgr\u00e9 la cruelle d\u00e9faite de M\u00e9lina MERCURI \u00e0 Ath\u00e8nes.<\/p>\n\n\n\n<p>Andr\u00e9as PAPANDREOU,&nbsp; grand ami de Fran\u00e7ois Mitterrand, que j\u2019ai rencontr\u00e9 pendant plus de deux heures dans l&rsquo;h\u00f4tel o\u00f9 il vit , est tr\u00e8s s\u00e9v\u00e8re avec ses successeurs, aujourd&rsquo;hui au pouvoir, \u00e0 qui il nie le label de \u00ab\u00a0forces d\u00e9mocratiques\u00a0\u00bb.<\/p>\n\n\n\n<p>Pour lui, comme le pensent aussi les socialistes, s\u2019il n\u2019y a pas en Gr\u00e8ce de parti d\u2019extr\u00eame droite fort, c\u2019est que l\u2019extr\u00eame droite est au pouvoir avec la droite actuelle r\u00e9trograde, pas tr\u00e8s claire dans sa composition et aux pieds des U.S.A. .<\/p>\n\n\n\n<p>Pour lui,&nbsp;la Gr\u00e8ce n\u2019a plus de politique \u00e9trang\u00e8re qui lui soit propre.<\/p>\n\n\n\n<p>Le jugement est s\u00e9v\u00e8re comme est s\u00e9v\u00e8re celui port\u00e9 sur la Turquie, un pays avec lequel \u00abla guerre peut \u00e9clater \u00e0 tous moments\u00bb.<\/p>\n\n\n\n<p>Je n\u2019imaginais pas la gravit\u00e9 de ces relations&nbsp;: division sur Chypres occup\u00e9e pour partie par les Turcs, d\u00e9saccord sur les limites territoriales maritimes et a\u00e9riennes, violation r\u00e9p\u00e9t\u00e9es de ces limites.<\/p>\n\n\n\n<p>Pour lui bien s\u00fbr, il n&rsquo;est pas question d\u2019accepter la Turquie dans la C.E.E., pour toutes les raisons sans oublier les droits de l\u2019homme bafou\u00e9s.<\/p>\n\n\n\n<p>En ce qui concerne la crise du Golfe, la Turquie est suspect\u00e9e de violer l\u2019embargo et si demain la guerre \u00e9clatait de vouloir simplement conqu\u00e9rir les champs p\u00e9trolif\u00e8res irakiens.<\/p>\n\n\n\n<p>Andr\u00e9as PAPANDREOU \u00ab\u00a0admire\u00a0\u00bb une diplomatie turque h\u00e9rit\u00e9e de l\u2019empire Ottoman qui lui permet de profiter de toutes les situations sans jamais en payer le prix.<\/p>\n\n\n\n<p>Disons peut-\u00eatre pour conclure que toutes ces discussions se firent avec en d\u00e9cor l\u2019Acropole, symbole de l\u2019\u00e9ternit\u00e9 du genre humain.<\/p>\n\n\n\n<p>Oui malgr\u00e9 sa discontinuit\u00e9 g\u00e9ographique, la Gr\u00e8ce est pi\u00e8ce essentielle de notre Europe politique en construction.<\/p>\n\n\n\n<p>C&rsquo;est aussi un pays que j&rsquo;aime et qui constitue une des principales racines de notre Europe !<\/p>\n","protected":false},"excerpt":{"rendered":"<p>La Gr\u00e8ce, c\u2019est un peu moins de10 millions d\u2019habitants sur 132&nbsp;000 km\u00b2,&nbsp; un produit int\u00e9rieur brut par habitant de 4&nbsp;800 dollars (16&nbsp;500 en France), 15 % de ch\u00f4meurs, 220&nbsp;000 soldats, 8 % d\u2019analphab\u00e8tes, 13 % d\u2019inflation, 0,8 % de croissance. La Gr\u00e8ce, c\u2019est aussi un pays marqu\u00e9 par&nbsp; une tr\u00e8s longue Histoire \u2026 et&nbsp;particuli\u00e8rement mouvement\u00e9e &hellip; <\/p>\n<p><a class=\"more-link btn\" href=\"http:\/\/www.gcaudron.com\/?page_id=9061\">Continue reading<\/a><\/p>\n","protected":false},"author":3,"featured_media":0,"parent":8926,"menu_order":-69,"comment_status":"closed","ping_status":"closed","template":"template-onecolumn.php","meta":{"footnotes":""},"class_list":["post-9061","page","type-page","status-publish","hentry","nodate","item-wrap"],"_links":{"self":[{"href":"http:\/\/www.gcaudron.com\/index.php?rest_route=\/wp\/v2\/pages\/9061","targetHints":{"allow":["GET"]}}],"collection":[{"href":"http:\/\/www.gcaudron.com\/index.php?rest_route=\/wp\/v2\/pages"}],"about":[{"href":"http:\/\/www.gcaudron.com\/index.php?rest_route=\/wp\/v2\/types\/page"}],"author":[{"embeddable":true,"href":"http:\/\/www.gcaudron.com\/index.php?rest_route=\/wp\/v2\/users\/3"}],"replies":[{"embeddable":true,"href":"http:\/\/www.gcaudron.com\/index.php?rest_route=%2Fwp%2Fv2%2Fcomments&post=9061"}],"version-history":[{"count":2,"href":"http:\/\/www.gcaudron.com\/index.php?rest_route=\/wp\/v2\/pages\/9061\/revisions"}],"predecessor-version":[{"id":9639,"href":"http:\/\/www.gcaudron.com\/index.php?rest_route=\/wp\/v2\/pages\/9061\/revisions\/9639"}],"up":[{"embeddable":true,"href":"http:\/\/www.gcaudron.com\/index.php?rest_route=\/wp\/v2\/pages\/8926"}],"wp:attachment":[{"href":"http:\/\/www.gcaudron.com\/index.php?rest_route=%2Fwp%2Fv2%2Fmedia&parent=9061"}],"curies":[{"name":"wp","href":"https:\/\/api.w.org\/{rel}","templated":true}]}}