{"id":9013,"date":"2023-02-09T18:36:13","date_gmt":"2023-02-09T17:36:13","guid":{"rendered":"http:\/\/www.gcaudron.com\/?page_id=9013"},"modified":"2024-02-06T20:05:36","modified_gmt":"2024-02-06T19:05:36","slug":"mars-1983-visite-de-francois-mitterrand-a-villeneuve-dascq-2","status":"publish","type":"page","link":"http:\/\/www.gcaudron.com\/?page_id=9013","title":{"rendered":"Mars 1983 \u2013 Visite de Fran\u00e7ois Mitterrand \u00e0 Villeneuve d\u2019Ascq"},"content":{"rendered":"\n<p>C\u2019\u00e9tait il a 40 ans, en mars 1983, Fran\u00e7ois Mitterrand venait s\u2019incliner au Tertre des Massacr\u00e9s \u00e0 Ascq en m\u00e9moire des 86 hommes fusilles par les nazis.<\/p>\n\n\n\n<p>Il sera le seul Pr\u00e9sident \u00e0 nous avoir fait cet honneur 3 fois, en dehors du g\u00e9n\u00e9ral De Gaulle et ce, parmi les 8 Pr\u00e9sidents de la V R\u00e9publique \u2026<\/p>\n","protected":false},"excerpt":{"rendered":"<p>C\u2019\u00e9tait il a 40 ans, en mars 1983, Fran\u00e7ois Mitterrand venait s\u2019incliner au Tertre des Massacr\u00e9s \u00e0 Ascq en m\u00e9moire des 86 hommes fusilles par les nazis. Il sera le seul Pr\u00e9sident \u00e0 nous avoir fait cet honneur 3 fois, en dehors du g\u00e9n\u00e9ral De Gaulle et ce, parmi les 8 Pr\u00e9sidents de la V &hellip; <\/p>\n<p><a class=\"more-link btn\" href=\"http:\/\/www.gcaudron.com\/?page_id=9013\">Continue reading<\/a><\/p>\n","protected":false},"author":3,"featured_media":0,"parent":8926,"menu_order":-62,"comment_status":"closed","ping_status":"closed","template":"template-onecolumn.php","meta":{"footnotes":""},"class_list":["post-9013","page","type-page","status-publish","hentry","nodate","item-wrap"],"_links":{"self":[{"href":"http:\/\/www.gcaudron.com\/index.php?rest_route=\/wp\/v2\/pages\/9013","targetHints":{"allow":["GET"]}}],"collection":[{"href":"http:\/\/www.gcaudron.com\/index.php?rest_route=\/wp\/v2\/pages"}],"about":[{"href":"http:\/\/www.gcaudron.com\/index.php?rest_route=\/wp\/v2\/types\/page"}],"author":[{"embeddable":true,"href":"http:\/\/www.gcaudron.com\/index.php?rest_route=\/wp\/v2\/users\/3"}],"replies":[{"embeddable":true,"href":"http:\/\/www.gcaudron.com\/index.php?rest_route=%2Fwp%2Fv2%2Fcomments&post=9013"}],"version-history":[{"count":1,"href":"http:\/\/www.gcaudron.com\/index.php?rest_route=\/wp\/v2\/pages\/9013\/revisions"}],"predecessor-version":[{"id":9014,"href":"http:\/\/www.gcaudron.com\/index.php?rest_route=\/wp\/v2\/pages\/9013\/revisions\/9014"}],"up":[{"embeddable":true,"href":"http:\/\/www.gcaudron.com\/index.php?rest_route=\/wp\/v2\/pages\/8926"}],"wp:attachment":[{"href":"http:\/\/www.gcaudron.com\/index.php?rest_route=%2Fwp%2Fv2%2Fmedia&parent=9013"}],"curies":[{"name":"wp","href":"https:\/\/api.w.org\/{rel}","templated":true}]}}