{"id":5937,"date":"2017-10-31T11:55:25","date_gmt":"2017-10-31T10:55:25","guid":{"rendered":"http:\/\/www.gcaudron.com\/?page_id=5937"},"modified":"2017-10-31T11:55:25","modified_gmt":"2017-10-31T10:55:25","slug":"zup-et-zep","status":"publish","type":"page","link":"http:\/\/www.gcaudron.com\/?page_id=5937","title":{"rendered":"ZUP ET ZEP"},"content":{"rendered":"<p>Apr\u00e8s le temps des banlieues pavillonnaires, autour des coeurs des vieilles villes, il y eu le temps \u00f9 il fallu construire vite, pas cher, et donc haut et dense : ce furent les ZUP (zones \u00e0 urbaniser en priorit\u00e9) et pour beaucoup de Maires, dans les ann\u00e9es 60, un r\u00e9el motif de fiert\u00e9.<\/p>\n<p>&nbsp;<\/p>\n<p>On sait depuis ce qu\u2019il en est advenu :<\/p>\n<p>&nbsp;<\/p>\n<p>ZUP = ZEP (Zone d\u2019\u00e9ducation prioritaire) et ZUP + ZEP + banlieue = Ghetto.<\/p>\n<p>&nbsp;<\/p>\n<p>Depuis, dans les ZUP, on rase des immeubles, on r\u00e9nove pour la troisi\u00e8me, quatri\u00e8me, voire pour la cinqui\u00e8me fois en changeant de sigle \u00e0 chaque occasion (aujourd\u2019hui, c\u2019est l\u2019ANRU de Jean Louis Borloo).<\/p>\n<p>&nbsp;<\/p>\n<p>Rien n\u2019y fait, les probl\u00e8mes demeurent.<\/p>\n<p>&nbsp;<\/p>\n<p>A peine fini, il faut recommencer.<\/p>\n<p>&nbsp;<\/p>\n<p>On a r\u00e9ussi \u00e0 la fois \u00e0 cr\u00e9er des ghettos insalubres et \u00e0 accro\u00eetre le manque de logements sociaux : c\u2019est un v\u00e9ritable exploit !<\/p>\n<p>&nbsp;<\/p>\n<p>On avait, il y a presque 50 ans, sacrifi\u00e9 la qualit\u00e9 \u00e0 la quantit\u00e9 ! On n\u2019a pas eu la qualit\u00e9 et on n\u2019a plus la quantit\u00e9 !<\/p>\n<p>&nbsp;<\/p>\n<p>Ensuite on a eu les \u201cvilles nouvelles\u201d (9 au total).<\/p>\n<p>&nbsp;<\/p>\n<p>\u00ab\u00a0Cela eut pu marcher !\u00a0\u00bb<\/p>\n<p>&nbsp;<\/p>\n<p>Cela a m\u00eame march\u00e9, par exemple \u00e0 Villeneuve d\u2019Ascq\u2026<\/p>\n<p>&nbsp;<\/p>\n<p>A condition de privil\u00e9gier la qualit\u00e9\u2026 quitte \u00e0 sacrifier la quantit\u00e9.<\/p>\n<p>&nbsp;<\/p>\n<p>Le mod\u00e8le \u00e9tait bon, la m\u00e9thode efficace : am\u00e9nagement du territoire, cr\u00e9dits et enveloppes finalis\u00e9s, mesures d\u00e9rogatoires et \u00e9quipes pluridisciplinaires.<\/p>\n<p>&nbsp;<\/p>\n<p>Quand il y a eu, en plus, des \u00e9lus proches du terrain disposant de vrais pouvoirs pour ramener \u00e0 la r\u00e9alit\u00e9 certains projets trop fumeux, le r\u00e9sultat a \u00e9t\u00e9 au rendez-vous.<\/p>\n<p>&nbsp;<\/p>\n<p>Et si demain on repartait des m\u00eames principes pour r\u00e9nover ce qui doit l\u2019\u00eatre et pour cr\u00e9er du nouveau l\u00e0 o\u00f9 il y a lieu d\u2019\u00eatre ?<\/p>\n","protected":false},"excerpt":{"rendered":"<p>Apr\u00e8s le temps des banlieues pavillonnaires, autour des coeurs des vieilles villes, il y eu le temps \u00f9 il fallu construire vite, pas cher, et donc haut et dense : ce furent les ZUP (zones \u00e0 urbaniser en priorit\u00e9) et pour beaucoup de Maires, dans les ann\u00e9es 60, un r\u00e9el motif de fiert\u00e9. &nbsp; On &hellip; <\/p>\n<p><a class=\"more-link btn\" href=\"http:\/\/www.gcaudron.com\/?page_id=5937\">Continue reading<\/a><\/p>\n","protected":false},"author":3,"featured_media":0,"parent":1021,"menu_order":137,"comment_status":"closed","ping_status":"closed","template":"","meta":{"footnotes":""},"class_list":["post-5937","page","type-page","status-publish","hentry","nodate","item-wrap"],"_links":{"self":[{"href":"http:\/\/www.gcaudron.com\/index.php?rest_route=\/wp\/v2\/pages\/5937","targetHints":{"allow":["GET"]}}],"collection":[{"href":"http:\/\/www.gcaudron.com\/index.php?rest_route=\/wp\/v2\/pages"}],"about":[{"href":"http:\/\/www.gcaudron.com\/index.php?rest_route=\/wp\/v2\/types\/page"}],"author":[{"embeddable":true,"href":"http:\/\/www.gcaudron.com\/index.php?rest_route=\/wp\/v2\/users\/3"}],"replies":[{"embeddable":true,"href":"http:\/\/www.gcaudron.com\/index.php?rest_route=%2Fwp%2Fv2%2Fcomments&post=5937"}],"version-history":[{"count":1,"href":"http:\/\/www.gcaudron.com\/index.php?rest_route=\/wp\/v2\/pages\/5937\/revisions"}],"predecessor-version":[{"id":5938,"href":"http:\/\/www.gcaudron.com\/index.php?rest_route=\/wp\/v2\/pages\/5937\/revisions\/5938"}],"up":[{"embeddable":true,"href":"http:\/\/www.gcaudron.com\/index.php?rest_route=\/wp\/v2\/pages\/1021"}],"wp:attachment":[{"href":"http:\/\/www.gcaudron.com\/index.php?rest_route=%2Fwp%2Fv2%2Fmedia&parent=5937"}],"curies":[{"name":"wp","href":"https:\/\/api.w.org\/{rel}","templated":true}]}}