{"id":5893,"date":"2017-10-31T11:40:31","date_gmt":"2017-10-31T10:40:31","guid":{"rendered":"http:\/\/www.gcaudron.com\/?page_id=5893"},"modified":"2017-10-31T11:40:31","modified_gmt":"2017-10-31T10:40:31","slug":"la-solitude","status":"publish","type":"page","link":"http:\/\/www.gcaudron.com\/?page_id=5893","title":{"rendered":"(LA) SOLITUDE"},"content":{"rendered":"<p><strong>C\u2019est un mal\u00a0<\/strong>dont on souffre dans tous les milieux et \u00e0 tous les \u00e2ges, m\u00eame si c\u2019est \u00e0 des degr\u00e9s divers.<\/p>\n<p>&nbsp;<\/p>\n<p>Elle est le r\u00e9sultat d\u2019accidents familiaux, de probl\u00e8mes professionnels ou tout simplement de la vie dite moderne.<\/p>\n<p>&nbsp;<\/p>\n<p>La vie associative contribue, certes, \u00e0 la combattre mais elle est aujourd\u2019hui souvent en difficult\u00e9.<\/p>\n<p>&nbsp;<\/p>\n<p>Certains services publics sont l\u00e0 pour l\u2019att\u00e9nuer pour certaines cat\u00e9gories de citoyens ou certaines tranches d\u2019\u00e2ges.<\/p>\n<p>&nbsp;<\/p>\n<p>Reste le moment des f\u00eates ou des vacances o\u00f9, sans impulsion publique, la solitude est bien plus cruelle.<\/p>\n<p>&nbsp;<\/p>\n<p>Restent celles et ceux qui ne savent plus o\u00f9 aller ou qui n\u2019en ont plus les moyens.<\/p>\n<p>&nbsp;<\/p>\n<p>C\u2019est pourquoi on a organis\u00e9 des r\u00e9veillons pour tous, des f\u00eates et des th\u00e9s dansants le dimanche, et m\u00eame un \u00ab Espace Rencontre et Solidarit\u00e9 \u00bb ou l\u2019ERS de Christiane et Paul Bergiron (des militants dont la devise de vie \u00e9tait :\u00a0\u201ccontinuer en tenant compte de nos limites, mais continuer l\u00e0 o\u00f9 nous vivons la lutte quotidienne pour une d\u00e9mocratie permettant \u00e0 tous, en priorit\u00e9 les plus d\u00e9munis, d\u2019\u00eatre des citoyens \u00e0 part enti\u00e8re\u201d).<\/p>\n<p>&nbsp;<\/p>\n<p>La solitude, oui c\u2019est vrai, est une des formes de mis\u00e8res, qui touche aussi des gens qui ont pourtant un travail et des revenus.<\/p>\n","protected":false},"excerpt":{"rendered":"<p>C\u2019est un mal\u00a0dont on souffre dans tous les milieux et \u00e0 tous les \u00e2ges, m\u00eame si c\u2019est \u00e0 des degr\u00e9s divers. &nbsp; Elle est le r\u00e9sultat d\u2019accidents familiaux, de probl\u00e8mes professionnels ou tout simplement de la vie dite moderne. &nbsp; La vie associative contribue, certes, \u00e0 la combattre mais elle est aujourd\u2019hui souvent en difficult\u00e9. &hellip; <\/p>\n<p><a class=\"more-link btn\" href=\"http:\/\/www.gcaudron.com\/?page_id=5893\">Continue reading<\/a><\/p>\n","protected":false},"author":3,"featured_media":0,"parent":1021,"menu_order":115,"comment_status":"closed","ping_status":"closed","template":"","meta":{"footnotes":""},"class_list":["post-5893","page","type-page","status-publish","hentry","nodate","item-wrap"],"_links":{"self":[{"href":"http:\/\/www.gcaudron.com\/index.php?rest_route=\/wp\/v2\/pages\/5893","targetHints":{"allow":["GET"]}}],"collection":[{"href":"http:\/\/www.gcaudron.com\/index.php?rest_route=\/wp\/v2\/pages"}],"about":[{"href":"http:\/\/www.gcaudron.com\/index.php?rest_route=\/wp\/v2\/types\/page"}],"author":[{"embeddable":true,"href":"http:\/\/www.gcaudron.com\/index.php?rest_route=\/wp\/v2\/users\/3"}],"replies":[{"embeddable":true,"href":"http:\/\/www.gcaudron.com\/index.php?rest_route=%2Fwp%2Fv2%2Fcomments&post=5893"}],"version-history":[{"count":1,"href":"http:\/\/www.gcaudron.com\/index.php?rest_route=\/wp\/v2\/pages\/5893\/revisions"}],"predecessor-version":[{"id":5894,"href":"http:\/\/www.gcaudron.com\/index.php?rest_route=\/wp\/v2\/pages\/5893\/revisions\/5894"}],"up":[{"embeddable":true,"href":"http:\/\/www.gcaudron.com\/index.php?rest_route=\/wp\/v2\/pages\/1021"}],"wp:attachment":[{"href":"http:\/\/www.gcaudron.com\/index.php?rest_route=%2Fwp%2Fv2%2Fmedia&parent=5893"}],"curies":[{"name":"wp","href":"https:\/\/api.w.org\/{rel}","templated":true}]}}