{"id":5881,"date":"2017-10-31T11:32:13","date_gmt":"2017-10-31T10:32:13","guid":{"rendered":"http:\/\/www.gcaudron.com\/?page_id=5881"},"modified":"2017-10-31T11:32:13","modified_gmt":"2017-10-31T10:32:13","slug":"sarkozy-nicolas","status":"publish","type":"page","link":"http:\/\/www.gcaudron.com\/?page_id=5881","title":{"rendered":"SARKOZY NICOLAS"},"content":{"rendered":"<p>Il est \u00e0 la droite aujourd\u2019hui ce qu\u2019en son temps, Michel Rocard fut \u00e0 la gauche, la m\u00e9chancet\u00e9 en plus\u2026<\/p>\n<p>&nbsp;<\/p>\n<p>C\u2019est pourquoi, quoiqu\u2019il en pense, il n\u2019a pas encore gagn\u00e9 la prochaine \u00e9lection pr\u00e9sidentielle !<\/p>\n","protected":false},"excerpt":{"rendered":"<p>Il est \u00e0 la droite aujourd\u2019hui ce qu\u2019en son temps, Michel Rocard fut \u00e0 la gauche, la m\u00e9chancet\u00e9 en plus\u2026 &nbsp; C\u2019est pourquoi, quoiqu\u2019il en pense, il n\u2019a pas encore gagn\u00e9 la prochaine \u00e9lection pr\u00e9sidentielle !<\/p>\n","protected":false},"author":3,"featured_media":0,"parent":1021,"menu_order":109,"comment_status":"closed","ping_status":"closed","template":"","meta":{"footnotes":""},"class_list":["post-5881","page","type-page","status-publish","hentry","nodate","item-wrap"],"_links":{"self":[{"href":"http:\/\/www.gcaudron.com\/index.php?rest_route=\/wp\/v2\/pages\/5881","targetHints":{"allow":["GET"]}}],"collection":[{"href":"http:\/\/www.gcaudron.com\/index.php?rest_route=\/wp\/v2\/pages"}],"about":[{"href":"http:\/\/www.gcaudron.com\/index.php?rest_route=\/wp\/v2\/types\/page"}],"author":[{"embeddable":true,"href":"http:\/\/www.gcaudron.com\/index.php?rest_route=\/wp\/v2\/users\/3"}],"replies":[{"embeddable":true,"href":"http:\/\/www.gcaudron.com\/index.php?rest_route=%2Fwp%2Fv2%2Fcomments&post=5881"}],"version-history":[{"count":1,"href":"http:\/\/www.gcaudron.com\/index.php?rest_route=\/wp\/v2\/pages\/5881\/revisions"}],"predecessor-version":[{"id":5882,"href":"http:\/\/www.gcaudron.com\/index.php?rest_route=\/wp\/v2\/pages\/5881\/revisions\/5882"}],"up":[{"embeddable":true,"href":"http:\/\/www.gcaudron.com\/index.php?rest_route=\/wp\/v2\/pages\/1021"}],"wp:attachment":[{"href":"http:\/\/www.gcaudron.com\/index.php?rest_route=%2Fwp%2Fv2%2Fmedia&parent=5881"}],"curies":[{"name":"wp","href":"https:\/\/api.w.org\/{rel}","templated":true}]}}