{"id":5879,"date":"2017-10-31T11:31:11","date_gmt":"2017-10-31T10:31:11","guid":{"rendered":"http:\/\/www.gcaudron.com\/?page_id=5879"},"modified":"2017-10-31T11:31:11","modified_gmt":"2017-10-31T10:31:11","slug":"royaucourt-et-chailvet","status":"publish","type":"page","link":"http:\/\/www.gcaudron.com\/?page_id=5879","title":{"rendered":"ROYAUCOURT ET CHAILVET"},"content":{"rendered":"<p>C\u2019est un petit village picard pr\u00e8s de Laon fort d\u2019une centaine d\u2019habitants, avec son \u00e9glise, sa mairie, sa classe d\u2019\u00e9cole, sa fontaine, son cimeti\u00e8re, son ch\u00e2teau, ses for\u00eats et ses champs.<\/p>\n<p>&nbsp;<\/p>\n<p>Il m\u2019a vu na\u00eetre et j\u2019y ai pass\u00e9 ma jeunesse.<\/p>\n<p>&nbsp;<\/p>\n<p>Il m\u2019a sans doute donn\u00e9 le go\u00fbt de la vraie nature, l\u2019amour des bl\u00e9s et la passion des coquelicots.<\/p>\n","protected":false},"excerpt":{"rendered":"<p>C\u2019est un petit village picard pr\u00e8s de Laon fort d\u2019une centaine d\u2019habitants, avec son \u00e9glise, sa mairie, sa classe d\u2019\u00e9cole, sa fontaine, son cimeti\u00e8re, son ch\u00e2teau, ses for\u00eats et ses champs. &nbsp; Il m\u2019a vu na\u00eetre et j\u2019y ai pass\u00e9 ma jeunesse. &nbsp; Il m\u2019a sans doute donn\u00e9 le go\u00fbt de la vraie nature, l\u2019amour &hellip; <\/p>\n<p><a class=\"more-link btn\" href=\"http:\/\/www.gcaudron.com\/?page_id=5879\">Continue reading<\/a><\/p>\n","protected":false},"author":3,"featured_media":0,"parent":1021,"menu_order":108,"comment_status":"closed","ping_status":"closed","template":"","meta":{"footnotes":""},"class_list":["post-5879","page","type-page","status-publish","hentry","nodate","item-wrap"],"_links":{"self":[{"href":"http:\/\/www.gcaudron.com\/index.php?rest_route=\/wp\/v2\/pages\/5879","targetHints":{"allow":["GET"]}}],"collection":[{"href":"http:\/\/www.gcaudron.com\/index.php?rest_route=\/wp\/v2\/pages"}],"about":[{"href":"http:\/\/www.gcaudron.com\/index.php?rest_route=\/wp\/v2\/types\/page"}],"author":[{"embeddable":true,"href":"http:\/\/www.gcaudron.com\/index.php?rest_route=\/wp\/v2\/users\/3"}],"replies":[{"embeddable":true,"href":"http:\/\/www.gcaudron.com\/index.php?rest_route=%2Fwp%2Fv2%2Fcomments&post=5879"}],"version-history":[{"count":1,"href":"http:\/\/www.gcaudron.com\/index.php?rest_route=\/wp\/v2\/pages\/5879\/revisions"}],"predecessor-version":[{"id":5880,"href":"http:\/\/www.gcaudron.com\/index.php?rest_route=\/wp\/v2\/pages\/5879\/revisions\/5880"}],"up":[{"embeddable":true,"href":"http:\/\/www.gcaudron.com\/index.php?rest_route=\/wp\/v2\/pages\/1021"}],"wp:attachment":[{"href":"http:\/\/www.gcaudron.com\/index.php?rest_route=%2Fwp%2Fv2%2Fmedia&parent=5879"}],"curies":[{"name":"wp","href":"https:\/\/api.w.org\/{rel}","templated":true}]}}