{"id":5873,"date":"2017-10-31T11:24:10","date_gmt":"2017-10-31T10:24:10","guid":{"rendered":"http:\/\/www.gcaudron.com\/?page_id=5873"},"modified":"2017-10-31T11:24:10","modified_gmt":"2017-10-31T10:24:10","slug":"rabin-yitzhak","status":"publish","type":"page","link":"http:\/\/www.gcaudron.com\/?page_id=5873","title":{"rendered":"RABIN YITZHAK"},"content":{"rendered":"<p>Pr\u00e9sident depuis juin 1994 de la D\u00e9l\u00e9gation Europe &#8211; Isra\u00ebl, j\u2019ai eu l\u2019honneur de le rencontrer plusieurs fois avant qu\u2019un religieux fanatique ne l\u2019assassine au soir d\u2019un grand meeting pour la Paix.<\/p>\n<p>&nbsp;<\/p>\n<p>Contrairement \u00e0 Shimon P\u00e9r\u00e8s, il n\u2019accordait pas une grande importance \u00e0 l\u2019EUROPE, et sa froideur apparente \u00e9tait quasi-anglo-saxonne\u2026 mais il n\u2019a jamais manqu\u00e9 de nous recevoir.<\/p>\n<p>&nbsp;<\/p>\n<p>A ce moment l\u00e0, chacun de ses interlocuteurs avait un m\u00eame sentiment : c\u2019\u00e9tait un chef ! un vrai !, celui qui aurait pu faire la Paix avec les Palestiniens et c\u2019est d\u2019ailleurs pour cela qu\u2019on l\u2019a tu\u00e9.<\/p>\n<p>&nbsp;<\/p>\n<p><strong>Le grand militaire qu\u2019il avait \u00e9t\u00e9 inspirait confiance\u00a0<\/strong>et, de plus, par son pass\u00e9 glorieux, il savait qu\u2019il n\u2019est pas de solution durable qui ne soit que militaire. La paix exige des compromis sur des bases raisonnables assortis d\u2019un minimum de respect mutuel.<\/p>\n<p>&nbsp;<\/p>\n<p>Bien plus tard, Ariel Sharon avait sembl\u00e9 aussi commencer \u00e0 le comprendre.<\/p>\n","protected":false},"excerpt":{"rendered":"<p>Pr\u00e9sident depuis juin 1994 de la D\u00e9l\u00e9gation Europe &#8211; Isra\u00ebl, j\u2019ai eu l\u2019honneur de le rencontrer plusieurs fois avant qu\u2019un religieux fanatique ne l\u2019assassine au soir d\u2019un grand meeting pour la Paix. &nbsp; Contrairement \u00e0 Shimon P\u00e9r\u00e8s, il n\u2019accordait pas une grande importance \u00e0 l\u2019EUROPE, et sa froideur apparente \u00e9tait quasi-anglo-saxonne\u2026 mais il n\u2019a jamais &hellip; <\/p>\n<p><a class=\"more-link btn\" href=\"http:\/\/www.gcaudron.com\/?page_id=5873\">Continue reading<\/a><\/p>\n","protected":false},"author":3,"featured_media":0,"parent":1021,"menu_order":105,"comment_status":"closed","ping_status":"closed","template":"","meta":{"footnotes":""},"class_list":["post-5873","page","type-page","status-publish","hentry","nodate","item-wrap"],"_links":{"self":[{"href":"http:\/\/www.gcaudron.com\/index.php?rest_route=\/wp\/v2\/pages\/5873","targetHints":{"allow":["GET"]}}],"collection":[{"href":"http:\/\/www.gcaudron.com\/index.php?rest_route=\/wp\/v2\/pages"}],"about":[{"href":"http:\/\/www.gcaudron.com\/index.php?rest_route=\/wp\/v2\/types\/page"}],"author":[{"embeddable":true,"href":"http:\/\/www.gcaudron.com\/index.php?rest_route=\/wp\/v2\/users\/3"}],"replies":[{"embeddable":true,"href":"http:\/\/www.gcaudron.com\/index.php?rest_route=%2Fwp%2Fv2%2Fcomments&post=5873"}],"version-history":[{"count":1,"href":"http:\/\/www.gcaudron.com\/index.php?rest_route=\/wp\/v2\/pages\/5873\/revisions"}],"predecessor-version":[{"id":5874,"href":"http:\/\/www.gcaudron.com\/index.php?rest_route=\/wp\/v2\/pages\/5873\/revisions\/5874"}],"up":[{"embeddable":true,"href":"http:\/\/www.gcaudron.com\/index.php?rest_route=\/wp\/v2\/pages\/1021"}],"wp:attachment":[{"href":"http:\/\/www.gcaudron.com\/index.php?rest_route=%2Fwp%2Fv2%2Fmedia&parent=5873"}],"curies":[{"name":"wp","href":"https:\/\/api.w.org\/{rel}","templated":true}]}}