{"id":5847,"date":"2017-10-31T09:56:09","date_gmt":"2017-10-31T08:56:09","guid":{"rendered":"http:\/\/www.gcaudron.com\/?page_id=5847"},"modified":"2017-10-31T09:56:09","modified_gmt":"2017-10-31T08:56:09","slug":"pcrd-6eme","status":"publish","type":"page","link":"http:\/\/www.gcaudron.com\/?page_id=5847","title":{"rendered":"PCRD 6\u00c8ME"},"content":{"rendered":"<p>Ce fut mon dernier grand rapport au Parlement Europ\u00e9en pr\u00e9par\u00e9, pr\u00e9sent\u00e9 et vot\u00e9 en 2001 et 2002.<\/p>\n<p>&nbsp;<\/p>\n<p>La Recherche, c\u2019est en effet la troisi\u00e8me politique europ\u00e9enne par ordre d\u2019importance budg\u00e9taire.<\/p>\n<p>&nbsp;<\/p>\n<p>Le 6\u00e8me\u00a0Programme Cadre de Recherche, c\u2019est, 17,5 milliards d\u2019euros, derri\u00e8re la politique agricole et les fonds r\u00e9gionaux.<\/p>\n<p>&nbsp;<\/p>\n<p>Le 6\u00e8me\u00a0PCRD, ce sera pour moi un an et demi de travail, et plus de 200 r\u00e9unions.<\/p>\n<p>&nbsp;<\/p>\n<p>C\u2019est surtout\u00a0<strong>l\u2019exemple type d\u2019un rapport qu\u2019on ne peut \u00e9laborer et faire adopter qu\u2019en \u00e9coutant les autres\u00a0<\/strong>: la commission europ\u00e9enne et son commissaire Philippe Busquin, les Ministres des 15 d\u2019alors, tous les groupes politiques du Parlement europ\u00e9en et leurs \u201cshadow rapporteurs\u201c.<\/p>\n<p>&nbsp;<\/p>\n<p>Son point dur : la recherche sur les cellules embryonnaires<\/p>\n<p>&nbsp;<\/p>\n<p>Son dossier chaud : le nucl\u00e9aire<\/p>\n<p>&nbsp;<\/p>\n<p>Une difficult\u00e9 r\u00e9currente : donner sa part \u00e0 chacun tout en faisant progresser l\u2019ensemble, dans le bon sens, et en assurant les \u00e9volutions n\u00e9cessaires.<\/p>\n<p>&nbsp;<\/p>\n<p>Avec Philippe Busquin mais aussi avec mes coll\u00e8gues parlementaires, nous avons mis le pied \u00e0 l\u2019\u00e9trier de \u00ab l\u2019Espace Europ\u00e9en de la Recherche \u00bb.<\/p>\n<p>&nbsp;<\/p>\n<p>Nous avons tenu les d\u00e9lais fix\u00e9s, trouv\u00e9 des solutions originales, lanc\u00e9 ITER et la fusion, mieux aid\u00e9 le d\u00e9veloppement durable.<\/p>\n<p>&nbsp;<\/p>\n<p><strong>Le 6\u00e8me\u00a0PCRD restera une de mes plus grandes fiert\u00e9s.<\/strong><\/p>\n<p><strong>\u00a0<\/strong><\/p>\n<p>\u201cCerise sur le g\u00e2teau\u201d, je serai, dans la foul\u00e9e, le concepteur du premier programme en application de l\u2019article169 pour lutter contre la paludisme, la tuberculose, et le SIDA avec un budget de 600 millions d\u2019euros pour les pays du sud.<\/p>\n<p>&nbsp;<\/p>\n<p>La taxe cr\u00e9\u00e9e aujourd\u2019hui par la France sur les billets d\u2019avion a un objet comparable. Mais quand on mesure l\u2019\u00e9tat sanitaire de l\u2019Afrique, on voit qu\u2019on est loin du compte.<\/p>\n","protected":false},"excerpt":{"rendered":"<p>Ce fut mon dernier grand rapport au Parlement Europ\u00e9en pr\u00e9par\u00e9, pr\u00e9sent\u00e9 et vot\u00e9 en 2001 et 2002. &nbsp; La Recherche, c\u2019est en effet la troisi\u00e8me politique europ\u00e9enne par ordre d\u2019importance budg\u00e9taire. &nbsp; Le 6\u00e8me\u00a0Programme Cadre de Recherche, c\u2019est, 17,5 milliards d\u2019euros, derri\u00e8re la politique agricole et les fonds r\u00e9gionaux. &nbsp; Le 6\u00e8me\u00a0PCRD, ce sera pour &hellip; <\/p>\n<p><a class=\"more-link btn\" href=\"http:\/\/www.gcaudron.com\/?page_id=5847\">Continue reading<\/a><\/p>\n","protected":false},"author":3,"featured_media":0,"parent":1021,"menu_order":91,"comment_status":"closed","ping_status":"closed","template":"","meta":{"footnotes":""},"class_list":["post-5847","page","type-page","status-publish","hentry","nodate","item-wrap"],"_links":{"self":[{"href":"http:\/\/www.gcaudron.com\/index.php?rest_route=\/wp\/v2\/pages\/5847","targetHints":{"allow":["GET"]}}],"collection":[{"href":"http:\/\/www.gcaudron.com\/index.php?rest_route=\/wp\/v2\/pages"}],"about":[{"href":"http:\/\/www.gcaudron.com\/index.php?rest_route=\/wp\/v2\/types\/page"}],"author":[{"embeddable":true,"href":"http:\/\/www.gcaudron.com\/index.php?rest_route=\/wp\/v2\/users\/3"}],"replies":[{"embeddable":true,"href":"http:\/\/www.gcaudron.com\/index.php?rest_route=%2Fwp%2Fv2%2Fcomments&post=5847"}],"version-history":[{"count":1,"href":"http:\/\/www.gcaudron.com\/index.php?rest_route=\/wp\/v2\/pages\/5847\/revisions"}],"predecessor-version":[{"id":5848,"href":"http:\/\/www.gcaudron.com\/index.php?rest_route=\/wp\/v2\/pages\/5847\/revisions\/5848"}],"up":[{"embeddable":true,"href":"http:\/\/www.gcaudron.com\/index.php?rest_route=\/wp\/v2\/pages\/1021"}],"wp:attachment":[{"href":"http:\/\/www.gcaudron.com\/index.php?rest_route=%2Fwp%2Fv2%2Fmedia&parent=5847"}],"curies":[{"name":"wp","href":"https:\/\/api.w.org\/{rel}","templated":true}]}}