{"id":5837,"date":"2017-10-31T09:48:34","date_gmt":"2017-10-31T08:48:34","guid":{"rendered":"http:\/\/www.gcaudron.com\/?page_id=5837"},"modified":"2017-10-31T09:48:34","modified_gmt":"2017-10-31T08:48:34","slug":"notebart-arthur","status":"publish","type":"page","link":"http:\/\/www.gcaudron.com\/?page_id=5837","title":{"rendered":"NOTEBART ARTHUR"},"content":{"rendered":"<p>Maire de Lomme, pr\u00e8s de Lille, pendant plusieurs d\u00e9cennies, grand Pr\u00e9sident de la<\/p>\n<p>Communaut\u00e9 Urbaine, d\u00e9put\u00e9 facilement r\u00e9\u00e9lu, Arthur Notebart va dispara\u00eetre du paysage politique nordiste sous l\u2019effet d\u2019une conjuration de ses amis, qu\u2019il n\u2019aurait jamais cru possible, et ce, en quelques semaines.<\/p>\n<p>&nbsp;<\/p>\n<p>Mes relations avec lui furent toujours chaudes, voire difficiles, ne serait-ce que parce qu\u2019il \u00e9tait Pr\u00e9sident de l\u2019EPALE (\u00c9tablissement public d\u2019am\u00e9nagement de Lille-Est) et donc le d\u00e9cideur principal au niveau de la Ville Nouvelle qui se construisait sur la ville dont j\u2019\u00e9tais Maire depuis 1977.<\/p>\n<p>&nbsp;<\/p>\n<p>Tout avait d\u2019ailleurs commenc\u00e9 d\u00e8s le lendemain de mon \u00e9lection en tant que Maire.<\/p>\n<p>&nbsp;<\/p>\n<p>J\u2019avais refus\u00e9 \u00e0 deux de ses collaborateurs de signer un document qui engageait le m\u00e9tro en viaduc contre lequel j\u2019avais fait campagne.<\/p>\n<p>&nbsp;<\/p>\n<p>J\u2019ai alors eu le malheur de lui dire que je comptais tenir mes promesses \u00e9lectorales\u2026<\/p>\n<p>Personne ne peut imaginer les \u201cnoms d\u2019oiseaux\u201d dont j\u2019ai \u00e9t\u00e9 abreuv\u00e9 ce matin-l\u00e0.<\/p>\n<p>&nbsp;<\/p>\n<p>J\u2019avais 32 ans. Je venais de gagner la 4\u00e8me\u00a0ville de la M\u00e9tropole Lilloise.<\/p>\n<p>&nbsp;<\/p>\n<p>Le parti socialiste savait, \u00e0 ce moment-l\u00e0 d\u00e9j\u00e0, reconna\u00eetre les meilleurs des siens.<\/p>\n<p>&nbsp;<\/p>\n<p>Pour autant, dans les ann\u00e9es qui suivirent, au gr\u00e9 et en creux des affrontements, chaque fois que j\u2019ai eu vraiment besoin de lui, il a toujours su y r\u00e9pondre\u2026 \u00e0 sa mani\u00e8re\u2026<\/p>\n","protected":false},"excerpt":{"rendered":"<p>Maire de Lomme, pr\u00e8s de Lille, pendant plusieurs d\u00e9cennies, grand Pr\u00e9sident de la Communaut\u00e9 Urbaine, d\u00e9put\u00e9 facilement r\u00e9\u00e9lu, Arthur Notebart va dispara\u00eetre du paysage politique nordiste sous l\u2019effet d\u2019une conjuration de ses amis, qu\u2019il n\u2019aurait jamais cru possible, et ce, en quelques semaines. &nbsp; Mes relations avec lui furent toujours chaudes, voire difficiles, ne serait-ce &hellip; <\/p>\n<p><a class=\"more-link btn\" href=\"http:\/\/www.gcaudron.com\/?page_id=5837\">Continue reading<\/a><\/p>\n","protected":false},"author":3,"featured_media":0,"parent":1021,"menu_order":86,"comment_status":"closed","ping_status":"closed","template":"","meta":{"footnotes":""},"class_list":["post-5837","page","type-page","status-publish","hentry","nodate","item-wrap"],"_links":{"self":[{"href":"http:\/\/www.gcaudron.com\/index.php?rest_route=\/wp\/v2\/pages\/5837","targetHints":{"allow":["GET"]}}],"collection":[{"href":"http:\/\/www.gcaudron.com\/index.php?rest_route=\/wp\/v2\/pages"}],"about":[{"href":"http:\/\/www.gcaudron.com\/index.php?rest_route=\/wp\/v2\/types\/page"}],"author":[{"embeddable":true,"href":"http:\/\/www.gcaudron.com\/index.php?rest_route=\/wp\/v2\/users\/3"}],"replies":[{"embeddable":true,"href":"http:\/\/www.gcaudron.com\/index.php?rest_route=%2Fwp%2Fv2%2Fcomments&post=5837"}],"version-history":[{"count":1,"href":"http:\/\/www.gcaudron.com\/index.php?rest_route=\/wp\/v2\/pages\/5837\/revisions"}],"predecessor-version":[{"id":5838,"href":"http:\/\/www.gcaudron.com\/index.php?rest_route=\/wp\/v2\/pages\/5837\/revisions\/5838"}],"up":[{"embeddable":true,"href":"http:\/\/www.gcaudron.com\/index.php?rest_route=\/wp\/v2\/pages\/1021"}],"wp:attachment":[{"href":"http:\/\/www.gcaudron.com\/index.php?rest_route=%2Fwp%2Fv2%2Fmedia&parent=5837"}],"curies":[{"name":"wp","href":"https:\/\/api.w.org\/{rel}","templated":true}]}}