{"id":5815,"date":"2017-10-31T01:45:20","date_gmt":"2017-10-31T00:45:20","guid":{"rendered":"http:\/\/www.gcaudron.com\/?page_id=5815"},"modified":"2017-10-31T01:45:20","modified_gmt":"2017-10-31T00:45:20","slug":"maire","status":"publish","type":"page","link":"http:\/\/www.gcaudron.com\/?page_id=5815","title":{"rendered":"MAIRE"},"content":{"rendered":"<p>J\u2019ai \u00e9t\u00e9 Maire durant 24 ans. Je le suis devenu presque par hasard et j\u2019ai cess\u00e9 de l\u2019\u00eatre volontairement.<\/p>\n<p>&nbsp;<\/p>\n<p>Je peux donc d\u2019autant plus naturellement dire la grandeur de cette fonction\u2026 la plus belle sans doute de toutes les fonctions \u00e9lectives.<\/p>\n<p>&nbsp;<\/p>\n<p><strong>Un bon Maire<\/strong>, quelque soit la couleur politique,\u00a0<strong>vit sa ville<\/strong>, ses pulsions, ses bonheurs et ses chagrins. Il doit\u00a0<strong>aimer les gens\u00a0<\/strong>qui seulement ensuite le lui rendent bien.<\/p>\n<p>&nbsp;<\/p>\n<p><strong>Le Maire est comme irrigu\u00e9 par tout ce qui se passe dans sa Ville.<\/strong><\/p>\n<p><strong>\u00a0<\/strong><\/p>\n<p>C\u2019est \u00e0 la fois merveilleux et \u00e9puisant, enthousiasmant et d\u00e9primant\u2026<\/p>\n<p>&nbsp;<\/p>\n<p>La fonction de Maire est quasiment incompatible avec une vie priv\u00e9e et familiale normale. C\u2019est \u201cle revers de la m\u00e9daille\u201d !<\/p>\n<p>&nbsp;<\/p>\n<p>Enfin, il peut arriver un moment o\u00f9 une ville s\u2019identifie tellement \u00e0 son Maire, qui s\u2019identifie tellement \u00e0 sa ville, qu\u2019on est plus loin de la scl\u00e9rose.<\/p>\n<p>&nbsp;<\/p>\n<p>Et\u00a0<strong>c\u2019est pourquoi, au bout de 24 ans<\/strong>, alors que j\u2019avais sans doute de bonnes chances d\u2019\u00eatre \u00e9lu une fois au moins encore,\u00a0<strong>j\u2019ai d\u00e9cid\u00e9 d\u2019arr\u00eater.<\/strong><\/p>\n<p>&nbsp;<\/p>\n<p>Pour moi, c\u2019\u00e9tait un signe de force car je m\u2019appliquais \u00e0 moi-m\u00eame des principes que j\u2019exigeais des autres.<\/p>\n<p>&nbsp;<\/p>\n<p>Pour beaucoup de ceux qui m\u2019entouraient alors, ce fut consid\u00e9r\u00e9 comme une faiblesse et le signal de d\u00e9part d\u2019une mise en pi\u00e8ces, les plus redevables et les plus obs\u00e9quieux d\u2019avant \u00e9tant, apr\u00e8s, les plus d\u00e9cha\u00een\u00e9s, comme pour montrer aux successeurs \u00e0 quel point ils leur seraient fid\u00e8lement d\u00e9vou\u00e9s.<\/p>\n<p>&nbsp;<\/p>\n<p>Malgr\u00e9 cela, non seulement si c\u2019\u00e9tait \u00e0 refaire, au nom de l\u2019int\u00e9r\u00eat de ma Ville, je le referai mais surtout je garde de cette fusion passionnelle avec Villeneuve d\u2019Ascq un sentiment profond que rien ni personne ne pourra jamais m\u2019arracher.<\/p>\n<p>&nbsp;<\/p>\n<p><strong>Je garde aussi la m\u00e9moire, au cas o\u00f9\u2026<\/strong><\/p>\n","protected":false},"excerpt":{"rendered":"<p>J\u2019ai \u00e9t\u00e9 Maire durant 24 ans. Je le suis devenu presque par hasard et j\u2019ai cess\u00e9 de l\u2019\u00eatre volontairement. &nbsp; Je peux donc d\u2019autant plus naturellement dire la grandeur de cette fonction\u2026 la plus belle sans doute de toutes les fonctions \u00e9lectives. &nbsp; Un bon Maire, quelque soit la couleur politique,\u00a0vit sa ville, ses pulsions, &hellip; <\/p>\n<p><a class=\"more-link btn\" href=\"http:\/\/www.gcaudron.com\/?page_id=5815\">Continue reading<\/a><\/p>\n","protected":false},"author":3,"featured_media":0,"parent":1021,"menu_order":75,"comment_status":"closed","ping_status":"closed","template":"","meta":{"footnotes":""},"class_list":["post-5815","page","type-page","status-publish","hentry","nodate","item-wrap"],"_links":{"self":[{"href":"http:\/\/www.gcaudron.com\/index.php?rest_route=\/wp\/v2\/pages\/5815","targetHints":{"allow":["GET"]}}],"collection":[{"href":"http:\/\/www.gcaudron.com\/index.php?rest_route=\/wp\/v2\/pages"}],"about":[{"href":"http:\/\/www.gcaudron.com\/index.php?rest_route=\/wp\/v2\/types\/page"}],"author":[{"embeddable":true,"href":"http:\/\/www.gcaudron.com\/index.php?rest_route=\/wp\/v2\/users\/3"}],"replies":[{"embeddable":true,"href":"http:\/\/www.gcaudron.com\/index.php?rest_route=%2Fwp%2Fv2%2Fcomments&post=5815"}],"version-history":[{"count":1,"href":"http:\/\/www.gcaudron.com\/index.php?rest_route=\/wp\/v2\/pages\/5815\/revisions"}],"predecessor-version":[{"id":5816,"href":"http:\/\/www.gcaudron.com\/index.php?rest_route=\/wp\/v2\/pages\/5815\/revisions\/5816"}],"up":[{"embeddable":true,"href":"http:\/\/www.gcaudron.com\/index.php?rest_route=\/wp\/v2\/pages\/1021"}],"wp:attachment":[{"href":"http:\/\/www.gcaudron.com\/index.php?rest_route=%2Fwp%2Fv2%2Fmedia&parent=5815"}],"curies":[{"name":"wp","href":"https:\/\/api.w.org\/{rel}","templated":true}]}}