{"id":5813,"date":"2017-10-31T01:44:22","date_gmt":"2017-10-31T00:44:22","guid":{"rendered":"http:\/\/www.gcaudron.com\/?page_id=5813"},"modified":"2017-10-31T01:44:22","modified_gmt":"2017-10-31T00:44:22","slug":"mai-68","status":"publish","type":"page","link":"http:\/\/www.gcaudron.com\/?page_id=5813","title":{"rendered":"MAI 68"},"content":{"rendered":"<p>\u201dMon Mai 68 \u00e0 moi\u201d. J\u2019avais 23 ans et j\u2019\u00e9tais \u00e9tudiant, salari\u00e9 et mari\u00e9. Il ne fut ni m\u00e9diatique, ni violent et parisien\u2026 il fut clermontois, \u201cbasiste\u201d, et agit\u00e9.<\/p>\n<p>&nbsp;<\/p>\n<p>Cela commen\u00e7a d\u2019ailleurs bien avant le \u201dMouvement du 22 mars\u201d, devant la Pr\u00e9fecture de Clermont-Ferrand. Nous n\u2019\u00e9tions alors que quelques dizaines \u00e0 manifester pour la d\u00e9fense de la S\u00e9curit\u00e9 Sociale (d\u00e9j\u00e0).<\/p>\n<p>&nbsp;<\/p>\n<p>Au demeurant, il m\u2019est aujourd\u2019hui difficile de r\u00e9sumer ou de d\u00e9crire une p\u00e9riode pourtant bien courte, mais si dense, que\u00a0<strong>ce mois de mai\u00a0<\/strong>reste un des moments les plus importants du 20\u00e8me\u00a0si\u00e8cle dans la m\u00e9moire sinon l\u2019imagerie populaire.<\/p>\n<p>&nbsp;<\/p>\n<p>J\u2019en parlerai donc par petites touches, images, odeurs.<\/p>\n<p><strong>&#8211;\u00a0<\/strong>La fac de droit et de sciences \u00e9conomiques la nuit : c\u2019est la premi\u00e8re fois que nous la voyions ainsi. La d\u00e9cision de l\u2019occuper avait \u00e9t\u00e9 prise. On \u00e9tait venu me chercher chez moi. Je d\u00e9couvrais un nouvel univers, bien diff\u00e9rent de l\u2019ambiance feutr\u00e9e du jour.<\/p>\n<p><strong>&#8211;\u00a0<\/strong>La manif. du 13 mai : nous sommes des dizaines de milliers sous le soleil, d\u00e9termin\u00e9s \u00e0 changer la soci\u00e9t\u00e9 et convaincus que nous allions gagner !<\/p>\n<p><strong>&#8211;\u00a0<\/strong>Celle du 31 mai, (17 jours plus tard), tout aussi imposante\u2026 mais gaulliste. Je suis seul au bord du trottoir \u00e0 contre-manifester, le poing en l\u2019air en chantant \u201dl\u2019Internationale\u201d sous des tombereaux de regards et de cris haineux.<\/p>\n<p>&nbsp;<\/p>\n<p>Entre temps, \u00e0 la radio, sur EUROPE 1, on entend Dany le Rouge et bien d\u2019autres\u2026des cris, des chants, les \u00e9v\u00e8nements pour la premi\u00e8re fois en direct.<\/p>\n<p>&nbsp;<\/p>\n<p>Parall\u00e8lement, Mend\u00e8s-France et Mitterrand sont pr\u00eats \u00e0 \u201cprendre le pouvoir\u201d \u00e0 Charletty.<\/p>\n<p>&nbsp;<\/p>\n<p>De Gaulle est avec l\u2019arm\u00e9e fran\u00e7aise de Baden Baden, en Allemagne.<\/p>\n<p>&nbsp;<\/p>\n<p>Le monde ouvrier et syndical s\u2019est mis en marche avec r\u00e9ticence derri\u00e8re des \u00e9tudiants gauchistes\u2026<\/p>\n<p>&nbsp;<\/p>\n<p>Pompidou est pr\u00eat \u00e0 n\u00e9gocier avec des syndicats qui ne demandent que cela\u2026<\/p>\n<p>&nbsp;<\/p>\n<p>A Clermont-Ferrand, sur la place de Jaude, tous les soirs, c\u2019est l\u2019odeur \u00e2cre des gaz lacrymog\u00e8nes, le bruit sourd des bottes de CRS qui chargent (on entend le bruit avant de les voir quand on n\u2019est pas en t\u00eate de cort\u00e8ge).<\/p>\n<p>&nbsp;<\/p>\n<p>Une exp\u00e9dition : la travers\u00e9e d\u2019une France h\u00e9riss\u00e9e de drapeaux rouges pour venir voir mes parents \u00e0 Laon, en Renault 8, avec des jerricans d\u2019essence dans le coffre pour cause de stations services ferm\u00e9es\u2026<\/p>\n<p>&nbsp;<\/p>\n<p>Ma jeune soeur qui, toute fi\u00e8re, vient de se mettre en gr\u00e8ve, ce qui provoque une col\u00e8re inqui\u00e8te de mon p\u00e8re pourtant d\u2019accord avec le mouvement. Etc,etc,\u2026<\/p>\n<p>&nbsp;<\/p>\n<p>En f\u00e9vrier 68, militants de la FGDS de Fran\u00e7ois Mitterrand, nous n\u2019\u00e9tions pas tr\u00e8s nombreux avec quelques \u00e9tudiants du PCF et quelques PSU \u00e0 repr\u00e9senter la gauche \u00e0 Clermont-Ferrand.<\/p>\n<p>&nbsp;<\/p>\n<p>En mai 68, nous f\u00fbmes brutalement submerg\u00e9s par les nouveaux r\u00e9volutionnaires.<\/p>\n<p>En juin 68, nous rest\u00e2mes une poign\u00e9e \u00e0 discuter de la R\u00e9forme de l\u2019Universit\u00e9 et, pour ceux qui, comme moi, travaillaient l\u2019\u00e9t\u00e9, \u00e0 devoir subir le report des examens en septembre.<\/p>\n<p>&nbsp;<\/p>\n<p>De Gaulle \u00e9tait revenu avant d\u2019\u00eatre chass\u00e9 un an plus tard par les siens. Pompidou \u00e9tait au sommet, ce qui va irriter le G\u00e9n\u00e9ral.<\/p>\n<p>&nbsp;<\/p>\n<p>Mitterrand allait retraverser un d\u00e9sert et Mend\u00e8s-France s\u2019effacer d\u00e9finitivement dans le sillage de Gaston Defferre en 1969, lors des pr\u00e9sidentielles o\u00f9 il obtint \u00e0 peine plus de 5%.<\/p>\n<p>&nbsp;<\/p>\n<p>Et pour clore le tout, en juin toujours, je vais faire la campagne d\u2019un candidat socialiste dans les campagnes de l\u2019Aisne encore terroris\u00e9es par les voitures qui br\u00fblaient dans le Quartier Latin \u00e0 Paris.<\/p>\n<p>&nbsp;<\/p>\n<p>Il n\u2019y avait alors quasiment personne aux r\u00e9unions publiques et il y eut ensuite tr\u00e8s peu de bulletins socialistes dans les urnes.<\/p>\n<p>&nbsp;<\/p>\n<p>Aux \u00e9lections l\u00e9gislatives g\u00e9n\u00e9rales, les gauches seront, comme jamais, r\u00e9duites \u00e0 leur plus simple expression avec quelques dizaines de d\u00e9put\u00e9s au total.<\/p>\n","protected":false},"excerpt":{"rendered":"<p>\u201dMon Mai 68 \u00e0 moi\u201d. J\u2019avais 23 ans et j\u2019\u00e9tais \u00e9tudiant, salari\u00e9 et mari\u00e9. Il ne fut ni m\u00e9diatique, ni violent et parisien\u2026 il fut clermontois, \u201cbasiste\u201d, et agit\u00e9. &nbsp; Cela commen\u00e7a d\u2019ailleurs bien avant le \u201dMouvement du 22 mars\u201d, devant la Pr\u00e9fecture de Clermont-Ferrand. Nous n\u2019\u00e9tions alors que quelques dizaines \u00e0 manifester pour la &hellip; <\/p>\n<p><a class=\"more-link btn\" href=\"http:\/\/www.gcaudron.com\/?page_id=5813\">Continue reading<\/a><\/p>\n","protected":false},"author":3,"featured_media":0,"parent":1021,"menu_order":74,"comment_status":"closed","ping_status":"closed","template":"","meta":{"footnotes":""},"class_list":["post-5813","page","type-page","status-publish","hentry","nodate","item-wrap"],"_links":{"self":[{"href":"http:\/\/www.gcaudron.com\/index.php?rest_route=\/wp\/v2\/pages\/5813","targetHints":{"allow":["GET"]}}],"collection":[{"href":"http:\/\/www.gcaudron.com\/index.php?rest_route=\/wp\/v2\/pages"}],"about":[{"href":"http:\/\/www.gcaudron.com\/index.php?rest_route=\/wp\/v2\/types\/page"}],"author":[{"embeddable":true,"href":"http:\/\/www.gcaudron.com\/index.php?rest_route=\/wp\/v2\/users\/3"}],"replies":[{"embeddable":true,"href":"http:\/\/www.gcaudron.com\/index.php?rest_route=%2Fwp%2Fv2%2Fcomments&post=5813"}],"version-history":[{"count":1,"href":"http:\/\/www.gcaudron.com\/index.php?rest_route=\/wp\/v2\/pages\/5813\/revisions"}],"predecessor-version":[{"id":5814,"href":"http:\/\/www.gcaudron.com\/index.php?rest_route=\/wp\/v2\/pages\/5813\/revisions\/5814"}],"up":[{"embeddable":true,"href":"http:\/\/www.gcaudron.com\/index.php?rest_route=\/wp\/v2\/pages\/1021"}],"wp:attachment":[{"href":"http:\/\/www.gcaudron.com\/index.php?rest_route=%2Fwp%2Fv2%2Fmedia&parent=5813"}],"curies":[{"name":"wp","href":"https:\/\/api.w.org\/{rel}","templated":true}]}}