{"id":5801,"date":"2017-10-31T01:40:02","date_gmt":"2017-10-31T00:40:02","guid":{"rendered":"http:\/\/www.gcaudron.com\/?page_id=5801"},"modified":"2017-10-31T01:40:02","modified_gmt":"2017-10-31T00:40:02","slug":"lao-tseu-500-ans-avant-jc","status":"publish","type":"page","link":"http:\/\/www.gcaudron.com\/?page_id=5801","title":{"rendered":"LAO \u2013 TSEU (500 ANS AVANT JC)"},"content":{"rendered":"<p>\u00ab Si quelqu\u2019un t\u2019a offens\u00e9, ne cherche pas \u00e0 te venger.<\/p>\n<p>&nbsp;<\/p>\n<p>Assieds-toi au bord de la rivi\u00e8re, et bient\u00f4t tu verras passer son cadavre \u00bb.6<\/p>\n","protected":false},"excerpt":{"rendered":"<p>\u00ab Si quelqu\u2019un t\u2019a offens\u00e9, ne cherche pas \u00e0 te venger. &nbsp; Assieds-toi au bord de la rivi\u00e8re, et bient\u00f4t tu verras passer son cadavre \u00bb.6<\/p>\n","protected":false},"author":3,"featured_media":0,"parent":1021,"menu_order":68,"comment_status":"closed","ping_status":"closed","template":"","meta":{"footnotes":""},"class_list":["post-5801","page","type-page","status-publish","hentry","nodate","item-wrap"],"_links":{"self":[{"href":"http:\/\/www.gcaudron.com\/index.php?rest_route=\/wp\/v2\/pages\/5801","targetHints":{"allow":["GET"]}}],"collection":[{"href":"http:\/\/www.gcaudron.com\/index.php?rest_route=\/wp\/v2\/pages"}],"about":[{"href":"http:\/\/www.gcaudron.com\/index.php?rest_route=\/wp\/v2\/types\/page"}],"author":[{"embeddable":true,"href":"http:\/\/www.gcaudron.com\/index.php?rest_route=\/wp\/v2\/users\/3"}],"replies":[{"embeddable":true,"href":"http:\/\/www.gcaudron.com\/index.php?rest_route=%2Fwp%2Fv2%2Fcomments&post=5801"}],"version-history":[{"count":1,"href":"http:\/\/www.gcaudron.com\/index.php?rest_route=\/wp\/v2\/pages\/5801\/revisions"}],"predecessor-version":[{"id":5802,"href":"http:\/\/www.gcaudron.com\/index.php?rest_route=\/wp\/v2\/pages\/5801\/revisions\/5802"}],"up":[{"embeddable":true,"href":"http:\/\/www.gcaudron.com\/index.php?rest_route=\/wp\/v2\/pages\/1021"}],"wp:attachment":[{"href":"http:\/\/www.gcaudron.com\/index.php?rest_route=%2Fwp%2Fv2%2Fmedia&parent=5801"}],"curies":[{"name":"wp","href":"https:\/\/api.w.org\/{rel}","templated":true}]}}