{"id":5791,"date":"2017-10-31T01:35:19","date_gmt":"2017-10-31T00:35:19","guid":{"rendered":"http:\/\/www.gcaudron.com\/?page_id=5791"},"modified":"2017-10-31T01:35:19","modified_gmt":"2017-10-31T00:35:19","slug":"kouchner-bernard","status":"publish","type":"page","link":"http:\/\/www.gcaudron.com\/?page_id=5791","title":{"rendered":"KOUCHNER BERNARD"},"content":{"rendered":"<p>Il est sympa, direct, populaire et donc quasiment inexistant dans le paysage politique national.<\/p>\n<p>&nbsp;<\/p>\n<p>Il faut en effet pour y exister et y rester, une duret\u00e9 et une capacit\u00e9 de manoeuvre qui n\u2019ont jamais \u00e9t\u00e9 les principales caract\u00e9ristiques de Bernard KOUCHNER.<\/p>\n<p>&nbsp;<\/p>\n<p>Pas de v\u00e9ritable langue de bois, de l\u2019humour \u00e0 revendre, une ambition \u201ctrop naturelle\u201d pour \u00eatre bien vue des siens.<\/p>\n<p>&nbsp;<\/p>\n<p>Il a fait grincer bien des dents apr\u00e8s son \u00e9lection au Parlement Europ\u00e9en en 1994, quand il a d\u00e9clar\u00e9 n\u2019avoir pas vot\u00e9 pour la liste o\u00f9 il figurait, mais, pour celle de Bernard TAPIE\u2026<\/p>\n<p>&nbsp;<\/p>\n<p>Ensuite, heureusement,\u00a0<strong>il a travaill\u00e9 et plut\u00f4t<\/strong>\u00a0<strong>bien travaill\u00e9\u00a0<\/strong>en commission comme en pl\u00e9ni\u00e8re.<\/p>\n<p>&nbsp;<\/p>\n<p>Plus tard, on le retrouvera au Kosovo pour une mission o\u00f9 il montrera ses comp\u00e9tences.<\/p>\n<p>Aujourd\u2019hui, comme bien d\u2019autres, il est en friche\u2026<\/p>\n<p>&nbsp;<\/p>\n<p>Un exemple \u00e0 m\u00e9diter par ceux qui confondent trop souvent c\u00f4te de popularit\u00e9 et capacit\u00e9 \u00e0 se faire \u00e9lire.<\/p>\n","protected":false},"excerpt":{"rendered":"<p>Il est sympa, direct, populaire et donc quasiment inexistant dans le paysage politique national. &nbsp; Il faut en effet pour y exister et y rester, une duret\u00e9 et une capacit\u00e9 de manoeuvre qui n\u2019ont jamais \u00e9t\u00e9 les principales caract\u00e9ristiques de Bernard KOUCHNER. &nbsp; Pas de v\u00e9ritable langue de bois, de l\u2019humour \u00e0 revendre, une ambition &hellip; <\/p>\n<p><a class=\"more-link btn\" href=\"http:\/\/www.gcaudron.com\/?page_id=5791\">Continue reading<\/a><\/p>\n","protected":false},"author":3,"featured_media":0,"parent":1021,"menu_order":63,"comment_status":"closed","ping_status":"closed","template":"","meta":{"footnotes":""},"class_list":["post-5791","page","type-page","status-publish","hentry","nodate","item-wrap"],"_links":{"self":[{"href":"http:\/\/www.gcaudron.com\/index.php?rest_route=\/wp\/v2\/pages\/5791","targetHints":{"allow":["GET"]}}],"collection":[{"href":"http:\/\/www.gcaudron.com\/index.php?rest_route=\/wp\/v2\/pages"}],"about":[{"href":"http:\/\/www.gcaudron.com\/index.php?rest_route=\/wp\/v2\/types\/page"}],"author":[{"embeddable":true,"href":"http:\/\/www.gcaudron.com\/index.php?rest_route=\/wp\/v2\/users\/3"}],"replies":[{"embeddable":true,"href":"http:\/\/www.gcaudron.com\/index.php?rest_route=%2Fwp%2Fv2%2Fcomments&post=5791"}],"version-history":[{"count":1,"href":"http:\/\/www.gcaudron.com\/index.php?rest_route=\/wp\/v2\/pages\/5791\/revisions"}],"predecessor-version":[{"id":5792,"href":"http:\/\/www.gcaudron.com\/index.php?rest_route=\/wp\/v2\/pages\/5791\/revisions\/5792"}],"up":[{"embeddable":true,"href":"http:\/\/www.gcaudron.com\/index.php?rest_route=\/wp\/v2\/pages\/1021"}],"wp:attachment":[{"href":"http:\/\/www.gcaudron.com\/index.php?rest_route=%2Fwp%2Fv2%2Fmedia&parent=5791"}],"curies":[{"name":"wp","href":"https:\/\/api.w.org\/{rel}","templated":true}]}}