{"id":5789,"date":"2017-10-31T01:34:19","date_gmt":"2017-10-31T00:34:19","guid":{"rendered":"http:\/\/www.gcaudron.com\/?page_id=5789"},"modified":"2017-10-31T01:34:19","modified_gmt":"2017-10-31T00:34:19","slug":"jumelages","status":"publish","type":"page","link":"http:\/\/www.gcaudron.com\/?page_id=5789","title":{"rendered":"JUMELAGES"},"content":{"rendered":"<p><strong>Villeneuve d\u2019Ascq<\/strong>, nouvelle ville n\u00e9e en 1970 n\u2019a, de ce fait, pas connu la tradition des \u201cjumelages &#8211; r\u00e9conciliations\u201d des ann\u00e9es 50.<\/p>\n<p>&nbsp;<\/p>\n<p>C\u2019est donc pour marquer sa soif de diff\u00e9rence, qu\u2019elle s\u2019est d\u2019abord unie dans les ann\u00e9es 80 avec STIRLING en \u00c9cosse et son \u201cWallace Monument\u201d, symbole de r\u00e9sistance.<\/p>\n<p>&nbsp;<\/p>\n<p>C\u2019est sans doute pour retrouver l\u2019esprit pionnier cher aux qu\u00e9b\u00e9cois qu\u2019une charte a \u00e9t\u00e9 sign\u00e9e avec HULL ville voisine, et \u201crivale\u201d d\u2019Ottawa.<\/p>\n<p>&nbsp;<\/p>\n<p>Lille pr\u00e9f\u00e9rant Courtrai, c\u2019est Villeneuve d\u2019Ascq qui tendra la main \u00e0 TOURNAI.<\/p>\n<p>&nbsp;<\/p>\n<p>L\u2019enrichissement des cultures multiples nous conduira tr\u00e8s vite \u00e0 \u00e9changer abondamment avec\u00a0<strong>la ville de LA POSSESSION\u00a0<\/strong>\u00e0 la R\u00e9union.<\/p>\n<p><strong>\u00a0<\/strong><\/p>\n<p>En 2000, les racines hell\u00e9nistes des europ\u00e9ens sont suffisamment ancr\u00e9es dans nos coeurs pour justifier d\u2019un lien privil\u00e9gi\u00e9 avec HA\u00cfDARI pr\u00e8s d\u2019Ath\u00e8nes.<\/p>\n<p>&nbsp;<\/p>\n<p>En 2001, l\u2019heure \u00e9tait enfin arriv\u00e9e de regarder, aux c\u00f4t\u00e9s d\u2019une ville amie allemande,<\/p>\n<p>LEVERKUSEN, notre histoire, Ascq et son massacre.<\/p>\n<p>&nbsp;<\/p>\n<p>Notre ville a, bien s\u00fbr, continu\u00e9 \u00e0 conforter ses liens avec la Roumanie nou\u00e9s avec TICLENI d\u00e8s la chute de Ceausescu.<\/p>\n<p>&nbsp;<\/p>\n<p>Enfin, on n\u2019oubliera\u00a0<strong>pas les jumelages et multiples actions de coop\u00e9ration\u00a0<\/strong>visant \u00e0 aider au d\u00e9veloppement de nos amis et voisins des pays du Sud de l\u2019Europe.<\/p>\n<p>&nbsp;<\/p>\n<p><strong>Les jumelages\u00a0<\/strong>de Villeneuve d\u2019Ascq sont vraiment \u00e0 son image quand ils n\u2019en sont pas tout simplement les reflets.<\/p>\n","protected":false},"excerpt":{"rendered":"<p>Villeneuve d\u2019Ascq, nouvelle ville n\u00e9e en 1970 n\u2019a, de ce fait, pas connu la tradition des \u201cjumelages &#8211; r\u00e9conciliations\u201d des ann\u00e9es 50. &nbsp; C\u2019est donc pour marquer sa soif de diff\u00e9rence, qu\u2019elle s\u2019est d\u2019abord unie dans les ann\u00e9es 80 avec STIRLING en \u00c9cosse et son \u201cWallace Monument\u201d, symbole de r\u00e9sistance. &nbsp; C\u2019est sans doute pour &hellip; <\/p>\n<p><a class=\"more-link btn\" href=\"http:\/\/www.gcaudron.com\/?page_id=5789\">Continue reading<\/a><\/p>\n","protected":false},"author":3,"featured_media":0,"parent":1021,"menu_order":62,"comment_status":"closed","ping_status":"closed","template":"","meta":{"footnotes":""},"class_list":["post-5789","page","type-page","status-publish","hentry","nodate","item-wrap"],"_links":{"self":[{"href":"http:\/\/www.gcaudron.com\/index.php?rest_route=\/wp\/v2\/pages\/5789","targetHints":{"allow":["GET"]}}],"collection":[{"href":"http:\/\/www.gcaudron.com\/index.php?rest_route=\/wp\/v2\/pages"}],"about":[{"href":"http:\/\/www.gcaudron.com\/index.php?rest_route=\/wp\/v2\/types\/page"}],"author":[{"embeddable":true,"href":"http:\/\/www.gcaudron.com\/index.php?rest_route=\/wp\/v2\/users\/3"}],"replies":[{"embeddable":true,"href":"http:\/\/www.gcaudron.com\/index.php?rest_route=%2Fwp%2Fv2%2Fcomments&post=5789"}],"version-history":[{"count":1,"href":"http:\/\/www.gcaudron.com\/index.php?rest_route=\/wp\/v2\/pages\/5789\/revisions"}],"predecessor-version":[{"id":5790,"href":"http:\/\/www.gcaudron.com\/index.php?rest_route=\/wp\/v2\/pages\/5789\/revisions\/5790"}],"up":[{"embeddable":true,"href":"http:\/\/www.gcaudron.com\/index.php?rest_route=\/wp\/v2\/pages\/1021"}],"wp:attachment":[{"href":"http:\/\/www.gcaudron.com\/index.php?rest_route=%2Fwp%2Fv2%2Fmedia&parent=5789"}],"curies":[{"name":"wp","href":"https:\/\/api.w.org\/{rel}","templated":true}]}}