{"id":5761,"date":"2017-10-31T01:24:34","date_gmt":"2017-10-31T00:24:34","guid":{"rendered":"http:\/\/www.gcaudron.com\/?page_id=5761"},"modified":"2017-10-31T01:24:34","modified_gmt":"2017-10-31T00:24:34","slug":"ghetto","status":"publish","type":"page","link":"http:\/\/www.gcaudron.com\/?page_id=5761","title":{"rendered":"GHETTO"},"content":{"rendered":"<p><strong>Un ghetto est<\/strong>, depuis le premier d\u2019entre eux,\u00a0<strong>le r\u00e9sultat d\u2019un double mouvement\u00a0<\/strong>:<\/p>\n<p><strong>\u00a0<\/strong><\/p>\n<p>&#8211; la concentration en un m\u00eame lieu de personnes \u00e0 \u201ccaract\u00e9ristiques semblables\u201d et de nos jours, souvent, de personnes en difficult\u00e9s.<\/p>\n<p>&#8211; la fuite loin de ce lieu des personnes qui ont le d\u00e9sir de le quitter\u2026 et qui en ont les moyens !<\/p>\n<p>Avec une r\u00e9elle prise de conscience, accompagn\u00e9e de mesures relativement simples, pas trop co\u00fbteuses et surtout de bon sens, on peut \u00e9viter la constitution d\u2019un ghetto.<\/p>\n<p>&nbsp;<\/p>\n<p>Quand un ghetto s\u2019est constitu\u00e9, chacun le sait, il est beaucoup plus difficile de le supprimer\u2026<strong>car il est, en plus du reste \u201cdans les t\u00eates\u201d\u00a0<\/strong>de ceux qui y vivent et surtout de tous les autres qui l\u2019entourent.<\/p>\n<p>&nbsp;<\/p>\n<p>Pour \u00e9viter les ghettos, depuis de nombreuses ann\u00e9es, je propose une solution simple en compl\u00e9ment des 20% de logements sociaux aujourd\u2019hui impos\u00e9s aux communes : l\u2019\u00e9l\u00e9vation du plafond de ressources des demandeurs de logements sociaux quand la ville d\u00e9passe les 30 % puis les 40 %, et m\u00eame, comme Villeneuve d\u2019Ascq, les 50 %.<\/p>\n<p>&nbsp;<\/p>\n<p>C\u2019est une condition tout aussi indispensable que le plancher des 20 % si on veut assurer la mixit\u00e9 sociale dans les quartiers et dans les villes.<\/p>\n","protected":false},"excerpt":{"rendered":"<p>Un ghetto est, depuis le premier d\u2019entre eux,\u00a0le r\u00e9sultat d\u2019un double mouvement\u00a0: \u00a0 &#8211; la concentration en un m\u00eame lieu de personnes \u00e0 \u201ccaract\u00e9ristiques semblables\u201d et de nos jours, souvent, de personnes en difficult\u00e9s. &#8211; la fuite loin de ce lieu des personnes qui ont le d\u00e9sir de le quitter\u2026 et qui en ont les &hellip; <\/p>\n<p><a class=\"more-link btn\" href=\"http:\/\/www.gcaudron.com\/?page_id=5761\">Continue reading<\/a><\/p>\n","protected":false},"author":3,"featured_media":0,"parent":1021,"menu_order":48,"comment_status":"closed","ping_status":"closed","template":"","meta":{"footnotes":""},"class_list":["post-5761","page","type-page","status-publish","hentry","nodate","item-wrap"],"_links":{"self":[{"href":"http:\/\/www.gcaudron.com\/index.php?rest_route=\/wp\/v2\/pages\/5761","targetHints":{"allow":["GET"]}}],"collection":[{"href":"http:\/\/www.gcaudron.com\/index.php?rest_route=\/wp\/v2\/pages"}],"about":[{"href":"http:\/\/www.gcaudron.com\/index.php?rest_route=\/wp\/v2\/types\/page"}],"author":[{"embeddable":true,"href":"http:\/\/www.gcaudron.com\/index.php?rest_route=\/wp\/v2\/users\/3"}],"replies":[{"embeddable":true,"href":"http:\/\/www.gcaudron.com\/index.php?rest_route=%2Fwp%2Fv2%2Fcomments&post=5761"}],"version-history":[{"count":1,"href":"http:\/\/www.gcaudron.com\/index.php?rest_route=\/wp\/v2\/pages\/5761\/revisions"}],"predecessor-version":[{"id":5762,"href":"http:\/\/www.gcaudron.com\/index.php?rest_route=\/wp\/v2\/pages\/5761\/revisions\/5762"}],"up":[{"embeddable":true,"href":"http:\/\/www.gcaudron.com\/index.php?rest_route=\/wp\/v2\/pages\/1021"}],"wp:attachment":[{"href":"http:\/\/www.gcaudron.com\/index.php?rest_route=%2Fwp%2Fv2%2Fmedia&parent=5761"}],"curies":[{"name":"wp","href":"https:\/\/api.w.org\/{rel}","templated":true}]}}