{"id":5755,"date":"2017-10-31T01:22:24","date_gmt":"2017-10-31T00:22:24","guid":{"rendered":"http:\/\/www.gcaudron.com\/?page_id=5755"},"modified":"2017-10-31T01:22:24","modified_gmt":"2017-10-31T00:22:24","slug":"fermes-et-chateaux","status":"publish","type":"page","link":"http:\/\/www.gcaudron.com\/?page_id=5755","title":{"rendered":"FERMES &#8211; ET CH\u00c2TEAUX \u2013"},"content":{"rendered":"<p><strong>Le territoire Villeneuvois \u00e9tait au d\u00e9part tr\u00e8s rural.<\/strong><\/p>\n<p><strong>\u00a0<\/strong><\/p>\n<p>Les fermes y \u00e9taient donc particuli\u00e8rement nombreuses : certaines le sont rest\u00e9es, d\u2019autres ont disparu ; il en est qui sont devenues des \u00e9quipements sociaux, des locaux accueillant des services municipaux, des restaurants, des centres pour handicap\u00e9s, sans oublier la ferme nature du H\u00e9ron.<\/p>\n<p>&nbsp;<\/p>\n<p>Une d\u2019entre-elles est m\u00eame devenue un ch\u00e2teau, \u201cle Ch\u00e2teau de Flers\u201d (Ferme d\u2019En-bas).<\/p>\n<p>C\u2019est d\u2019ailleurs le seul ch\u00e2teau qui reste apr\u00e8s la destruction, il y a longtemps, du Ch\u00e2teau du Comte de Montalembert (Annappes)\u2026 et cela m\u00eame, si, dans certains quartiers, on a coutume d\u2019appeler \u201cch\u00e2teaux\u201d toutes les grosses maisons bourgeoises.<\/p>\n<p>&nbsp;<\/p>\n<p><strong>Ces fermes ont donc donn\u00e9 une histoire et un patrimoine\u00a0<\/strong>\u00e0 une Ville nouvelle qui aurait pu en manquer, \u00e0 l\u2019instar de ses soeurs parisiennes.<\/p>\n<p>&nbsp;<\/p>\n<p>Si on ajoute un monument superbement r\u00e9habilit\u00e9 : la Villa Gabrielle, les nombreuses chapelles et m\u00eame des calvaires, on comprendra que le maire que je fus n\u2019a jamais h\u00e9sit\u00e9 \u00e0 apporter son concours \u00e0 leurs survies au nom de l\u2019histoire et au nom du patrimoine commun.<\/p>\n<p>&nbsp;<\/p>\n<p>C\u2019est donc ainsi tr\u00e8s naturellement qu\u2019un Parc arch\u00e9ologique municipal a \u00e9t\u00e9 reconstitu\u00e9, ne serait ce que pour se rappeler que des Gaulois ont v\u00e9cu dans le quartier des Pr\u00e8s, qu\u2019il y a des traces gallo-romaines un peu partout et le souvenir d\u2019une villa carolingienne sur Annappes.<\/p>\n<p>&nbsp;<\/p>\n<p>C\u2019est enfin, tout aussi naturellement, que Villeneuve d\u2019Ascq accueille un mus\u00e9e de Plein air de 13 ha et deux moulins \u00e0 vents typiquement flamands et leur mus\u00e9e\u2026<\/p>\n","protected":false},"excerpt":{"rendered":"<p>Le territoire Villeneuvois \u00e9tait au d\u00e9part tr\u00e8s rural. \u00a0 Les fermes y \u00e9taient donc particuli\u00e8rement nombreuses : certaines le sont rest\u00e9es, d\u2019autres ont disparu ; il en est qui sont devenues des \u00e9quipements sociaux, des locaux accueillant des services municipaux, des restaurants, des centres pour handicap\u00e9s, sans oublier la ferme nature du H\u00e9ron. &nbsp; Une &hellip; <\/p>\n<p><a class=\"more-link btn\" href=\"http:\/\/www.gcaudron.com\/?page_id=5755\">Continue reading<\/a><\/p>\n","protected":false},"author":3,"featured_media":0,"parent":1021,"menu_order":45,"comment_status":"closed","ping_status":"closed","template":"","meta":{"footnotes":""},"class_list":["post-5755","page","type-page","status-publish","hentry","nodate","item-wrap"],"_links":{"self":[{"href":"http:\/\/www.gcaudron.com\/index.php?rest_route=\/wp\/v2\/pages\/5755","targetHints":{"allow":["GET"]}}],"collection":[{"href":"http:\/\/www.gcaudron.com\/index.php?rest_route=\/wp\/v2\/pages"}],"about":[{"href":"http:\/\/www.gcaudron.com\/index.php?rest_route=\/wp\/v2\/types\/page"}],"author":[{"embeddable":true,"href":"http:\/\/www.gcaudron.com\/index.php?rest_route=\/wp\/v2\/users\/3"}],"replies":[{"embeddable":true,"href":"http:\/\/www.gcaudron.com\/index.php?rest_route=%2Fwp%2Fv2%2Fcomments&post=5755"}],"version-history":[{"count":1,"href":"http:\/\/www.gcaudron.com\/index.php?rest_route=\/wp\/v2\/pages\/5755\/revisions"}],"predecessor-version":[{"id":5756,"href":"http:\/\/www.gcaudron.com\/index.php?rest_route=\/wp\/v2\/pages\/5755\/revisions\/5756"}],"up":[{"embeddable":true,"href":"http:\/\/www.gcaudron.com\/index.php?rest_route=\/wp\/v2\/pages\/1021"}],"wp:attachment":[{"href":"http:\/\/www.gcaudron.com\/index.php?rest_route=%2Fwp%2Fv2%2Fmedia&parent=5755"}],"curies":[{"name":"wp","href":"https:\/\/api.w.org\/{rel}","templated":true}]}}