{"id":5743,"date":"2017-10-31T01:07:22","date_gmt":"2017-10-31T00:07:22","guid":{"rendered":"http:\/\/www.gcaudron.com\/?page_id=5743"},"modified":"2017-10-31T01:07:22","modified_gmt":"2017-10-31T00:07:22","slug":"europe","status":"publish","type":"page","link":"http:\/\/www.gcaudron.com\/?page_id=5743","title":{"rendered":"EUROPE"},"content":{"rendered":"<p>Quand on parle de\u00a0<strong>l\u2019Union europ\u00e9enne\u00a0<\/strong>dans laquelle nous vivons avec ses 25 \u00c9tats et ses 460 millions d\u2019habitants,\u00a0<strong>il faut toujours avoir en t\u00eate\u00a0<\/strong>que nous avons affaire \u00e0\u00a0<strong>une construction originale\u00a0<\/strong>sur tous les plans :<\/p>\n<p><strong>\u00a0<\/strong><\/p>\n<p>&#8211; union volontaire sans domination d\u2019aucun de ses membres.<\/p>\n<p>&#8211; budgets et moyens limit\u00e9s en euros et en personnels.<\/p>\n<p>&#8211; comp\u00e9tences encadr\u00e9es par des Trait\u00e9s et donc tr\u00e8s clairement d\u00e9termin\u00e9es<\/p>\n<p>&#8211; \u00e9largissement g\u00e9ographique continu depuis l\u2019Europe des 6 de 1957 \u00e0 l\u2019Europe des 25 d\u2019aujourd\u2019hui et \u00e0 celles des 30 ou 35 de demain.<\/p>\n<p>&nbsp;<\/p>\n<p><strong>Si l\u2019on ajoute \u00e0 cela la jeunesse du processus<\/strong>, 55 ans depuis le CECA (Communaut\u00e9 europ\u00e9enne du charbon et de l\u2019acier) et moins de 50 ans depuis le Trait\u00e9 de Rome, on est en droit \u00e0 la fois de se f\u00e9liciter des r\u00e9sultats obtenus, de comprendre les oublis ou les lacunes et\u00a0<strong>de r\u00e9fl\u00e9chir \u00e0 la fragilit\u00e9\u00a0<\/strong>d\u2019une construction qui, \u00e0 l\u2019\u00e9chelle de l\u2019Histoire, rel\u00e8ve de l\u2019\u00e9ph\u00e9m\u00e8re.<\/p>\n<p>&nbsp;<\/p>\n<p>S\u2019il est un domaine o\u00f9 rien n\u2019est jamais acquis, c\u2019est bien l\u2019Europe.<\/p>\n","protected":false},"excerpt":{"rendered":"<p>Quand on parle de\u00a0l\u2019Union europ\u00e9enne\u00a0dans laquelle nous vivons avec ses 25 \u00c9tats et ses 460 millions d\u2019habitants,\u00a0il faut toujours avoir en t\u00eate\u00a0que nous avons affaire \u00e0\u00a0une construction originale\u00a0sur tous les plans : \u00a0 &#8211; union volontaire sans domination d\u2019aucun de ses membres. &#8211; budgets et moyens limit\u00e9s en euros et en personnels. &#8211; comp\u00e9tences encadr\u00e9es &hellip; <\/p>\n<p><a class=\"more-link btn\" href=\"http:\/\/www.gcaudron.com\/?page_id=5743\">Continue reading<\/a><\/p>\n","protected":false},"author":3,"featured_media":0,"parent":1021,"menu_order":40,"comment_status":"closed","ping_status":"closed","template":"","meta":{"footnotes":""},"class_list":["post-5743","page","type-page","status-publish","hentry","nodate","item-wrap"],"_links":{"self":[{"href":"http:\/\/www.gcaudron.com\/index.php?rest_route=\/wp\/v2\/pages\/5743","targetHints":{"allow":["GET"]}}],"collection":[{"href":"http:\/\/www.gcaudron.com\/index.php?rest_route=\/wp\/v2\/pages"}],"about":[{"href":"http:\/\/www.gcaudron.com\/index.php?rest_route=\/wp\/v2\/types\/page"}],"author":[{"embeddable":true,"href":"http:\/\/www.gcaudron.com\/index.php?rest_route=\/wp\/v2\/users\/3"}],"replies":[{"embeddable":true,"href":"http:\/\/www.gcaudron.com\/index.php?rest_route=%2Fwp%2Fv2%2Fcomments&post=5743"}],"version-history":[{"count":1,"href":"http:\/\/www.gcaudron.com\/index.php?rest_route=\/wp\/v2\/pages\/5743\/revisions"}],"predecessor-version":[{"id":5744,"href":"http:\/\/www.gcaudron.com\/index.php?rest_route=\/wp\/v2\/pages\/5743\/revisions\/5744"}],"up":[{"embeddable":true,"href":"http:\/\/www.gcaudron.com\/index.php?rest_route=\/wp\/v2\/pages\/1021"}],"wp:attachment":[{"href":"http:\/\/www.gcaudron.com\/index.php?rest_route=%2Fwp%2Fv2%2Fmedia&parent=5743"}],"curies":[{"name":"wp","href":"https:\/\/api.w.org\/{rel}","templated":true}]}}