{"id":5737,"date":"2017-10-31T01:05:21","date_gmt":"2017-10-31T00:05:21","guid":{"rendered":"http:\/\/www.gcaudron.com\/?page_id=5737"},"modified":"2017-10-31T01:05:21","modified_gmt":"2017-10-31T00:05:21","slug":"emmanuelli-henri","status":"publish","type":"page","link":"http:\/\/www.gcaudron.com\/?page_id=5737","title":{"rendered":"EMMANUELLI HENRI"},"content":{"rendered":"<p><strong>Henri EMMANUELLI a du coeur et des id\u00e9es.\u00a0<\/strong>Il est fonci\u00e8rement honn\u00eate et entier. C\u2019est un homme de valeur et de passion. Il est porteur d\u2019une certaine id\u00e9e de la gauche qui dans sa dimension r\u00e9publicaine est loin d\u2019\u00eatre d\u00e9pass\u00e9e.<\/p>\n<p>&nbsp;<\/p>\n<p>Mais c\u2019est aussi une sorte \u201cd\u2019ours des Pyr\u00e9n\u00e9es\u201d. Rares sont ceux qui osent une caresse de peur d\u2019avoir un coup de griffe en retour. Cela lui vaut d\u2019\u00eatre souvent isol\u00e9 dans un monde qu\u2019il conna\u00eet bien mais qu\u2019il ma\u00eetrise mal.<\/p>\n<p>&nbsp;<\/p>\n<p>Je l\u2019ai souvent rencontr\u00e9.<\/p>\n<p>&nbsp;<\/p>\n<p>Nous avons toujours pass\u00e9 de bons moments ensemble mais ce furent des moments sans lendemain.<\/p>\n<p>&nbsp;<\/p>\n<p>Il semble toujours vivre en d\u00e9calage par rapport au temps, par rapport \u00e0 ses amis, quand ce n\u2019est pas par rapport au ton qui sied.<\/p>\n<p>&nbsp;<\/p>\n<p>Dernier \u00e9pisode en 2005, par rapport \u00e0 la constitution europ\u00e9enne : Il fait le bon choix. Il l\u2019exprime trop brutalement et donc maladroitement.<\/p>\n<p>&nbsp;<\/p>\n<p>Et finalement, au congr\u00e8s du Parti Socialiste du Mans, il se refuse \u00e0 aller jusqu\u2019au bout de ce choix.<\/p>\n","protected":false},"excerpt":{"rendered":"<p>Henri EMMANUELLI a du coeur et des id\u00e9es.\u00a0Il est fonci\u00e8rement honn\u00eate et entier. C\u2019est un homme de valeur et de passion. Il est porteur d\u2019une certaine id\u00e9e de la gauche qui dans sa dimension r\u00e9publicaine est loin d\u2019\u00eatre d\u00e9pass\u00e9e. &nbsp; Mais c\u2019est aussi une sorte \u201cd\u2019ours des Pyr\u00e9n\u00e9es\u201d. Rares sont ceux qui osent une caresse &hellip; <\/p>\n<p><a class=\"more-link btn\" href=\"http:\/\/www.gcaudron.com\/?page_id=5737\">Continue reading<\/a><\/p>\n","protected":false},"author":3,"featured_media":0,"parent":1021,"menu_order":37,"comment_status":"closed","ping_status":"closed","template":"","meta":{"footnotes":""},"class_list":["post-5737","page","type-page","status-publish","hentry","nodate","item-wrap"],"_links":{"self":[{"href":"http:\/\/www.gcaudron.com\/index.php?rest_route=\/wp\/v2\/pages\/5737","targetHints":{"allow":["GET"]}}],"collection":[{"href":"http:\/\/www.gcaudron.com\/index.php?rest_route=\/wp\/v2\/pages"}],"about":[{"href":"http:\/\/www.gcaudron.com\/index.php?rest_route=\/wp\/v2\/types\/page"}],"author":[{"embeddable":true,"href":"http:\/\/www.gcaudron.com\/index.php?rest_route=\/wp\/v2\/users\/3"}],"replies":[{"embeddable":true,"href":"http:\/\/www.gcaudron.com\/index.php?rest_route=%2Fwp%2Fv2%2Fcomments&post=5737"}],"version-history":[{"count":1,"href":"http:\/\/www.gcaudron.com\/index.php?rest_route=\/wp\/v2\/pages\/5737\/revisions"}],"predecessor-version":[{"id":5738,"href":"http:\/\/www.gcaudron.com\/index.php?rest_route=\/wp\/v2\/pages\/5737\/revisions\/5738"}],"up":[{"embeddable":true,"href":"http:\/\/www.gcaudron.com\/index.php?rest_route=\/wp\/v2\/pages\/1021"}],"wp:attachment":[{"href":"http:\/\/www.gcaudron.com\/index.php?rest_route=%2Fwp%2Fv2%2Fmedia&parent=5737"}],"curies":[{"name":"wp","href":"https:\/\/api.w.org\/{rel}","templated":true}]}}