{"id":5721,"date":"2017-10-31T00:59:04","date_gmt":"2017-10-30T23:59:04","guid":{"rendered":"http:\/\/www.gcaudron.com\/?page_id=5721"},"modified":"2017-10-31T00:59:04","modified_gmt":"2017-10-30T23:59:04","slug":"dequesnes-alfred-pere-et-fils","status":"publish","type":"page","link":"http:\/\/www.gcaudron.com\/?page_id=5721","title":{"rendered":"DEQUESNES ALFRED P\u00c8RE ET FILS"},"content":{"rendered":"<p><strong>Dequesnes Alfred, p\u00e8re,\u00a0<\/strong>Maire SFIO de Flers de 1924 \u00e0 1947.<\/p>\n<p>&nbsp;<\/p>\n<p>Il fut un maire socialiste et un vrai militant ouvrier. Son oeuvre fut consid\u00e9rable.<\/p>\n<p>&nbsp;<\/p>\n<p>Il \u00e9tait \u00e0 la fois visionnaire et concret.<\/p>\n<p>&nbsp;<\/p>\n<p>J\u2019ai l\u2019audace de m\u2019inscrire dans sa filiation\u2026<\/p>\n<p>&nbsp;<\/p>\n<p><strong>Dequesnes Alfred, fils,<\/strong><\/p>\n<p><strong>\u00a0<\/strong><\/p>\n<p>Dans un contexte politique local difficile, son fils entretiendra la flamme de 1947 \u00e0 1977, date \u00e0 laquelle la gauche va prendre la suite de Jean Desmarets qui avait \u00e9t\u00e9 Maire CNIP de Flers puis de Villeneuve d\u2019Ascq.<\/p>\n<p>&nbsp;<\/p>\n<p>Je dois beaucoup \u00e0 Alfred Dequesnes. C\u2019est lui qui m\u2019a \u201cappris\u201d ma ville, son histoire et ses acteurs. Jeune militant, j\u2019ai pass\u00e9 des jours et des jours \u00e0 ses c\u00f4t\u00e9s.<\/p>\n<p>&nbsp;<\/p>\n<p>\u00c9lu Maire de Villeneuve d\u2019Ascq, je n\u2019ai jamais cess\u00e9 de l\u2019\u00e9couter\u2026 et de l\u2019entendre.<\/p>\n<p>Sa disparition et son oubli par les nouvelles g\u00e9n\u00e9rations de socialistes a marqu\u00e9 une rupture avec ce que certains ont pu autrefois appeler \u201cle socialisme municipal\u201d dont je me r\u00e9clamais.<\/p>\n<p>&nbsp;<\/p>\n<p>Ce socialisme municipal n\u2019\u00e9tait pas une panac\u00e9e\u2026 mais pour autant, \u00e0 l\u2019\u00e9poque, on pouvait mesurer les diff\u00e9rences entre une commune de gauche et une commune de droite dans tous les aspects de sa vie quotidienne.<\/p>\n<p>&nbsp;<\/p>\n<p>Aujourd\u2019hui, je laisse \u00e0 chacun le soin de juger si cela reste aussi \u00e9vident.<\/p>\n","protected":false},"excerpt":{"rendered":"<p>Dequesnes Alfred, p\u00e8re,\u00a0Maire SFIO de Flers de 1924 \u00e0 1947. &nbsp; Il fut un maire socialiste et un vrai militant ouvrier. Son oeuvre fut consid\u00e9rable. &nbsp; Il \u00e9tait \u00e0 la fois visionnaire et concret. &nbsp; J\u2019ai l\u2019audace de m\u2019inscrire dans sa filiation\u2026 &nbsp; Dequesnes Alfred, fils, \u00a0 Dans un contexte politique local difficile, son fils &hellip; <\/p>\n<p><a class=\"more-link btn\" href=\"http:\/\/www.gcaudron.com\/?page_id=5721\">Continue reading<\/a><\/p>\n","protected":false},"author":3,"featured_media":0,"parent":1021,"menu_order":29,"comment_status":"closed","ping_status":"closed","template":"","meta":{"footnotes":""},"class_list":["post-5721","page","type-page","status-publish","hentry","nodate","item-wrap"],"_links":{"self":[{"href":"http:\/\/www.gcaudron.com\/index.php?rest_route=\/wp\/v2\/pages\/5721","targetHints":{"allow":["GET"]}}],"collection":[{"href":"http:\/\/www.gcaudron.com\/index.php?rest_route=\/wp\/v2\/pages"}],"about":[{"href":"http:\/\/www.gcaudron.com\/index.php?rest_route=\/wp\/v2\/types\/page"}],"author":[{"embeddable":true,"href":"http:\/\/www.gcaudron.com\/index.php?rest_route=\/wp\/v2\/users\/3"}],"replies":[{"embeddable":true,"href":"http:\/\/www.gcaudron.com\/index.php?rest_route=%2Fwp%2Fv2%2Fcomments&post=5721"}],"version-history":[{"count":1,"href":"http:\/\/www.gcaudron.com\/index.php?rest_route=\/wp\/v2\/pages\/5721\/revisions"}],"predecessor-version":[{"id":5722,"href":"http:\/\/www.gcaudron.com\/index.php?rest_route=\/wp\/v2\/pages\/5721\/revisions\/5722"}],"up":[{"embeddable":true,"href":"http:\/\/www.gcaudron.com\/index.php?rest_route=\/wp\/v2\/pages\/1021"}],"wp:attachment":[{"href":"http:\/\/www.gcaudron.com\/index.php?rest_route=%2Fwp%2Fv2%2Fmedia&parent=5721"}],"curies":[{"name":"wp","href":"https:\/\/api.w.org\/{rel}","templated":true}]}}