{"id":5716,"date":"2017-10-31T00:57:08","date_gmt":"2017-10-30T23:57:08","guid":{"rendered":"http:\/\/www.gcaudron.com\/?page_id=5716"},"modified":"2017-10-31T00:57:08","modified_gmt":"2017-10-30T23:57:08","slug":"defferre-gaston","status":"publish","type":"page","link":"http:\/\/www.gcaudron.com\/?page_id=5716","title":{"rendered":"DEFFERRE GASTON"},"content":{"rendered":"<p>De Gaston Defferre, je retiendrai toujours une image : j\u2019\u00e9tais arriv\u00e9 \u00e0 Tokyo, tr\u00e8s chiffonn\u00e9 et les traits tir\u00e9s apr\u00e8s 18h d\u2019avion pour participer au congr\u00e8s mondial des \u00ab Sciences City \u00bb \u00e0 Kyoto.<\/p>\n<p>&nbsp;<\/p>\n<p>A l\u2019ambassade de France o\u00f9 nous \u00e9tions re\u00e7us, Gaston Defferre, alors Ministre (c\u2019\u00e9tait en 1985) arrive les traits lisses, tr\u00e8s d\u00e9tendu, bien repos\u00e9 et le regard p\u00e9tillant.<\/p>\n<p>&nbsp;<\/p>\n<p>Les personnels d\u2019Ambassade \u201cpapillonnent\u201d et l\u2019entourent en le complimentant pour sa forme remarquable et Gaston tout patelin, de leur r\u00e9pondre : \u00ab\u00a0mais je n\u2019ai aucun m\u00e9rite\u2026 je monte dans l\u2019avion\u2026 je m\u2019installe\u2026 et je m\u2019endors\u2026\u00a0\u00bb<\/p>\n<p>&nbsp;<\/p>\n<p>Quelle chance, en effet, ont alors pens\u00e9 la plupart d\u2019entre nous pour qui un vol reste un moment d\u2019angoisse plus ou moins long, o\u00f9 le sommeil est l\u2019exception.<\/p>\n<p>&nbsp;<\/p>\n<p>Cette image tr\u00e8s repr\u00e9sentative du personnage ne me fait pas oublier bien sur tout le reste : Monsieur X l\u2019homme de la grande f\u00e9d\u00e9ration qui d\u00e9bouchera sur la FGDS (F\u00e9d\u00e9ration de la gauche d\u00e9mocrate et socialiste), le Maire charismatique de Marseille, le Ministre de la D\u00e9centralisation\u2026<\/p>\n<p>&nbsp;<\/p>\n<p>Un homme politique de \u201cl\u2019autre g\u00e9n\u00e9ration\u201d avec ses d\u00e9fauts sans doute\u2026 mais avec du charme et de l\u2019humain.<\/p>\n","protected":false},"excerpt":{"rendered":"<p>De Gaston Defferre, je retiendrai toujours une image : j\u2019\u00e9tais arriv\u00e9 \u00e0 Tokyo, tr\u00e8s chiffonn\u00e9 et les traits tir\u00e9s apr\u00e8s 18h d\u2019avion pour participer au congr\u00e8s mondial des \u00ab Sciences City \u00bb \u00e0 Kyoto. &nbsp; A l\u2019ambassade de France o\u00f9 nous \u00e9tions re\u00e7us, Gaston Defferre, alors Ministre (c\u2019\u00e9tait en 1985) arrive les traits lisses, tr\u00e8s &hellip; <\/p>\n<p><a class=\"more-link btn\" href=\"http:\/\/www.gcaudron.com\/?page_id=5716\">Continue reading<\/a><\/p>\n","protected":false},"author":3,"featured_media":0,"parent":1021,"menu_order":28,"comment_status":"closed","ping_status":"closed","template":"","meta":{"footnotes":""},"class_list":["post-5716","page","type-page","status-publish","hentry","nodate","item-wrap"],"_links":{"self":[{"href":"http:\/\/www.gcaudron.com\/index.php?rest_route=\/wp\/v2\/pages\/5716","targetHints":{"allow":["GET"]}}],"collection":[{"href":"http:\/\/www.gcaudron.com\/index.php?rest_route=\/wp\/v2\/pages"}],"about":[{"href":"http:\/\/www.gcaudron.com\/index.php?rest_route=\/wp\/v2\/types\/page"}],"author":[{"embeddable":true,"href":"http:\/\/www.gcaudron.com\/index.php?rest_route=\/wp\/v2\/users\/3"}],"replies":[{"embeddable":true,"href":"http:\/\/www.gcaudron.com\/index.php?rest_route=%2Fwp%2Fv2%2Fcomments&post=5716"}],"version-history":[{"count":1,"href":"http:\/\/www.gcaudron.com\/index.php?rest_route=\/wp\/v2\/pages\/5716\/revisions"}],"predecessor-version":[{"id":5717,"href":"http:\/\/www.gcaudron.com\/index.php?rest_route=\/wp\/v2\/pages\/5716\/revisions\/5717"}],"up":[{"embeddable":true,"href":"http:\/\/www.gcaudron.com\/index.php?rest_route=\/wp\/v2\/pages\/1021"}],"wp:attachment":[{"href":"http:\/\/www.gcaudron.com\/index.php?rest_route=%2Fwp%2Fv2%2Fmedia&parent=5716"}],"curies":[{"name":"wp","href":"https:\/\/api.w.org\/{rel}","templated":true}]}}