{"id":5700,"date":"2017-10-31T00:44:43","date_gmt":"2017-10-30T23:44:43","guid":{"rendered":"http:\/\/www.gcaudron.com\/?page_id=5700"},"modified":"2017-10-31T00:44:43","modified_gmt":"2017-10-30T23:44:43","slug":"citoyen-deurope","status":"publish","type":"page","link":"http:\/\/www.gcaudron.com\/?page_id=5700","title":{"rendered":"CITOYEN D\u2019EUROPE"},"content":{"rendered":"<p>N\u00e9e en 1989 sous le nom d\u2019Unit\u00e9 89 pour l\u2019Europe\u201d, cette association pour une Europe citoyenne, sociale, culturelle, solidaire et humaine a connu de grands moments du temps o\u00f9 elle disposait des moyens mat\u00e9riels de son D\u00e9put\u00e9 europ\u00e9en moi-m\u00eame avec, en particulier, une\u00a0<strong>Maison du Citoyen d\u2019Europe\u00a0<\/strong>\u00e0 Villeneuve d\u2019Ascq.<\/p>\n<p><strong>\u00a0<\/strong><\/p>\n<p>Aujourd\u2019hui, plus modestement, elle poursuit son combat pour une autre Europe, revigor\u00e9e par le rejet, le 29 mai 2005, du projet de Constitution europ\u00e9enne ultralib\u00e9rale, labellis\u00e9e Valery Giscard d\u2019Estaing.<\/p>\n<p>&nbsp;<\/p>\n<p>Les militants sont certes moins nombreux mais ils sont toujours aussi d\u00e9termin\u00e9s.<\/p>\n<p>&nbsp;<\/p>\n<p>La Maison du Citoyen d\u2019Europe est devenue une boutique \u00e0 pizzas, un symbole qui, \u00e0 Villeneuve d\u2019Ascq, prend une dimension particuli\u00e8re.<\/p>\n","protected":false},"excerpt":{"rendered":"<p>N\u00e9e en 1989 sous le nom d\u2019Unit\u00e9 89 pour l\u2019Europe\u201d, cette association pour une Europe citoyenne, sociale, culturelle, solidaire et humaine a connu de grands moments du temps o\u00f9 elle disposait des moyens mat\u00e9riels de son D\u00e9put\u00e9 europ\u00e9en moi-m\u00eame avec, en particulier, une\u00a0Maison du Citoyen d\u2019Europe\u00a0\u00e0 Villeneuve d\u2019Ascq. \u00a0 Aujourd\u2019hui, plus modestement, elle poursuit son &hellip; <\/p>\n<p><a class=\"more-link btn\" href=\"http:\/\/www.gcaudron.com\/?page_id=5700\">Continue reading<\/a><\/p>\n","protected":false},"author":3,"featured_media":0,"parent":1021,"menu_order":22,"comment_status":"closed","ping_status":"closed","template":"","meta":{"footnotes":""},"class_list":["post-5700","page","type-page","status-publish","hentry","nodate","item-wrap"],"_links":{"self":[{"href":"http:\/\/www.gcaudron.com\/index.php?rest_route=\/wp\/v2\/pages\/5700","targetHints":{"allow":["GET"]}}],"collection":[{"href":"http:\/\/www.gcaudron.com\/index.php?rest_route=\/wp\/v2\/pages"}],"about":[{"href":"http:\/\/www.gcaudron.com\/index.php?rest_route=\/wp\/v2\/types\/page"}],"author":[{"embeddable":true,"href":"http:\/\/www.gcaudron.com\/index.php?rest_route=\/wp\/v2\/users\/3"}],"replies":[{"embeddable":true,"href":"http:\/\/www.gcaudron.com\/index.php?rest_route=%2Fwp%2Fv2%2Fcomments&post=5700"}],"version-history":[{"count":1,"href":"http:\/\/www.gcaudron.com\/index.php?rest_route=\/wp\/v2\/pages\/5700\/revisions"}],"predecessor-version":[{"id":5701,"href":"http:\/\/www.gcaudron.com\/index.php?rest_route=\/wp\/v2\/pages\/5700\/revisions\/5701"}],"up":[{"embeddable":true,"href":"http:\/\/www.gcaudron.com\/index.php?rest_route=\/wp\/v2\/pages\/1021"}],"wp:attachment":[{"href":"http:\/\/www.gcaudron.com\/index.php?rest_route=%2Fwp%2Fv2%2Fmedia&parent=5700"}],"curies":[{"name":"wp","href":"https:\/\/api.w.org\/{rel}","templated":true}]}}