{"id":5642,"date":"2017-10-31T00:07:25","date_gmt":"2017-10-30T23:07:25","guid":{"rendered":"http:\/\/www.gcaudron.com\/?page_id=5642"},"modified":"2017-10-31T00:32:03","modified_gmt":"2017-10-30T23:32:03","slug":"ascq-le-massacre-d","status":"publish","type":"page","link":"http:\/\/www.gcaudron.com\/?page_id=5642","title":{"rendered":"ASCQ (LE\u00a0MASSACRE D\u2019)"},"content":{"rendered":"<p>Le 1er\u00a0avril 1944 des soldats SS massacrent 86 Ascquois durant la nuit des Rameaux. Certains \u00e9taient des vieillards, d\u2019autres des adolescents.<\/p>\n<p>&nbsp;<\/p>\n<p>Les guerres ont certes vu de tous temps et en tous lieux se commettre des crimes et des actes de barbarie que le temps a effac\u00e9 et que l\u2019histoire a oubli\u00e9.<\/p>\n<p>&nbsp;<\/p>\n<p>A Ascq, puis \u00e0 Villeneuve d\u2019Ascq, le souvenir est rest\u00e9 particuli\u00e8rement intense\u2026, allant pendant longtemps jusqu\u2019\u00e0 rendre impossible tout lien officiel avec une ville allemande. Ce n\u2019est, en effet, qu\u2019en 2001 que sera sign\u00e9e une charte d\u2019amiti\u00e9 avec LEVERKUSSEN et ce, apr\u00e8s de longs mois de gestation\u2026<\/p>\n<p>&nbsp;<\/p>\n<p>Pourtant, depuis bien longtemps aussi, Villeneuve d\u2019Ascq incarnait l\u2019image d\u2019une \u00ab ville europ\u00e9enne \u00bb.<\/p>\n<p>&nbsp;<\/p>\n<p>Mais \u00e9tait-ce vraiment contradictoire ?<\/p>\n<p>L\u2019Union pour les europ\u00e9ens, c\u2019est l\u2019acceptation de son h\u00e9ritage avec ce qu\u2019il peut avoir de glorieux comme de criminel.<\/p>\n<p>&nbsp;<\/p>\n<p>C\u2019est ce qui fait la grandeur et la diff\u00e9rence de cette EUROPE con\u00e7ue dans les ann\u00e9es 50 : unir des peuples qui venaient \u00e0 peine de finir de se d\u00e9chirer.<\/p>\n<p>&nbsp;<\/p>\n<p>J\u2019ai eu personnellement l\u2019honneur en 1994 lors du 50\u00e8me\u00a0anniversaire du massacre d\u2019Ascq d\u2019emmener des veuves et enfants des massacr\u00e9s au Parlement europ\u00e9en de Strasbourg, de les y pr\u00e9senter et les faire applaudir en session pl\u00e9ni\u00e8re.<\/p>\n<p>&nbsp;<\/p>\n<p>De 1976 \u00e0 2005, j\u2019ai particip\u00e9 \u00e0 toutes les manifestations comm\u00e9moratives avec les moments forts des 35\u00e8me, 40\u00e8me, 45\u00e8me, 50\u00e8me\u00a0et 55\u00e8me\u00a0anniversaires.<\/p>\n<p>&nbsp;<\/p>\n<p>Ces moments resteront, eux aussi, \u00e0 jamais grav\u00e9s dans ma m\u00e9moire.<\/p>\n","protected":false},"excerpt":{"rendered":"<p>Le 1er\u00a0avril 1944 des soldats SS massacrent 86 Ascquois durant la nuit des Rameaux. Certains \u00e9taient des vieillards, d\u2019autres des adolescents. &nbsp; Les guerres ont certes vu de tous temps et en tous lieux se commettre des crimes et des actes de barbarie que le temps a effac\u00e9 et que l\u2019histoire a oubli\u00e9. &nbsp; A &hellip; <\/p>\n<p><a class=\"more-link btn\" href=\"http:\/\/www.gcaudron.com\/?page_id=5642\">Continue reading<\/a><\/p>\n","protected":false},"author":3,"featured_media":0,"parent":1021,"menu_order":5,"comment_status":"closed","ping_status":"closed","template":"","meta":{"footnotes":""},"class_list":["post-5642","page","type-page","status-publish","hentry","nodate","item-wrap"],"_links":{"self":[{"href":"http:\/\/www.gcaudron.com\/index.php?rest_route=\/wp\/v2\/pages\/5642","targetHints":{"allow":["GET"]}}],"collection":[{"href":"http:\/\/www.gcaudron.com\/index.php?rest_route=\/wp\/v2\/pages"}],"about":[{"href":"http:\/\/www.gcaudron.com\/index.php?rest_route=\/wp\/v2\/types\/page"}],"author":[{"embeddable":true,"href":"http:\/\/www.gcaudron.com\/index.php?rest_route=\/wp\/v2\/users\/3"}],"replies":[{"embeddable":true,"href":"http:\/\/www.gcaudron.com\/index.php?rest_route=%2Fwp%2Fv2%2Fcomments&post=5642"}],"version-history":[{"count":3,"href":"http:\/\/www.gcaudron.com\/index.php?rest_route=\/wp\/v2\/pages\/5642\/revisions"}],"predecessor-version":[{"id":5669,"href":"http:\/\/www.gcaudron.com\/index.php?rest_route=\/wp\/v2\/pages\/5642\/revisions\/5669"}],"up":[{"embeddable":true,"href":"http:\/\/www.gcaudron.com\/index.php?rest_route=\/wp\/v2\/pages\/1021"}],"wp:attachment":[{"href":"http:\/\/www.gcaudron.com\/index.php?rest_route=%2Fwp%2Fv2%2Fmedia&parent=5642"}],"curies":[{"name":"wp","href":"https:\/\/api.w.org\/{rel}","templated":true}]}}