{"id":5639,"date":"2017-10-31T00:05:43","date_gmt":"2017-10-30T23:05:43","guid":{"rendered":"http:\/\/www.gcaudron.com\/?page_id=5639"},"modified":"2017-10-31T00:31:54","modified_gmt":"2017-10-30T23:31:54","slug":"antisemitisme","status":"publish","type":"page","link":"http:\/\/www.gcaudron.com\/?page_id=5639","title":{"rendered":"ANTIS\u00c9MITISME"},"content":{"rendered":"<p>L\u2019Antis\u00e9mitisme n\u2019est pas, loin de l\u00e0, la seule forme de racisme mais c\u2019est celle qui, au 20\u00e8me\u00a0si\u00e8cle, aura fait le plus de victimes.<\/p>\n<p>&nbsp;<\/p>\n<p>C\u2019est surtout celle qu\u2019exacerbent les mouvements d\u2019extr\u00eame droite d\u00e8s qu\u2019ils veulent faire parler d\u2019eux\u2026 c\u2019est d\u2019ailleurs leur fond commun.<\/p>\n<p>&nbsp;<\/p>\n<p>Jean Marie Le Pen en avait fait son fond de commerce, mais il n\u2019est pas le seul\u2026 et certaines prises de positions dans le douloureux conflit du Moyen Orient n\u2019en sont pas d\u00e9pourvues quand il s\u2019agit de condamner l\u2019\u00c9tat d\u2019Isra\u00ebl, voire de militer pour sa disparition\u2026<\/p>\n<p>&nbsp;<\/p>\n<p>La d\u00e9fense des droits l\u00e9gitimes des Palestiniens m\u00e9rite mieux qu\u2019un antis\u00e9mitisme plus ou moins bien camoufl\u00e9.<\/p>\n<p>&nbsp;<\/p>\n<p>Si tous les adversaires du racisme ne sont pas d\u00e9nu\u00e9s de touches antis\u00e9mites, tous les racistes sont des antis\u00e9mites.<\/p>\n","protected":false},"excerpt":{"rendered":"<p>L\u2019Antis\u00e9mitisme n\u2019est pas, loin de l\u00e0, la seule forme de racisme mais c\u2019est celle qui, au 20\u00e8me\u00a0si\u00e8cle, aura fait le plus de victimes. &nbsp; C\u2019est surtout celle qu\u2019exacerbent les mouvements d\u2019extr\u00eame droite d\u00e8s qu\u2019ils veulent faire parler d\u2019eux\u2026 c\u2019est d\u2019ailleurs leur fond commun. &nbsp; Jean Marie Le Pen en avait fait son fond de commerce, &hellip; <\/p>\n<p><a class=\"more-link btn\" href=\"http:\/\/www.gcaudron.com\/?page_id=5639\">Continue reading<\/a><\/p>\n","protected":false},"author":3,"featured_media":0,"parent":1021,"menu_order":4,"comment_status":"closed","ping_status":"closed","template":"","meta":{"footnotes":""},"class_list":["post-5639","page","type-page","status-publish","hentry","nodate","item-wrap"],"_links":{"self":[{"href":"http:\/\/www.gcaudron.com\/index.php?rest_route=\/wp\/v2\/pages\/5639","targetHints":{"allow":["GET"]}}],"collection":[{"href":"http:\/\/www.gcaudron.com\/index.php?rest_route=\/wp\/v2\/pages"}],"about":[{"href":"http:\/\/www.gcaudron.com\/index.php?rest_route=\/wp\/v2\/types\/page"}],"author":[{"embeddable":true,"href":"http:\/\/www.gcaudron.com\/index.php?rest_route=\/wp\/v2\/users\/3"}],"replies":[{"embeddable":true,"href":"http:\/\/www.gcaudron.com\/index.php?rest_route=%2Fwp%2Fv2%2Fcomments&post=5639"}],"version-history":[{"count":3,"href":"http:\/\/www.gcaudron.com\/index.php?rest_route=\/wp\/v2\/pages\/5639\/revisions"}],"predecessor-version":[{"id":5668,"href":"http:\/\/www.gcaudron.com\/index.php?rest_route=\/wp\/v2\/pages\/5639\/revisions\/5668"}],"up":[{"embeddable":true,"href":"http:\/\/www.gcaudron.com\/index.php?rest_route=\/wp\/v2\/pages\/1021"}],"wp:attachment":[{"href":"http:\/\/www.gcaudron.com\/index.php?rest_route=%2Fwp%2Fv2%2Fmedia&parent=5639"}],"curies":[{"name":"wp","href":"https:\/\/api.w.org\/{rel}","templated":true}]}}